403
CDUS44 KMRX 242210
CLITYS


CLIMATE REPORT
NATIONAL WEATHER SERVICE MORRISTOWN TN
509 PM EST TUE JAN 24 2017


...................................

...THE KNOXVILLE    ASOS CLIMATE SUMMARY FOR JANUARY 24 2017...
VALID TODAY AS OF 0500 PM LOCAL TIME.

CLIMATE NORMAL PERIOD 1981 TO 2010
CLIMATE RECORD PERIOD 1871 TO 2017


WEATHER ITEM   OBSERVED TIME   RECORD YEAR NORMAL DEPARTURE LAST
                VALUE   (LST)  VALUE       VALUE  FROM      YEAR
                                                  NORMAL
..................................................................
TEMPERATURE (F)
 TODAY
  MAXIMUM         53    331 PM  74    1950  48      5       41
  MINIMUM         42    908 AM  -6    1963  29     13       16
  AVERAGE         48                        38     10       29

PRECIPITATION (IN)
  TODAY            0.00          2.39 2010   0.14  -0.14      T
  MONTH TO DATE    2.97                      3.35  -0.38     2.05
  SINCE DEC 1      9.93                      7.85   2.08     9.89
  SINCE JAN 1      2.97                      3.35  -0.38     2.05

SNOWFALL (IN)
  TODAY            0.0                       0.1   -0.1       T
  MONTH TO DATE    2.3                       2.1    0.2      2.6
  SINCE DEC 1      2.3                       2.9   -0.6      2.6
  SINCE JUL 1      2.3                       2.9   -0.6      2.6
  SNOW DEPTH       0

DEGREE DAYS
 HEATING
  TODAY           17                        27    -10       36
  MONTH TO DATE  393                       648   -255      738
  SINCE DEC 1   1074                      1400   -326     1121
  SINCE JUL 1   1478                      2081   -603     1631

 COOLING
  TODAY            0                         0      0        0
  MONTH TO DATE    0                         0      0        0
  SINCE DEC 1      0                         0      0        5
  SINCE JAN 1      0                         0      0        0
..................................................................


WIND (MPH)
  HIGHEST WIND SPEED    15   HIGHEST WIND DIRECTION     W (260)
  HIGHEST GUST SPEED    19   HIGHEST GUST DIRECTION     W (270)
  AVERAGE WIND SPEED     8.1


SKY COVER
  POSSIBLE SUNSHINE  MM
  AVERAGE SKY COVER 0.8


WEATHER CONDITIONS
 THE FOLLOWING WEATHER WAS RECORDED TODAY.
  NO SIGNIFICANT WEATHER WAS OBSERVED.


RELATIVE HUMIDITY (PERCENT)
 HIGHEST    83          1200 AM
 LOWEST     59           300 PM
 AVERAGE    71

..........................................................


THE KNOXVILLE    ASOS CLIMATE NORMALS FOR TOMORROW
                         NORMAL    RECORD    YEAR
 MAXIMUM TEMPERATURE (F)   48        77      1950
 MINIMUM TEMPERATURE (F)   29         2      1948
                                             1905


SUNRISE AND SUNSET
JANUARY 24 2017.......SUNRISE   741 AM EST   SUNSET   555 PM EST
JANUARY 25 2017.......SUNRISE   741 AM EST   SUNSET   556 PM EST


-  INDICATES NEGATIVE NUMBERS.
R  INDICATES RECORD WAS SET OR TIED.
MM INDICATES DATA IS MISSING.
T  INDICATES TRACE AMOUNT.




$$
