000
CDUS44 KMRX 240826
CLITYS


CLIMATE REPORT
NATIONAL WEATHER SERVICE MORRISTOWN TN
426 AM EDT MON APR 24 2017


...................................

...THE KNOXVILLE    ASOS CLIMATE SUMMARY FOR APRIL 23 2017...

CLIMATE NORMAL PERIOD 1981 TO 2010
CLIMATE RECORD PERIOD 1871 TO 2017


WEATHER ITEM   OBSERVED TIME   RECORD YEAR NORMAL DEPARTURE LAST
                VALUE   (LST)  VALUE       VALUE  FROM      YEAR
                                                  NORMAL
..................................................................
TEMPERATURE (F)
 YESTERDAY
  MAXIMUM         60        MM  89    1965  72    -12       72
  MINIMUM         53        MM  26    1986  50      3       50
  AVERAGE         57                        61     -4       61

PRECIPITATION (IN)
  YESTERDAY        1.97R         1.63 1977   0.14   1.83     0.00
  MONTH TO DATE    6.92                      3.04   3.88     1.78
  SINCE MAR 1     12.65                      7.38   5.27     4.72
  SINCE JAN 1     18.59                     15.96   2.63    14.60

SNOWFALL (IN)
  YESTERDAY        0.0                       0.0    0.0      0.0
  MONTH TO DATE    T                         0.5   -0.5      0.0
  SINCE MAR 1      T                         1.4   -1.4      0.0
  SINCE JUL 1      2.3                       6.5   -4.2      5.2
  SNOW DEPTH       0

DEGREE DAYS
 HEATING
  YESTERDAY        8                         5      3        4
  MONTH TO DATE   74                       187   -113      163
  SINCE MAR 1    473                       648   -175      469
  SINCE JUL 1   2532                      3544  -1012     2902

 COOLING
  YESTERDAY        0                         1     -1        0
  MONTH TO DATE   59                        21     38       22
  SINCE MAR 1     62                        26     36       37
  SINCE JAN 1     62                        26     36       37
..................................................................


WIND (MPH)
  HIGHEST WIND SPEED    17   HIGHEST WIND DIRECTION    NE (30)
  HIGHEST GUST SPEED    MM   HIGHEST GUST DIRECTION    MM
  AVERAGE WIND SPEED    10.0


SKY COVER
  POSSIBLE SUNSHINE  MM
  AVERAGE SKY COVER 1.0


WEATHER CONDITIONS
 THE FOLLOWING WEATHER WAS RECORDED YESTERDAY.
  HEAVY RAIN
  RAIN
  LIGHT RAIN
  FOG


RELATIVE HUMIDITY (PERCENT)
 HIGHEST   100          1100 AM
 LOWEST     90          1200 PM
 AVERAGE    95

..........................................................


THE KNOXVILLE    ASOS CLIMATE NORMALS FOR TODAY
                         NORMAL    RECORD    YEAR
 MAXIMUM TEMPERATURE (F)   73        93      1925
 MINIMUM TEMPERATURE (F)   50        28      1986


SUNRISE AND SUNSET
APRIL 24 2017.........SUNRISE   651 AM EDT   SUNSET   817 PM EDT
APRIL 25 2017.........SUNRISE   650 AM EDT   SUNSET   818 PM EDT


-  INDICATES NEGATIVE NUMBERS.
R  INDICATES RECORD WAS SET OR TIED.
MM INDICATES DATA IS MISSING.
T  INDICATES TRACE AMOUNT.




$$
