000
CDUS44 KMRX 131213
CLITYS

CLIMATE REPORT NATIONAL WEATHER SERVICE MORRISTOWN TN
813 AM EDT SUN JUL 13 2014

...................................

...THE KNOXVILLE CLIMATE SUMMARY FOR JULY 12 2014...

CLIMATE NORMAL PERIOD 1981 TO 2010
CLIMATE RECORD PERIOD 1871 TO 2014


WEATHER ITEM   OBSERVED TIME   RECORD YEAR NORMAL DEPARTURE LAST
                VALUE   (LST)  VALUE       VALUE  FROM      YEAR
                                                  NORMAL
..................................................................
TEMPERATURE (F)
 YESTERDAY
  MAXIMUM         91    437 PM 104    1930  88      3       84
  MINIMUM         68    544 AM  44    1946  69     -1       68
  AVERAGE         80                        78      2       76

PRECIPITATION (IN)
  YESTERDAY        T             2.53 2010   0.16  -0.16     0.00
  MONTH TO DATE    0.30                      1.99  -1.69     5.28
  SINCE JUN 1      4.85                      5.80  -0.95    14.66
  SINCE JAN 1     20.88                     27.24  -6.36    46.08

SNOWFALL (IN)
  YESTERDAY        0.0                       0.0    0.0      0.0
  MONTH TO DATE    0.0                       0.0    0.0      0.0
  SINCE JUN 1      0.0                       0.0    0.0      0.0
  SINCE JUL 1      0.0                       0.0    0.0      0.0
  SNOW DEPTH       0

DEGREE DAYS
 HEATING
  YESTERDAY        0                         0      0        0
  MONTH TO DATE    0                         0      0        0
  SINCE JUN 1      0                         4     -4        0
  SINCE JUL 1      0                         0      0        0

 COOLING
  YESTERDAY       15                        14      1       11
  MONTH TO DATE  143                       158    -15      123
  SINCE JUN 1    473                       463     10      443
  SINCE JAN 1    678                       625     53      599
..................................................................


WIND (MPH)
  HIGHEST WIND SPEED    15   HIGHEST WIND DIRECTION    SE (150)
  HIGHEST GUST SPEED    17   HIGHEST GUST DIRECTION     S (160)
  AVERAGE WIND SPEED     4.1


SKY COVER
  POSSIBLE SUNSHINE  MM
  AVERAGE SKY COVER  MM


WEATHER CONDITIONS
 THE FOLLOWING WEATHER WAS RECORDED YESTERDAY.
  THUNDERSTORM
  LIGHT RAIN


RELATIVE HUMIDITY (PERCENT)
 HIGHEST    90           500 AM
 LOWEST     44           400 PM
 AVERAGE    67

..........................................................


THE KNOXVILLE    ASOS CLIMATE NORMALS FOR TODAY
                         NORMAL    RECORD    YEAR
 MAXIMUM TEMPERATURE (F)   88       100      1936
 MINIMUM TEMPERATURE (F)   69        55      1918


SUNRISE AND SUNSET
JULY 13 2014..........SUNRISE   630 AM EDT   SUNSET   853 PM EDT
JULY 14 2014..........SUNRISE   631 AM EDT   SUNSET   853 PM EDT


-  INDICATES NEGATIVE NUMBERS.
R  INDICATES RECORD WAS SET OR TIED.
MM INDICATES DATA IS MISSING.
T  INDICATES TRACE AMOUNT.

&&

THE LOW TEMPERATURE THIS MORNING WAS 70.
THERE HAS BEEN NO PRECIPITATION SINCE MIDNIGHT.


$$
