000
CDUS44 KMRX 192139 RRA
CLITYS

CLIMATE REPORT
NATIONAL WEATHER SERVICE MORRISTOWN TN
536 PM EDT TUE AUG 19 2014


...THE KNOXVILLE CLIMATE SUMMARY FOR AUGUST 19 2014...
VALID TODAY AS OF 500 PM LOCAL TIME.

CLIMATE NORMAL PERIOD 1981 TO 2010
CLIMATE RECORD PERIOD 1871 TO 2014


WEATHER ITEM   OBSERVED TIME   RECORD YEAR NORMAL DEPARTURE LAST
                VALUE   (LST)  VALUE       VALUE  FROM      YEAR
                                                  NORMAL
..................................................................
TEMPERATURE (F)
 TODAY
  MAXIMUM         83    219 PM  98    1995  88     -5       81
                                      1936
  MINIMUM         68    147 AM  57    1943  68      0       68
                                      1875
  AVERAGE         76                        78     -2       75

PRECIPITATION (IN)
  TODAY            T             0.91 2009   0.11  -0.11     0.06
  MONTH TO DATE    3.18                      2.17   1.01     2.64
  SINCE JUN 1     12.40                     11.06   1.34    19.39
  SINCE JAN 1     28.43                     32.50  -4.07    50.81

SNOWFALL (IN)
  TODAY            0.0                       0.0    0.0      0.0
  MONTH TO DATE    0.0                       0.0    0.0      0.0
  SINCE JUN 1      0.0                       0.0    0.0      0.0
  SINCE JUL 1      0.0                       0.0    0.0      0.0
  SNOW DEPTH       0

DEGREE DAYS
 HEATING
  TODAY            0                         0      0        0
  MONTH TO DATE    0                         0      0        0
  SINCE JUN 1      0                         4     -4        0
  SINCE JUL 1      0                         0      0        0

 COOLING
  TODAY           11                        13     -2       10
  MONTH TO DATE  191                       247    -56      213
  SINCE JUN 1    838                       969   -131      883
  SINCE JAN 1   1043                      1131    -88     1039
..................................................................


WIND (MPH)
  HIGHEST WIND SPEED    14   HIGHEST WIND DIRECTION     W (260)
  HIGHEST GUST SPEED    16   HIGHEST GUST DIRECTION     W (260)
  AVERAGE WIND SPEED     5.4


SKY COVER
  POSSIBLE SUNSHINE  MM
  AVERAGE SKY COVER  MM


WEATHER CONDITIONS
 THE FOLLOWING WEATHER WAS RECORDED TODAY.
  LIGHT RAIN
  FOG


RELATIVE HUMIDITY (PERCENT)
 HIGHEST   100           400 AM
 LOWEST     65           200 PM
 AVERAGE    83

..........................................................


THE KNOXVILLE CLIMATE NORMALS FOR TOMORROW
                         NORMAL    RECORD    YEAR
 MAXIMUM TEMPERATURE (F)   88        99      1936
 MINIMUM TEMPERATURE (F)   68        56      1943


SUNRISE AND SUNSET
AUGUST 19 2014........SUNRISE   658 AM EDT   SUNSET   821 PM EDT
AUGUST 20 2014........SUNRISE   659 AM EDT   SUNSET   819 PM EDT


-  INDICATES NEGATIVE NUMBERS.
R  INDICATES RECORD WAS SET OR TIED.
MM INDICATES DATA IS MISSING.
T  INDICATES TRACE AMOUNT.




$$
