000
CDUS44 KMRX 200917
CLITYS


CLIMATE REPORT
NATIONAL WEATHER SERVICE MORRISTOWN TN
417 AM EST MON FEB 20 2017


...................................

...THE KNOXVILLE    ASOS CLIMATE SUMMARY FOR FEBRUARY 19 2017...

CLIMATE NORMAL PERIOD 1981 TO 2010
CLIMATE RECORD PERIOD 1871 TO 2017


WEATHER ITEM   OBSERVED TIME   RECORD YEAR NORMAL DEPARTURE LAST
                VALUE   (LST)  VALUE       VALUE  FROM      YEAR
                                                  NORMAL
..................................................................
TEMPERATURE (F)
 YESTERDAY
  MAXIMUM         65    517 PM  78    1939  54     11       66
  MINIMUM         46   1159 PM   3    1958  33     13       30
  AVERAGE         56                        43     13       48

PRECIPITATION (IN)
  YESTERDAY        0.00          1.55 1924   0.15  -0.15     0.00
  MONTH TO DATE    1.73                      2.89  -1.16     5.01
  SINCE DEC 1     12.06                     11.71   0.35    15.61
  SINCE JAN 1      5.10                      7.21  -2.11     7.77

SNOWFALL (IN)
  YESTERDAY        0.0                       0.0    0.0      0.0
  MONTH TO DATE    T                         1.2   -1.2      2.5
  SINCE DEC 1      2.3                       4.7   -2.4      5.1
  SINCE JUL 1      2.3                       4.7   -2.4      5.1
  SNOW DEPTH       0

DEGREE DAYS
 HEATING
  YESTERDAY        9                        22    -13       17
  MONTH TO DATE  332                       452   -120      498
  SINCE DEC 1   1557                      2033   -476     1774
  SINCE JUL 1   1961                      2714   -753     2284

 COOLING
  YESTERDAY        0                         0      0        0
  MONTH TO DATE    0                         0      0        0
  SINCE DEC 1      0                         0      0        5
  SINCE JAN 1      0                         0      0        0
..................................................................


WIND (MPH)
  HIGHEST WIND SPEED    10   HIGHEST WIND DIRECTION    SW (230)
  HIGHEST GUST SPEED    14   HIGHEST GUST DIRECTION    SW (230)
  AVERAGE WIND SPEED     2.3


SKY COVER
  POSSIBLE SUNSHINE  MM
  AVERAGE SKY COVER 0.6


WEATHER CONDITIONS
 THE FOLLOWING WEATHER WAS RECORDED YESTERDAY.
  FOG
  HAZE


RELATIVE HUMIDITY (PERCENT)
 HIGHEST    93          1200 AM
 LOWEST     44           600 PM
 AVERAGE    69

..........................................................


THE KNOXVILLE    ASOS CLIMATE NORMALS FOR TODAY
                         NORMAL    RECORD    YEAR
 MAXIMUM TEMPERATURE (F)   54        75      1986
 MINIMUM TEMPERATURE (F)   34         3      2015


SUNRISE AND SUNSET
FEBRUARY 20 2017......SUNRISE   717 AM EST   SUNSET   623 PM EST
FEBRUARY 21 2017......SUNRISE   716 AM EST   SUNSET   624 PM EST


-  INDICATES NEGATIVE NUMBERS.
R  INDICATES RECORD WAS SET OR TIED.
MM INDICATES DATA IS MISSING.
T  INDICATES TRACE AMOUNT.




$$
