000
CDUS44 KMRX 182217
CLITYS

CLIMATE REPORT NATIONAL WEATHER SERVICE MORRISTOWN TN
516 PM EST THU DEC 18 2014

...................................

...THE KNOXVILLE  CLIMATE SUMMARY FOR DECEMBER 18 2014... VALID
TODAY AS OF 500 PM LOCAL TIME.

CLIMATE NORMAL PERIOD 1981 TO 2010
CLIMATE RECORD PERIOD 1871 TO 2014


WEATHER ITEM   OBSERVED TIME   RECORD YEAR NORMAL DEPARTURE LAST
                VALUE   (LST)  VALUE       VALUE  FROM      YEAR
                                                  NORMAL
..................................................................
TEMPERATURE (F)
 TODAY
  MAXIMUM         44    322 PM  73    1924  49     -5       47
  MINIMUM         31    432 AM   7    1875  31      0       27
  AVERAGE         38                        40     -2       37

PRECIPITATION (IN)
  TODAY            T             1.74 2009   0.14  -0.14     0.00
  MONTH TO DATE    1.79                      2.72  -0.93     4.76
  SINCE DEC 1      1.79                      2.72  -0.93     4.76
  SINCE JAN 1     39.22                     46.08  -6.86    65.88

SNOWFALL (IN)
  TODAY            0.0                       0.0    0.0      0.0
  MONTH TO DATE    0.0                       0.3   -0.3      0.0
  SINCE DEC 1      0.0                       0.3   -0.3      0.0
  SINCE JUL 1      T                         0.3   -0.3      0.8
  SNOW DEPTH       0

DEGREE DAYS
 HEATING
  TODAY           27                        25      2       28
  MONTH TO DATE  387                       415    -28      373
  SINCE DEC 1    387                       415    -28      373
  SINCE JUL 1   1213                      1096    117     1063

 COOLING
  TODAY            0                         0      0        0
  MONTH TO DATE    0                         0      0        4
  SINCE DEC 1      0                         0      0        4
  SINCE JAN 1   1486                      1526    -40     1449
..................................................................


WIND (MPH)
  HIGHEST WIND SPEED    10   HIGHEST WIND DIRECTION     N (20)
  HIGHEST GUST SPEED    13   HIGHEST GUST DIRECTION    NE (60)
  AVERAGE WIND SPEED     2.6


SKY COVER
  POSSIBLE SUNSHINE  MM
  AVERAGE SKY COVER  MM


WEATHER CONDITIONS
 THE FOLLOWING WEATHER WAS RECORDED TODAY.
  LIGHT RAIN


RELATIVE HUMIDITY (PERCENT)
 HIGHEST    96          1200 AM
 LOWEST     57           200 PM
 AVERAGE    77

..........................................................


THE KNOXVILLE    ASOS CLIMATE NORMALS FOR TOMORROW
                         NORMAL    RECORD    YEAR
 MAXIMUM TEMPERATURE (F)   49        69      1967
                                             1889
 MINIMUM TEMPERATURE (F)   31         5      1884


SUNRISE AND SUNSET
DECEMBER 18 2014......SUNRISE   741 AM EST   SUNSET   525 PM EST
DECEMBER 19 2014......SUNRISE   741 AM EST   SUNSET   525 PM EST


-  INDICATES NEGATIVE NUMBERS.
R  INDICATES RECORD WAS SET OR TIED.
MM INDICATES DATA IS MISSING.
T  INDICATES TRACE AMOUNT.




$$
