000
CDUS44 KMRX 172206
CLITYS


CLIMATE REPORT
NATIONAL WEATHER SERVICE MORRISTOWN TN
506 PM EST FRI NOV 17 2017


...................................

...THE KNOXVILLE    ASOS CLIMATE SUMMARY FOR NOVEMBER 17 2017...
VALID TODAY AS OF 0500 PM LOCAL TIME.

CLIMATE NORMAL PERIOD 1981 TO 2010
CLIMATE RECORD PERIOD 1871 TO 2017


WEATHER ITEM   OBSERVED TIME   RECORD YEAR NORMAL DEPARTURE LAST
                VALUE   (LST)  VALUE       VALUE  FROM      YEAR
                                                  NORMAL
..................................................................
TEMPERATURE (F)
 TODAY
  MAXIMUM         62    357 PM  78    1958  60      2       75
  MINIMUM         36    522 AM  17    1883  39     -3       38
  AVERAGE         49                        49      0       57

PRECIPITATION (IN)
  TODAY            0.00          2.20 1903   0.14  -0.14     0.00
  MONTH TO DATE    2.91                      2.07   0.84      T
  SINCE SEP 1     10.70                      7.82   2.88     1.60
  SINCE JAN 1     48.22                     41.42   6.80    32.42

SNOWFALL (IN)
  TODAY            0.0                       0.0    0.0      0.0
  MONTH TO DATE    0.0                       0.0    0.0      0.0
  SINCE SEP 1      T                         0.0    0.0      0.0
  SINCE JUL 1      T                         0.0    0.0      0.0
  SNOW DEPTH       0

DEGREE DAYS
 HEATING
  TODAY           16                        16      0        8
  MONTH TO DATE  184                       225    -41      154
  SINCE SEP 1    372                       444    -72      206
  SINCE JUL 1    372                       444    -72      206

 COOLING
  TODAY            0                         0      0        0
  MONTH TO DATE    6                         0      6       14
  SINCE SEP 1    270                       242     28      471
  SINCE JAN 1   1558                      1523     35     2121
..................................................................


WIND (MPH)
  HIGHEST WIND SPEED    10   HIGHEST WIND DIRECTION     N (10)
  HIGHEST GUST SPEED    15   HIGHEST GUST DIRECTION    NE (30)
  AVERAGE WIND SPEED     3.9


SKY COVER
  POSSIBLE SUNSHINE  MM
  AVERAGE SKY COVER 0.4


WEATHER CONDITIONS
 THE FOLLOWING WEATHER WAS RECORDED TODAY.
  NO SIGNIFICANT WEATHER WAS OBSERVED.


RELATIVE HUMIDITY (PERCENT)
 HIGHEST   100           500 AM
 LOWEST     46           400 PM
 AVERAGE    73

..........................................................


THE KNOXVILLE    ASOS CLIMATE NORMALS FOR TOMORROW
                         NORMAL    RECORD    YEAR
 MAXIMUM TEMPERATURE (F)   59        80      1985
 MINIMUM TEMPERATURE (F)   38        18      1891


SUNRISE AND SUNSET
NOVEMBER 17 2017......SUNRISE   714 AM EST   SUNSET   527 PM EST
NOVEMBER 18 2017......SUNRISE   715 AM EST   SUNSET   527 PM EST


-  INDICATES NEGATIVE NUMBERS.
R  INDICATES RECORD WAS SET OR TIED.
MM INDICATES DATA IS MISSING.
T  INDICATES TRACE AMOUNT.




$$
