134
CDUS44 KMRX 312200
CLITYS


CLIMATE REPORT
NATIONAL WEATHER SERVICE MORRISTOWN TN
600 PM EDT TUE MAY 31 2016


...................................

...THE KNOXVILLE    ASOS CLIMATE SUMMARY FOR MAY 31 2016...
VALID TODAY AS OF 0500 PM LOCAL TIME.

CLIMATE NORMAL PERIOD 1981 TO 2010
CLIMATE RECORD PERIOD 1871 TO 2016


WEATHER ITEM   OBSERVED TIME   RECORD YEAR NORMAL DEPARTURE LAST
                VALUE   (LST)  VALUE       VALUE  FROM      YEAR
                                                  NORMAL
..................................................................
TEMPERATURE (F)
 TODAY
  MAXIMUM         89    332 PM  96    2011  82      7       82
  MINIMUM         63    547 AM  38    1984  61      2       65
  AVERAGE         76                        71      5       74

PRECIPITATION (IN)
  TODAY            0.00          1.65 1887   0.14  -0.14     0.54
  MONTH TO DATE    4.06                      4.51  -0.45     1.76
  SINCE MAR 1      9.38                     12.86  -3.48    10.34
  SINCE JAN 1     19.26                     21.44  -2.18    17.48

SNOWFALL (IN)
  TODAY            0.0                       0.0    0.0      0.0
  MONTH TO DATE    0.0                       0.0    0.0      0.0
  SINCE MAR 1      0.0                       1.4   -1.4       T
  SINCE JUL 1      5.2                       6.5   -1.3      9.3
  SNOW DEPTH      MM

DEGREE DAYS
 HEATING
  TODAY            0                         0      0        0
  MONTH TO DATE   52                        59     -7       30
  SINCE MAR 1    522                       737   -215      580
  SINCE JUL 1   2955                      3633   -678     3845

 COOLING
  TODAY           11                         7      4        9
  MONTH TO DATE  138                       125     13      209
  SINCE MAR 1    211                       162     49      234
  SINCE JAN 1    211                       162     49      234
..................................................................


WIND (MPH)
  HIGHEST WIND SPEED     9   HIGHEST WIND DIRECTION    NE (30)
  HIGHEST GUST SPEED    12   HIGHEST GUST DIRECTION    NE (30)
  AVERAGE WIND SPEED     4.0


SKY COVER
  POSSIBLE SUNSHINE  MM
  AVERAGE SKY COVER 0.6


WEATHER CONDITIONS
 THE FOLLOWING WEATHER WAS RECORDED TODAY.
  NO SIGNIFICANT WEATHER WAS OBSERVED.


RELATIVE HUMIDITY (PERCENT)
 HIGHEST    93           100 AM
 LOWEST     36           300 PM
 AVERAGE    65

..........................................................


THE KNOXVILLE    ASOS CLIMATE NORMALS FOR TOMORROW
                         NORMAL    RECORD    YEAR
 MAXIMUM TEMPERATURE (F)   82        97      1951
 MINIMUM TEMPERATURE (F)   61        43      1894


SUNRISE AND SUNSET
MAY 31 2016...........SUNRISE   621 AM EDT   SUNSET   846 PM EDT
JUNE  1 2016..........SUNRISE   621 AM EDT   SUNSET   847 PM EDT


-  INDICATES NEGATIVE NUMBERS.
R  INDICATES RECORD WAS SET OR TIED.
MM INDICATES DATA IS MISSING.
T  INDICATES TRACE AMOUNT.




$$
