000
CDUS43 KLOT 270633
CLIUGN


CLIMATE REPORT
NATIONAL WEATHER SERVICE CHICAGO IL
133 AM CDT FRI MAY 27 2016


...................................

...THE WAUKEGAN   CLIMATE SUMMARY FOR MAY 26 2016...

CLIMATE NORMAL PERIOD 1981 TO 2010
CLIMATE RECORD PERIOD 2000 TO 2016


WEATHER ITEM   OBSERVED TIME   RECORD YEAR NORMAL DEPARTURE LAST
                VALUE   (LST)  VALUE       VALUE  FROM      YEAR
                                                  NORMAL
..................................................................
TEMPERATURE (F)
 YESTERDAY
  MAXIMUM         82    530 PM  83    2014  69     13       76
  MINIMUM         63    233 AM  36    2013  48     15       61
  AVERAGE         73

PRECIPITATION (IN)
  YESTERDAY        0.01          1.08 2009   0.12  -0.11     0.53
  MONTH TO DATE    3.52                      3.38   0.14     3.70
  SINCE MAR 1      9.83                      9.18   0.65     8.58
  SINCE JAN 1     11.34                     12.23  -0.89     9.12

DEGREE DAYS
 HEATING
  YESTERDAY        0                         8     -8        0
  MONTH TO DATE  299                       276     23      249
  SINCE MAR 1   1712                      1772    -60     1833
  SINCE JUL 1   6057                      6718   -661     7358

 COOLING
  YESTERDAY        8                         1      7        4
  MONTH TO DATE   19                        13      6       19
  SINCE MAR 1     19                        17      2       19
  SINCE JAN 1     19                        17      2       19
..................................................................


WIND (MPH)
  RESULTANT WIND SPEED   7   RESULTANT WIND DIRECTION  SW (210)
  HIGHEST WIND SPEED    18   HIGHEST WIND DIRECTION    SW (210)
  HIGHEST GUST SPEED    29   HIGHEST GUST DIRECTION     S (170)
  AVERAGE WIND SPEED     6.8


SKY COVER
  POSSIBLE SUNSHINE  MM
  AVERAGE SKY COVER 0.2


WEATHER CONDITIONS
 THE FOLLOWING WEATHER WAS RECORDED YESTERDAY.
  LIGHT RAIN
  FOG


RELATIVE HUMIDITY (PERCENT)
 HIGHEST   100
 LOWEST     51
 AVERAGE    76

..........................................................


THE WAUKEGAN   CLIMATE NORMALS FOR TODAY
                         NORMAL    RECORD    YEAR
 MAXIMUM TEMPERATURE (F)   69        86      2012
 MINIMUM TEMPERATURE (F)   48        41      2008


SUNRISE AND SUNSET
MAY 27 2016...........SUNRISE   520 AM CDT   SUNSET   818 PM CDT
MAY 28 2016...........SUNRISE   519 AM CDT   SUNSET   819 PM CDT


-  INDICATES NEGATIVE NUMBERS.
R  INDICATES RECORD WAS SET OR TIED.
MM INDICATES DATA IS MISSING.
T  INDICATES TRACE AMOUNT.




$$
