000
CDUS43 KLOT 280633
CLIUGN


CLIMATE REPORT
NATIONAL WEATHER SERVICE CHICAGO IL
132 AM CDT WED JUN 28 2017


...................................

...THE WAUKEGAN   CLIMATE SUMMARY FOR JUNE 27 2017...

CLIMATE NORMAL PERIOD 1981 TO 2010
CLIMATE RECORD PERIOD 2000 TO 2017


WEATHER ITEM   OBSERVED TIME   RECORD YEAR NORMAL DEPARTURE LAST
                VALUE   (LST)  VALUE       VALUE  FROM      YEAR
                                                  NORMAL
..................................................................
TEMPERATURE (F)
 YESTERDAY
  MAXIMUM         74    149 PM  93    2012  79     -5       88
  MINIMUM         50R   429 AM  52    2015  60    -10       63
  AVERAGE         62

PRECIPITATION (IN)
  YESTERDAY        0.00          0.21 2010   0.10  -0.10     0.00
  MONTH TO DATE    2.75                      3.60  -0.85     1.35
  SINCE JUN 1      2.75                      3.60  -0.85     1.35
  SINCE JAN 1     16.86                     16.46   0.40    13.29

DEGREE DAYS
 HEATING
  YESTERDAY        3                         1      2        0
  MONTH TO DATE   37                        83    -46       33
  SINCE JUN 1     37                        83    -46       33
  SINCE JUL 1   5838                      6834   -996     6090

 COOLING
  YESTERDAY        0                         6     -6       11
  MONTH TO DATE  127                        87     40      128
  SINCE JUN 1    127                        87     40      128
  SINCE JAN 1    148                       112     36      172
..................................................................


WIND (MPH)
  RESULTANT WIND SPEED   3   RESULTANT WIND DIRECTION  SE (150)
  HIGHEST WIND SPEED    15   HIGHEST WIND DIRECTION    SE (150)
  HIGHEST GUST SPEED    18   HIGHEST GUST DIRECTION    SE (140)
  AVERAGE WIND SPEED     6.2


SKY COVER
  POSSIBLE SUNSHINE  MM
  AVERAGE SKY COVER 0.2


WEATHER CONDITIONS
 THE FOLLOWING WEATHER WAS RECORDED YESTERDAY.
  NO SIGNIFICANT WEATHER WAS OBSERVED.


RELATIVE HUMIDITY (PERCENT)
 HIGHEST    89
 LOWEST     41
 AVERAGE    65

..........................................................


THE WAUKEGAN   CLIMATE NORMALS FOR TODAY
                         NORMAL    RECORD    YEAR
 MAXIMUM TEMPERATURE (F)   79        99      2012
 MINIMUM TEMPERATURE (F)   60        49      2015


SUNRISE AND SUNSET
JUNE 28 2017..........SUNRISE   517 AM CDT   SUNSET   833 PM CDT
JUNE 29 2017..........SUNRISE   517 AM CDT   SUNSET   833 PM CDT


-  INDICATES NEGATIVE NUMBERS.
R  INDICATES RECORD WAS SET OR TIED.
MM INDICATES DATA IS MISSING.
T  INDICATES TRACE AMOUNT.




$$
