000
CDUS43 KLOT 310643
CLIUGN


CLIMATE REPORT
NATIONAL WEATHER SERVICE CHICAGO IL
142 AM CDT FRI JUL 31 2015


...................................

...THE WAUKEGAN   CLIMATE SUMMARY FOR JULY 30 2015...

CLIMATE NORMAL PERIOD 1981 TO 2010
CLIMATE RECORD PERIOD 2000 TO 2015


WEATHER ITEM   OBSERVED TIME   RECORD YEAR NORMAL DEPARTURE LAST
                VALUE   (LST)  VALUE       VALUE  FROM      YEAR
                                                  NORMAL
..................................................................
TEMPERATURE (F)
 YESTERDAY
  MAXIMUM         85    403 PM  93    2002  80      5       71
  MINIMUM         64    423 AM  35    2011  62      2       56
  AVERAGE         75

PRECIPITATION (IN)
  YESTERDAY        0.00          0.43 2009   0.13  -0.13     0.00
  MONTH TO DATE    4.29                      3.75   0.54     1.15
  SINCE JUN 1      8.55                      7.63   0.92     8.40
  SINCE JAN 1     17.95                     20.49  -2.54    19.24

DEGREE DAYS
 HEATING
  YESTERDAY        0                         0      0        1
  MONTH TO DATE   45                         3     42       34
  SINCE JUN 1    148                        89     59      107
  SINCE JUL 1     45                         3     42       34

 COOLING
  YESTERDAY       10                         6      4        0
  MONTH TO DATE  146                       202    -56       95
  SINCE JUN 1    200                       307   -107      178
  SINCE JAN 1    225                       332   -107      201
..................................................................


WIND (MPH)
  RESULTANT WIND SPEED   1   RESULTANT WIND DIRECTION  SW (230)
  HIGHEST WIND SPEED    15   HIGHEST WIND DIRECTION     W (280)
  HIGHEST GUST SPEED    25   HIGHEST GUST DIRECTION    SW (230)
  AVERAGE WIND SPEED     5.5


SKY COVER
  POSSIBLE SUNSHINE  MM
  AVERAGE SKY COVER 0.0


WEATHER CONDITIONS
 THE FOLLOWING WEATHER WAS RECORDED YESTERDAY.
  NO SIGNIFICANT WEATHER WAS OBSERVED.


RELATIVE HUMIDITY (PERCENT)
 HIGHEST    78
 LOWEST     34
 AVERAGE    56

..........................................................


THE WAUKEGAN   CLIMATE NORMALS FOR TODAY
                         NORMAL    RECORD    YEAR
 MAXIMUM TEMPERATURE (F)   80        99      2006
 MINIMUM TEMPERATURE (F)   62        56      2009


SUNRISE AND SUNSET
JULY 31 2015..........SUNRISE   543 AM CDT   SUNSET   813 PM CDT
AUGUST  1 2015........SUNRISE   544 AM CDT   SUNSET   811 PM CDT


-  INDICATES NEGATIVE NUMBERS.
R  INDICATES RECORD WAS SET OR TIED.
MM INDICATES DATA IS MISSING.
T  INDICATES TRACE AMOUNT.




$$
