000
CDUS43 KLOT 170637
CLIUGN


CLIMATE REPORT
NATIONAL WEATHER SERVICE CHICAGO IL
136 AM CDT THU APR 17 2014


...................................

...THE WAUKEGAN   CLIMATE SUMMARY FOR APRIL 16 2014...

CLIMATE NORMAL PERIOD 1981 TO 2010
CLIMATE RECORD PERIOD 2000 TO 2014


WEATHER ITEM   OBSERVED TIME   RECORD YEAR NORMAL DEPARTURE LAST
                VALUE   (LST)  VALUE       VALUE  FROM      YEAR
                                                  NORMAL
..................................................................
TEMPERATURE (F)
 YESTERDAY
  MAXIMUM         45    346 PM  87    2002  56    -11       53
  MINIMUM         22R   134 AM  28    2009  37    -15       36
                                      2001
  AVERAGE         34

PRECIPITATION (IN)
  YESTERDAY        0.00          0.36 2011   0.12  -0.12      T
  MONTH TO DATE    1.48                      1.67  -0.19     2.73
  SINCE MAR 1      2.24                      3.99  -1.75     3.99
  SINCE JAN 1      4.26                      7.04  -2.78     6.15

DEGREE DAYS
 HEATING
  YESTERDAY       31                        19     12       20
  MONTH TO DATE  379                       348     31      381
  SINCE MAR 1   1518                      1272    246     1460
  SINCE JUL 1   7387                      6218   1169     6061

 COOLING
  YESTERDAY        0                         0      0        0
  MONTH TO DATE    0                         0      0        0
  SINCE MAR 1      0                         0      0        0
  SINCE JAN 1      0                         0      0        0
..................................................................


WIND (MPH)
  RESULTANT WIND SPEED  12   RESULTANT WIND DIRECTION  SE (140)
  HIGHEST WIND SPEED    26   HIGHEST WIND DIRECTION    SE (130)
  HIGHEST GUST SPEED    34   HIGHEST GUST DIRECTION    SE (140)
  AVERAGE WIND SPEED    13.2


SKY COVER
  POSSIBLE SUNSHINE  MM
  AVERAGE SKY COVER 0.1


WEATHER CONDITIONS
 THE FOLLOWING WEATHER WAS RECORDED YESTERDAY.
  NO SIGNIFICANT WEATHER WAS OBSERVED.


RELATIVE HUMIDITY (PERCENT)
 HIGHEST    96
 LOWEST     49
 AVERAGE    73

..........................................................


THE WAUKEGAN   CLIMATE NORMALS FOR TODAY
                         NORMAL    RECORD    YEAR
 MAXIMUM TEMPERATURE (F)   56        84      2002
 MINIMUM TEMPERATURE (F)   38        28      2009
                                             2001


SUNRISE AND SUNSET
APRIL 17 2014.........SUNRISE   607 AM CDT   SUNSET   735 PM CDT
APRIL 18 2014.........SUNRISE   606 AM CDT   SUNSET   737 PM CDT


-  INDICATES NEGATIVE NUMBERS.
R  INDICATES RECORD WAS SET OR TIED.
MM INDICATES DATA IS MISSING.
T  INDICATES TRACE AMOUNT.




$$
