000
CDUS43 KLOT 230637
CLIUGN


CLIMATE REPORT
NATIONAL WEATHER SERVICE CHICAGO IL
1237 AM CST MON JAN 23 2017


...................................

...THE WAUKEGAN   CLIMATE SUMMARY FOR JANUARY 22 2017...

CLIMATE NORMAL PERIOD 1981 TO 2010
CLIMATE RECORD PERIOD 2000 TO 2017


WEATHER ITEM   OBSERVED TIME   RECORD YEAR NORMAL DEPARTURE LAST
                VALUE   (LST)  VALUE       VALUE  FROM      YEAR
                                                  NORMAL
..................................................................
TEMPERATURE (F)
 YESTERDAY
  MAXIMUM         45    127 PM  54    2002  30     15       30
  MINIMUM         36   1159 PM  -5    2013  15     21       22
  AVERAGE         41

PRECIPITATION (IN)
  YESTERDAY        0.00          0.14 2006   0.04  -0.04     0.01
  MONTH TO DATE    2.18                      0.94   1.24     0.45
  SINCE DEC 1      3.08                      2.94   0.14     5.25
  SINCE JAN 1      2.18                      0.94   1.24     0.45

DEGREE DAYS
 HEATING
  YESTERDAY       24                        43    -19       39
  MONTH TO DATE  848                       919    -71      977
  SINCE DEC 1   2084                      2083      1     1819
  SINCE JUL 1   2971                      3468   -497     2977

 COOLING
  YESTERDAY        0                         0      0        0
  MONTH TO DATE    0                         0      0        0
  SINCE DEC 1      0                         0      0        0
  SINCE JAN 1      0                         0      0        0
..................................................................


WIND (MPH)
  RESULTANT WIND SPEED   2   RESULTANT WIND DIRECTION  NW (330)
  HIGHEST WIND SPEED    13   HIGHEST WIND DIRECTION     N (20)
  HIGHEST GUST SPEED    17   HIGHEST GUST DIRECTION     N (20)
  AVERAGE WIND SPEED     2.3


SKY COVER
  POSSIBLE SUNSHINE  MM
  AVERAGE SKY COVER 1.0


WEATHER CONDITIONS
 THE FOLLOWING WEATHER WAS RECORDED YESTERDAY.
  FOG
  FOG W/VISIBILITY <= 1/4 MILE
  HAZE


RELATIVE HUMIDITY (PERCENT)
 HIGHEST   100
 LOWEST     76
 AVERAGE    88

..........................................................


THE WAUKEGAN   CLIMATE NORMALS FOR TODAY
                         NORMAL    RECORD    YEAR
 MAXIMUM TEMPERATURE (F)   30        46      2002
 MINIMUM TEMPERATURE (F)   15        -6      2014


SUNRISE AND SUNSET
JANUARY 23 2017.......SUNRISE   713 AM CST   SUNSET   454 PM CST
JANUARY 24 2017.......SUNRISE   712 AM CST   SUNSET   455 PM CST


-  INDICATES NEGATIVE NUMBERS.
R  INDICATES RECORD WAS SET OR TIED.
MM INDICATES DATA IS MISSING.
T  INDICATES TRACE AMOUNT.




$$
