000
CDUS43 KLOT 290634
CLIUGN


CLIMATE REPORT
NATIONAL WEATHER SERVICE CHICAGO IL
133 AM CDT FRI MAY 29 2015


...................................

...THE WAUKEGAN   CLIMATE SUMMARY FOR MAY 28 2015...

CLIMATE NORMAL PERIOD 1981 TO 2010
CLIMATE RECORD PERIOD 2000 TO 2015


WEATHER ITEM   OBSERVED TIME   RECORD YEAR NORMAL DEPARTURE LAST
                VALUE   (LST)  VALUE       VALUE  FROM      YEAR
                                                  NORMAL
..................................................................
TEMPERATURE (F)
 YESTERDAY
  MAXIMUM         77    937 AM  92    2012  70      7       62
  MINIMUM         54    441 AM  -1    2008  48      6       49
  AVERAGE         66

PRECIPITATION (IN)
  YESTERDAY        0.00          0.61 2003   0.13  -0.13     0.07
  MONTH TO DATE    3.79                      3.63   0.16     5.04
  SINCE MAR 1      8.67                      9.43  -0.76     8.82
  SINCE JAN 1      9.21                     12.48  -3.27    10.84

DEGREE DAYS
 HEATING
  YESTERDAY        0                         7     -7        9
  MONTH TO DATE  250                       290    -40      287
  SINCE MAR 1   1834                      1786     48     2059
  SINCE JUL 1   7359                      6732    627     7928

 COOLING
  YESTERDAY        1                         1      0        0
  MONTH TO DATE   20                        15      5       23
  SINCE MAR 1     20                        19      1       23
  SINCE JAN 1     20                        19      1       23
..................................................................


WIND (MPH)
  RESULTANT WIND SPEED   4   RESULTANT WIND DIRECTION  SE (140)
  HIGHEST WIND SPEED    15   HIGHEST WIND DIRECTION    SE (130)
  HIGHEST GUST SPEED    20   HIGHEST GUST DIRECTION    SE (140)
  AVERAGE WIND SPEED     6.5


SKY COVER
  POSSIBLE SUNSHINE  MM
  AVERAGE SKY COVER 0.0


WEATHER CONDITIONS
 THE FOLLOWING WEATHER WAS RECORDED YESTERDAY.
  NO SIGNIFICANT WEATHER WAS OBSERVED.


RELATIVE HUMIDITY (PERCENT)
 HIGHEST    93
 LOWEST     54
 AVERAGE    74

..........................................................


THE WAUKEGAN   CLIMATE NORMALS FOR TODAY
                         NORMAL    RECORD    YEAR
 MAXIMUM TEMPERATURE (F)   70        86      2006
 MINIMUM TEMPERATURE (F)   49        39      2001


SUNRISE AND SUNSET
MAY 29 2015...........SUNRISE   519 AM CDT   SUNSET   819 PM CDT
MAY 30 2015...........SUNRISE   518 AM CDT   SUNSET   820 PM CDT


-  INDICATES NEGATIVE NUMBERS.
R  INDICATES RECORD WAS SET OR TIED.
MM INDICATES DATA IS MISSING.
T  INDICATES TRACE AMOUNT.




$$
