000
CDUS46 KSEW 230828
CLIUIL


CLIMATE REPORT
NATIONAL WEATHER SERVICE SEATTLE WA
1228 AM PST SUN NOV 23 2014


...................................

...THE QUILLAYUTE WA AIRPORT CLIMATE SUMMARY FOR NOVEMBER 22 2014...

CLIMATE NORMAL PERIOD 1981 TO 2010
CLIMATE RECORD PERIOD 1966 TO 2014


WEATHER ITEM   OBSERVED TIME   RECORD YEAR NORMAL DEPARTURE LAST
                VALUE   (LST)  VALUE       VALUE  FROM      YEAR
                                                  NORMAL
..................................................................
TEMPERATURE (F)
 YESTERDAY
  MAXIMUM         54    117 PM  56    1995  49      5       52
  MINIMUM         42    849 PM   9    1985  37      5       28
  AVERAGE         48                        43      5       40

PRECIPITATION (IN)
  YESTERDAY        0.25          1.84 1986   0.53  -0.28     0.00
  MONTH TO DATE    9.11                     11.32  -2.21     6.78
  SINCE OCT 1     26.47                     21.81   4.66     9.93
  SINCE JAN 1     86.87                     82.35   4.52    81.34

DEGREE DAYS
 HEATING
  YESTERDAY       17                        22     -5       25
  MONTH TO DATE  423                       442    -19      378
  SINCE SEP 1    822                      1163   -341      885
  SINCE JUL 1   1072                      1532   -460     1057

 COOLING
  YESTERDAY        0                         0      0        0
  MONTH TO DATE    0                         0      0        0
  SINCE SEP 1      7                         2      5       14
  SINCE JAN 1     25                        19      6       39
..................................................................


WIND (MPH)
  RESULTANT WIND SPEED   2   RESULTANT WIND DIRECTION   W (270)
  HIGHEST WIND SPEED    18   HIGHEST WIND DIRECTION    SW (240)
  HIGHEST GUST SPEED    23   HIGHEST GUST DIRECTION    SW (240)
  AVERAGE WIND SPEED     4.1


SKY COVER
  AVERAGE SKY COVER 0.7


WEATHER CONDITIONS
 THE FOLLOWING WEATHER WAS RECORDED YESTERDAY.
  HEAVY RAIN
  RAIN
  LIGHT RAIN
  FOG


RELATIVE HUMIDITY (PERCENT)
 HIGHEST   100           600 AM
 LOWEST     71           100 PM
 AVERAGE    86

..........................................................


THE QUILLAYUTE WA AIRPORT CLIMATE NORMALS FOR TODAY
                         NORMAL    RECORD    YEAR
 MAXIMUM TEMPERATURE (F)   49        60      2013
 MINIMUM TEMPERATURE (F)   37         5      1985


SUNRISE AND SUNSET
NOVEMBER 23 2014......SUNRISE   736 AM PST   SUNSET   433 PM PST
NOVEMBER 24 2014......SUNRISE   738 AM PST   SUNSET   432 PM PST


-  INDICATES NEGATIVE NUMBERS.
R  INDICATES RECORD WAS SET OR TIED.
MM INDICATES DATA IS MISSING.
T  INDICATES TRACE AMOUNT.




$$
