000
CDUS46 KSEW 060833
CLIUIL


CLIMATE REPORT
NATIONAL WEATHER SERVICE SEATTLE WA
132 AM PDT FRI MAY 6 2016


...................................

...THE QUILLAYUTE WA AIRPORT CLIMATE SUMMARY FOR MAY 5 2016...

CLIMATE NORMAL PERIOD 1981 TO 2010
CLIMATE RECORD PERIOD 1966 TO 2016


WEATHER ITEM   OBSERVED TIME   RECORD YEAR NORMAL DEPARTURE LAST
                VALUE   (LST)  VALUE       VALUE  FROM      YEAR
                                                  NORMAL
..................................................................
TEMPERATURE (F)
 YESTERDAY
  MAXIMUM         65    202 PM  88    2013  58      7       57
  MINIMUM         40    546 AM  33    1981  41     -1       38
                                      1978
  AVERAGE         53                        50      3       48

PRECIPITATION (IN)
  YESTERDAY        0.00          0.99 1997   0.19  -0.19     0.36
  MONTH TO DATE    0.07                      0.96  -0.89     0.42
  SINCE OCT 1     93.56                     83.60   9.96    85.90
  SINCE JAN 1     49.58                     44.60   4.98    41.15

DEGREE DAYS
 HEATING
  YESTERDAY       12                        16     -4       17
  MONTH TO DATE   49                        80    -31       78
  SINCE MAR 1    965                      1277   -312     1137
  SINCE JUL 1   4088                      5122  -1034     4047

 COOLING
  YESTERDAY        0                         0      0        0
  MONTH TO DATE    0                         0      0        0
  SINCE MAR 1      0                         0      0        0
  SINCE JAN 1      0                         0      0        0
..................................................................


WIND (MPH)
  RESULTANT WIND SPEED   3   RESULTANT WIND DIRECTION  NW (330)
  HIGHEST WIND SPEED    17   HIGHEST WIND DIRECTION    NW (330)
  HIGHEST GUST SPEED    25   HIGHEST GUST DIRECTION    NW (300)
  AVERAGE WIND SPEED     6.4


SKY COVER
  AVERAGE SKY COVER 0.3


WEATHER CONDITIONS
 THE FOLLOWING WEATHER WAS RECORDED YESTERDAY.
  FOG
  FOG W/VISIBILITY <= 1/4 MILE


RELATIVE HUMIDITY (PERCENT)
 HIGHEST    93           500 AM
 LOWEST     43           600 PM
 AVERAGE    68

..........................................................


THE QUILLAYUTE WA AIRPORT CLIMATE NORMALS FOR TODAY
                         NORMAL    RECORD    YEAR
 MAXIMUM TEMPERATURE (F)   58        86      1987
 MINIMUM TEMPERATURE (F)   41        31      2001


SUNRISE AND SUNSET
MAY  6 2016...........SUNRISE   551 AM PDT   SUNSET   839 PM PDT
MAY  7 2016...........SUNRISE   550 AM PDT   SUNSET   840 PM PDT


-  INDICATES NEGATIVE NUMBERS.
R  INDICATES RECORD WAS SET OR TIED.
MM INDICATES DATA IS MISSING.
T  INDICATES TRACE AMOUNT.




$$
