000
CDUS46 KSEW 170829
CLIUIL


CLIMATE REPORT
NATIONAL WEATHER SERVICE SEATTLE WA
129 AM PDT THU APR 17 2014


...................................

...THE QUILLAYUTE WA AIRPORT CLIMATE SUMMARY FOR APRIL 16 2014...

CLIMATE NORMAL PERIOD 1981 TO 2010
CLIMATE RECORD PERIOD 1966 TO 2014


WEATHER ITEM   OBSERVED TIME   RECORD YEAR NORMAL DEPARTURE LAST
                VALUE   (LST)  VALUE       VALUE  FROM      YEAR
                                                  NORMAL
..................................................................
TEMPERATURE (F)
 YESTERDAY
  MAXIMUM         52    421 PM  82    1999  55     -3       65
  MINIMUM         48    804 AM  29    1979  38     10       32
                                      1970
  AVERAGE         50                        47      3       49

PRECIPITATION (IN)
  YESTERDAY        1.14          1.78 1992   0.27   0.87     0.00
  MONTH TO DATE    3.96                      4.53  -0.57     6.89
  SINCE OCT 1     59.57                     79.32 -19.75    91.96
  SINCE JAN 1     42.34                     40.32   2.02    44.99

DEGREE DAYS
 HEATING
  YESTERDAY       15                        18     -3       16
  MONTH TO DATE  276                       306    -30      263
  SINCE MAR 1    862                       954    -92      846
  SINCE JUL 1   4056                      4799   -743     4539

 COOLING
  YESTERDAY        0                         0      0        0
  MONTH TO DATE    0                         0      0        0
  SINCE MAR 1      0                         0      0        0
  SINCE JAN 1      0                         0      0        0
..................................................................


WIND (MPH)
  RESULTANT WIND SPEED   5   RESULTANT WIND DIRECTION   S (190)
  HIGHEST WIND SPEED    13   HIGHEST WIND DIRECTION    SW (230)
  HIGHEST GUST SPEED    18   HIGHEST GUST DIRECTION    SW (210)
  AVERAGE WIND SPEED     6.0


SKY COVER
  AVERAGE SKY COVER 1.0


WEATHER CONDITIONS
 THE FOLLOWING WEATHER WAS RECORDED YESTERDAY.
  RAIN
  LIGHT RAIN
  FOG


RELATIVE HUMIDITY (PERCENT)
 HIGHEST   100           200 AM
 LOWEST     93          1200 AM
 AVERAGE    97

..........................................................


THE QUILLAYUTE WA AIRPORT CLIMATE NORMALS FOR TODAY
                         NORMAL    RECORD    YEAR
 MAXIMUM TEMPERATURE (F)   55        77      1983
 MINIMUM TEMPERATURE (F)   39        28      2000


SUNRISE AND SUNSET
APRIL 17 2014.........SUNRISE   625 AM PDT   SUNSET   811 PM PDT
APRIL 18 2014.........SUNRISE   623 AM PDT   SUNSET   813 PM PDT


-  INDICATES NEGATIVE NUMBERS.
R  INDICATES RECORD WAS SET OR TIED.
MM INDICATES DATA IS MISSING.
T  INDICATES TRACE AMOUNT.




$$
