146
CDUS46 KSEW 290831
CLIUIL


CLIMATE REPORT
NATIONAL WEATHER SERVICE SEATTLE WA
130 AM PDT WED MAR 29 2017


...................................

...THE QUILLAYUTE WA AIRPORT CLIMATE SUMMARY FOR MARCH 28 2017...

CLIMATE NORMAL PERIOD 1981 TO 2010
CLIMATE RECORD PERIOD 1966 TO 2017


WEATHER ITEM   OBSERVED TIME   RECORD YEAR NORMAL DEPARTURE LAST
                VALUE   (LST)  VALUE       VALUE  FROM      YEAR
                                                  NORMAL
..................................................................
TEMPERATURE (F)
 YESTERDAY
  MAXIMUM         49   1036 PM  68    1995  53     -4       60
  MINIMUM         45    100 AM  25    1979  38      7       35
  AVERAGE         47                        45      2       48

PRECIPITATION (IN)
  YESTERDAY        4.46R         2.24 2012   0.32   4.14     0.01
  MONTH TO DATE   21.70                      9.84  11.86    15.84
  SINCE OCT 1    101.68                     73.80  27.88    91.28
  SINCE JAN 1     41.75                     34.80   6.95    47.30

DEGREE DAYS
 HEATING
  YESTERDAY       18                        20     -2       17
  MONTH TO DATE  603                       588     15      487
  SINCE MAR 1    603                       588     15      487
  SINCE JUL 1   4425                      4433     -8     3610

 COOLING
  YESTERDAY        0                         0      0        0
  MONTH TO DATE    0                         0      0        0
  SINCE MAR 1      0                         0      0        0
  SINCE JAN 1      0                         0      0        0
..................................................................


WIND (MPH)
  RESULTANT WIND SPEED   9   RESULTANT WIND DIRECTION   S (180)
  HIGHEST WIND SPEED    21   HIGHEST WIND DIRECTION     S (190)
  HIGHEST GUST SPEED    38   HIGHEST GUST DIRECTION     S (170)
  AVERAGE WIND SPEED    10.3


SKY COVER
  AVERAGE SKY COVER 1.0


WEATHER CONDITIONS
 THE FOLLOWING WEATHER WAS RECORDED YESTERDAY.
  HEAVY RAIN
  RAIN
  LIGHT RAIN
  FOG


RELATIVE HUMIDITY (PERCENT)
 HIGHEST   100          1200 AM
 LOWEST     93           300 AM
 AVERAGE    97

..........................................................


THE QUILLAYUTE WA AIRPORT CLIMATE NORMALS FOR TODAY
                         NORMAL    RECORD    YEAR
 MAXIMUM TEMPERATURE (F)   53        67      1995
 MINIMUM TEMPERATURE (F)   38        24      1998


SUNRISE AND SUNSET
MARCH 29 2017.........SUNRISE   702 AM PDT   SUNSET   745 PM PDT
MARCH 30 2017.........SUNRISE   700 AM PDT   SUNSET   746 PM PDT


-  INDICATES NEGATIVE NUMBERS.
R  INDICATES RECORD WAS SET OR TIED.
MM INDICATES DATA IS MISSING.
T  INDICATES TRACE AMOUNT.




$$
