000
CDUS46 KSEW 180834
CLIUIL


CLIMATE REPORT
NATIONAL WEATHER SERVICE SEATTLE WA
1234 AM PST SUN FEB 18 2018


...................................

...THE QUILLAYUTE WA AIRPORT CLIMATE SUMMARY FOR FEBRUARY 17 2018...

CLIMATE NORMAL PERIOD 1981 TO 2010
CLIMATE RECORD PERIOD 1966 TO 2018


WEATHER ITEM   OBSERVED TIME   RECORD YEAR NORMAL DEPARTURE LAST
                VALUE   (LST)  VALUE       VALUE  FROM      YEAR
                                                  NORMAL
..................................................................
TEMPERATURE (F)
 YESTERDAY
  MAXIMUM         47    738 AM  65    2015  49     -2       52
  MINIMUM         37   1159 PM  23    1993  35      2       38
                                      1990
  AVERAGE         42                        42      0       45

PRECIPITATION (IN)
  YESTERDAY        1.06          1.76 1979   0.36   0.70     0.08
  MONTH TO DATE    6.26                      6.40  -0.14     9.25
  SINCE OCT 1     66.58                     60.01   6.57    77.46
  SINCE JAN 1     28.36                     21.01   7.35    17.53

DEGREE DAYS
 HEATING
  YESTERDAY       23                        23      0       20
  MONTH TO DATE  387                       391     -4      395
  SINCE DEC 1   1790                      1882    -92     2094
  SINCE JUL 1   3324                      3596   -272     3521

 COOLING
  YESTERDAY        0                         0      0        0
  MONTH TO DATE    0                         0      0        0
  SINCE DEC 1      0                         0      0        0
  SINCE JAN 1      0                         0      0        0
..................................................................


WIND (MPH)
  RESULTANT WIND SPEED  11   RESULTANT WIND DIRECTION  SW (230)
  HIGHEST WIND SPEED    30   HIGHEST WIND DIRECTION     W (250)
  HIGHEST GUST SPEED    42   HIGHEST GUST DIRECTION    SW (230)
  AVERAGE WIND SPEED    14.6


SKY COVER
  AVERAGE SKY COVER 1.0


WEATHER CONDITIONS
 THE FOLLOWING WEATHER WAS RECORDED YESTERDAY.
  RAIN
  LIGHT RAIN
  FOG


RELATIVE HUMIDITY (PERCENT)
 HIGHEST   100           500 AM
 LOWEST     76          1100 PM
 AVERAGE    88

..........................................................


THE QUILLAYUTE WA AIRPORT CLIMATE NORMALS FOR TODAY
                         NORMAL    RECORD    YEAR
 MAXIMUM TEMPERATURE (F)   49        60      2008
 MINIMUM TEMPERATURE (F)   35        20      1993
                                             1986


SUNRISE AND SUNSET
FEBRUARY 18 2018......SUNRISE   719 AM PST   SUNSET   546 PM PST
FEBRUARY 19 2018......SUNRISE   717 AM PST   SUNSET   547 PM PST


-  INDICATES NEGATIVE NUMBERS.
R  INDICATES RECORD WAS SET OR TIED.
MM INDICATES DATA IS MISSING.
T  INDICATES TRACE AMOUNT.




$$
