000
CDUS46 KSEW 190842
CLIUIL


CLIMATE REPORT
NATIONAL WEATHER SERVICE SEATTLE WA
1242 AM PST SUN FEB 19 2017


...................................

...THE QUILLAYUTE WA AIRPORT CLIMATE SUMMARY FOR FEBRUARY 18 2017...

CLIMATE NORMAL PERIOD 1981 TO 2010
CLIMATE RECORD PERIOD 1966 TO 2017


WEATHER ITEM   OBSERVED TIME   RECORD YEAR NORMAL DEPARTURE LAST
                VALUE   (LST)  VALUE       VALUE  FROM      YEAR
                                                  NORMAL
..................................................................
TEMPERATURE (F)
 YESTERDAY
  MAXIMUM         48    313 PM  60    2008  49     -1       48
  MINIMUM         37    550 AM  20    1993  35      2       44
                                      1986
  AVERAGE         43                        42      1       46

PRECIPITATION (IN)
  YESTERDAY        0.12          3.96 1968   0.36  -0.24     1.11
  MONTH TO DATE    9.37                      6.76   2.61    13.37
  SINCE OCT 1     77.58                     60.37  17.21    73.07
  SINCE JAN 1     17.65                     21.37  -3.72    29.09

DEGREE DAYS
 HEATING
  YESTERDAY       22                        23     -1       19
  MONTH TO DATE  417                       414      3      303
  SINCE DEC 1   2116                      1905    211     1612
  SINCE JUL 1   3543                      3619    -76     2923

 COOLING
  YESTERDAY        0                         0      0        0
  MONTH TO DATE    0                         0      0        0
  SINCE DEC 1      0                         0      0        0
  SINCE JAN 1      0                         0      0        0
..................................................................


WIND (MPH)
  RESULTANT WIND SPEED   2   RESULTANT WIND DIRECTION  SE (150)
  HIGHEST WIND SPEED    14   HIGHEST WIND DIRECTION    SW (240)
  HIGHEST GUST SPEED    18   HIGHEST GUST DIRECTION    SW (240)
  AVERAGE WIND SPEED     3.4


SKY COVER
  AVERAGE SKY COVER 0.8


WEATHER CONDITIONS
 THE FOLLOWING WEATHER WAS RECORDED YESTERDAY.
  HEAVY RAIN
  LIGHT RAIN
  FOG


RELATIVE HUMIDITY (PERCENT)
 HIGHEST   100          1200 AM
 LOWEST     76           300 PM
 AVERAGE    88

..........................................................


THE QUILLAYUTE WA AIRPORT CLIMATE NORMALS FOR TODAY
                         NORMAL    RECORD    YEAR
 MAXIMUM TEMPERATURE (F)   49        63      1978
 MINIMUM TEMPERATURE (F)   35        16      1986


SUNRISE AND SUNSET
FEBRUARY 19 2017......SUNRISE   717 AM PST   SUNSET   548 PM PST
FEBRUARY 20 2017......SUNRISE   715 AM PST   SUNSET   549 PM PST


-  INDICATES NEGATIVE NUMBERS.
R  INDICATES RECORD WAS SET OR TIED.
MM INDICATES DATA IS MISSING.
T  INDICATES TRACE AMOUNT.




$$
