000
CDUS46 KSEW 270829
CLIUIL


CLIMATE REPORT
NATIONAL WEATHER SERVICE SEATTLE WA
128 AM PDT SAT MAY 27 2017


...................................

...THE QUILLAYUTE WA AIRPORT CLIMATE SUMMARY FOR MAY 26 2017...

CLIMATE NORMAL PERIOD 1981 TO 2010
CLIMATE RECORD PERIOD 1966 TO 2017


WEATHER ITEM   OBSERVED TIME   RECORD YEAR NORMAL DEPARTURE LAST
                VALUE   (LST)  VALUE       VALUE  FROM      YEAR
                                                  NORMAL
..................................................................
TEMPERATURE (F)
 YESTERDAY
  MAXIMUM         70    446 PM  86    2005  61      9       57
  MINIMUM         41    426 AM  34    1998  45     -4       48
  AVERAGE         56                        53      3       53

PRECIPITATION (IN)
  YESTERDAY        0.00          1.13 1988   0.15  -0.15     0.05
  MONTH TO DATE    4.77                      4.35   0.42     0.34
  SINCE OCT 1    122.15                     86.99  35.16    93.83
  SINCE JAN 1     62.22                     47.99  14.23    49.85

DEGREE DAYS
 HEATING
  YESTERDAY        9                        12     -3       12
  MONTH TO DATE  343                       366    -23      291
  SINCE MAR 1   1534                      1563    -29     1207
  SINCE JUL 1   5356                      5408    -52     4330

 COOLING
  YESTERDAY        0                         0      0        0
  MONTH TO DATE    0                         0      0        0
  SINCE MAR 1      0                         0      0        0
  SINCE JAN 1      0                         0      0        0
..................................................................


WIND (MPH)
  RESULTANT WIND SPEED   3   RESULTANT WIND DIRECTION  SW (240)
  HIGHEST WIND SPEED    13   HIGHEST WIND DIRECTION    SW (230)
  HIGHEST GUST SPEED    16   HIGHEST GUST DIRECTION    SW (240)
  AVERAGE WIND SPEED     3.8


SKY COVER
  AVERAGE SKY COVER 0.0


WEATHER CONDITIONS
 THE FOLLOWING WEATHER WAS RECORDED YESTERDAY.
  NO SIGNIFICANT WEATHER WAS OBSERVED.


RELATIVE HUMIDITY (PERCENT)
 HIGHEST   100           100 AM
 LOWEST     58          1000 AM
 AVERAGE    79

..........................................................


THE QUILLAYUTE WA AIRPORT CLIMATE NORMALS FOR TODAY
                         NORMAL    RECORD    YEAR
 MAXIMUM TEMPERATURE (F)   61        89      2005
                                             1972
 MINIMUM TEMPERATURE (F)   45        33      1982


SUNRISE AND SUNSET
MAY 27 2017...........SUNRISE   527 AM PDT   SUNSET   905 PM PDT
MAY 28 2017...........SUNRISE   526 AM PDT   SUNSET   906 PM PDT


-  INDICATES NEGATIVE NUMBERS.
R  INDICATES RECORD WAS SET OR TIED.
MM INDICATES DATA IS MISSING.
T  INDICATES TRACE AMOUNT.




$$
