000
CDUS46 KSEW 250829
CLIUIL


CLIMATE REPORT
NATIONAL WEATHER SERVICE SEATTLE WA
1228 AM PST TUE NOV 25 2014


...................................

...THE QUILLAYUTE WA AIRPORT CLIMATE SUMMARY FOR NOVEMBER 24 2014...

CLIMATE NORMAL PERIOD 1981 TO 2010
CLIMATE RECORD PERIOD 1966 TO 2014


WEATHER ITEM   OBSERVED TIME   RECORD YEAR NORMAL DEPARTURE LAST
                VALUE   (LST)  VALUE       VALUE  FROM      YEAR
                                                  NORMAL
..................................................................
TEMPERATURE (F)
 YESTERDAY
  MAXIMUM         54    759 PM  60    2013  49      5       60
  MINIMUM         41   1258 AM   9    1985  37      4       30
  AVERAGE         48                        43      5       45

PRECIPITATION (IN)
  YESTERDAY        0.75          3.47 2004   0.53   0.22     0.00
  MONTH TO DATE   10.46                     12.38  -1.92     6.78
  SINCE OCT 1     27.82                     22.87   4.95     9.93
  SINCE JAN 1     88.22                     83.41   4.81    81.34

DEGREE DAYS
 HEATING
  YESTERDAY       17                        22     -5       20
  MONTH TO DATE  457                       486    -29      416
  SINCE SEP 1    856                      1207   -351      923
  SINCE JUL 1   1106                      1576   -470     1095

 COOLING
  YESTERDAY        0                         0      0        0
  MONTH TO DATE    0                         0      0        0
  SINCE SEP 1      7                         2      5       14
  SINCE JAN 1     25                        19      6       39
..................................................................


WIND (MPH)
  RESULTANT WIND SPEED   5   RESULTANT WIND DIRECTION  SE (150)
  HIGHEST WIND SPEED    18   HIGHEST WIND DIRECTION     W (260)
  HIGHEST GUST SPEED    29   HIGHEST GUST DIRECTION     S (160)
  AVERAGE WIND SPEED     8.5


SKY COVER
  AVERAGE SKY COVER 0.9


WEATHER CONDITIONS
 THE FOLLOWING WEATHER WAS RECORDED YESTERDAY.
  RAIN
  LIGHT RAIN
  FOG


RELATIVE HUMIDITY (PERCENT)
 HIGHEST   100          1200 AM
 LOWEST     80          1000 AM
 AVERAGE    90

..........................................................


THE QUILLAYUTE WA AIRPORT CLIMATE NORMALS FOR TODAY
                         NORMAL    RECORD    YEAR
 MAXIMUM TEMPERATURE (F)   48        57      2013
 MINIMUM TEMPERATURE (F)   37        22      1993


SUNRISE AND SUNSET
NOVEMBER 25 2014......SUNRISE   739 AM PST   SUNSET   431 PM PST
NOVEMBER 26 2014......SUNRISE   740 AM PST   SUNSET   430 PM PST


-  INDICATES NEGATIVE NUMBERS.
R  INDICATES RECORD WAS SET OR TIED.
MM INDICATES DATA IS MISSING.
T  INDICATES TRACE AMOUNT.




$$
