895
CDUS46 KSEW 290832
CLIUIL


CLIMATE REPORT
NATIONAL WEATHER SERVICE SEATTLE WA
131 AM PDT FRI JUL 29 2016


...................................

...THE QUILLAYUTE WA AIRPORT CLIMATE SUMMARY FOR JULY 28 2016...

CLIMATE NORMAL PERIOD 1981 TO 2010
CLIMATE RECORD PERIOD 1966 TO 2016


WEATHER ITEM   OBSERVED TIME   RECORD YEAR NORMAL DEPARTURE LAST
                VALUE   (LST)  VALUE       VALUE  FROM      YEAR
                                                  NORMAL
..................................................................
TEMPERATURE (F)
 YESTERDAY
  MAXIMUM         75    425 PM  88    1974  69      6       74
  MINIMUM         55   1159 PM  39    2008  51      4       57
  AVERAGE         65                        60      5       66

PRECIPITATION (IN)
  YESTERDAY        0.00          1.30 2000   0.05  -0.05     0.00
  MONTH TO DATE    2.17                      1.82   0.35     0.97
  SINCE OCT 1    101.50                     93.07   8.43    87.32
  SINCE JAN 1     57.52                     54.07   3.45    42.57

DEGREE DAYS
 HEATING
  YESTERDAY        0                         5     -5        0
  MONTH TO DATE  133                       180    -47       71
  SINCE JUN 1    382                       474    -92      261
  SINCE JUL 1    133                       180    -47       71

 COOLING
  YESTERDAY        0                         0      0        1
  MONTH TO DATE    0                         0      0       10
  SINCE JUN 1     11                         3      8       23
  SINCE JAN 1     11                         4      7       23
..................................................................


WIND (MPH)
  RESULTANT WIND SPEED   2   RESULTANT WIND DIRECTION   W (280)
  HIGHEST WIND SPEED    13   HIGHEST WIND DIRECTION    SW (240)
  HIGHEST GUST SPEED    18   HIGHEST GUST DIRECTION     S (180)
  AVERAGE WIND SPEED     4.3


SKY COVER
  AVERAGE SKY COVER 0.4


WEATHER CONDITIONS
 THE FOLLOWING WEATHER WAS RECORDED YESTERDAY.
  FOG
  FOG W/VISIBILITY <= 1/4 MILE


RELATIVE HUMIDITY (PERCENT)
 HIGHEST   100          1200 AM
 LOWEST     61           500 PM
 AVERAGE    81

..........................................................


THE QUILLAYUTE WA AIRPORT CLIMATE NORMALS FOR TODAY
                         NORMAL    RECORD    YEAR
 MAXIMUM TEMPERATURE (F)   69        89      1974
 MINIMUM TEMPERATURE (F)   51        41      1997


SUNRISE AND SUNSET
JULY 29 2016..........SUNRISE   552 AM PDT   SUNSET   857 PM PDT
JULY 30 2016..........SUNRISE   553 AM PDT   SUNSET   856 PM PDT


-  INDICATES NEGATIVE NUMBERS.
R  INDICATES RECORD WAS SET OR TIED.
MM INDICATES DATA IS MISSING.
T  INDICATES TRACE AMOUNT.




$$
