000
CDUS46 KSEW 270836
CLIUIL


CLIMATE REPORT
NATIONAL WEATHER SERVICE SEATTLE WA
135 AM PDT THU JUL 27 2017


...................................

...THE QUILLAYUTE WA AIRPORT CLIMATE SUMMARY FOR JULY 26 2017...

CLIMATE NORMAL PERIOD 1981 TO 2010
CLIMATE RECORD PERIOD 1966 TO 2017


WEATHER ITEM   OBSERVED TIME   RECORD YEAR NORMAL DEPARTURE LAST
                VALUE   (LST)  VALUE       VALUE  FROM      YEAR
                                                  NORMAL
..................................................................
TEMPERATURE (F)
 YESTERDAY
  MAXIMUM         68   1255 PM  85    1998  68      0       64
  MINIMUM         56    913 PM  39    1985  51      5       56
  AVERAGE         62                        60      2       60

PRECIPITATION (IN)
  YESTERDAY        0.00          0.61 1970   0.06  -0.06     0.00
  MONTH TO DATE    0.24                      1.72  -1.48     2.17
  SINCE OCT 1    127.07                     92.97  34.10   101.50
  SINCE JAN 1     67.14                     53.97  13.17    57.52

DEGREE DAYS
 HEATING
  YESTERDAY        3                         6     -3        5
  MONTH TO DATE  162                       170     -8      132
  SINCE JUN 1    430                       464    -34      381
  SINCE JUL 1    162                       170     -8      132

 COOLING
  YESTERDAY        0                         0      0        0
  MONTH TO DATE    0                         0      0        0
  SINCE JUN 1     11                         3      8       11
  SINCE JAN 1     11                         4      7       11
..................................................................


WIND (MPH)
  RESULTANT WIND SPEED   3   RESULTANT WIND DIRECTION  NW (330)
  HIGHEST WIND SPEED    13   HIGHEST WIND DIRECTION     W (290)
  HIGHEST GUST SPEED    17   HIGHEST GUST DIRECTION    NW (300)
  AVERAGE WIND SPEED     5.0


SKY COVER
  AVERAGE SKY COVER 1.0


WEATHER CONDITIONS
 THE FOLLOWING WEATHER WAS RECORDED YESTERDAY.
  FOG


RELATIVE HUMIDITY (PERCENT)
 HIGHEST   100           400 AM
 LOWEST     68          1200 PM
 AVERAGE    84

..........................................................


THE QUILLAYUTE WA AIRPORT CLIMATE NORMALS FOR TODAY
                         NORMAL    RECORD    YEAR
 MAXIMUM TEMPERATURE (F)   69        88      2009
 MINIMUM TEMPERATURE (F)   51        43      1985


SUNRISE AND SUNSET
JULY 27 2017..........SUNRISE   549 AM PDT   SUNSET   900 PM PDT
JULY 28 2017..........SUNRISE   550 AM PDT   SUNSET   859 PM PDT


-  INDICATES NEGATIVE NUMBERS.
R  INDICATES RECORD WAS SET OR TIED.
MM INDICATES DATA IS MISSING.
T  INDICATES TRACE AMOUNT.




$$
