000
CDUS43 KLSX 250733
CLIUIN


CLIMATE REPORT
NATIONAL WEATHER SERVICE ST LOUIS MO
233 AM CDT THU AUG 25 2016


...................................

...THE QUINCY IL CLIMATE SUMMARY FOR AUGUST 24 2016...

CLIMATE NORMAL PERIOD 1981 TO 2010
CLIMATE RECORD PERIOD 1901 TO 2016


WEATHER ITEM   OBSERVED TIME   RECORD YEAR NORMAL DEPARTURE LAST
                VALUE   (LST)  VALUE       VALUE  FROM      YEAR
                                                  NORMAL
..................................................................
TEMPERATURE (F)
 YESTERDAY
  MAXIMUM         88    404 PM 109    1936  84      4       78
  MINIMUM         69   1134 PM  46    1942  64      5       51
  AVERAGE         79                        74      5

PRECIPITATION (IN)
  YESTERDAY        1.47R         1.13 2007   0.12   1.35     0.00
  MONTH TO DATE    4.02                      2.82   1.20     1.95
  SINCE JUN 1     11.74                     10.85   0.89    19.90
  SINCE JAN 1     20.42                     24.94  -4.52    28.58

DEGREE DAYS
 HEATING
  YESTERDAY        0                         0      0
  MONTH TO DATE    0                         0      0
  SINCE JUN 1      6                        16    -10
  SINCE JUL 1      6                         0      6

 COOLING
  YESTERDAY       14                         9      5
  MONTH TO DATE  262                       240     22
  SINCE JUN 1    993                       810    183
  SINCE JAN 1   1097                       896    201
..................................................................


WIND (MPH)
  HIGHEST WIND SPEED    33   HIGHEST WIND DIRECTION    NW (300)
  HIGHEST GUST SPEED    47   HIGHEST GUST DIRECTION    NW (300)
  AVERAGE WIND SPEED     9.5


SKY COVER
  AVERAGE SKY COVER 0.5



RELATIVE HUMIDITY (PERCENT)
 HIGHEST   100          1200 AM
 LOWEST     68           200 PM
 AVERAGE    84

..........................................................


THE QUINCY IL CLIMATE NORMALS FOR TODAY
                         NORMAL    RECORD    YEAR
 MAXIMUM TEMPERATURE (F)   84       105      1936
 MINIMUM TEMPERATURE (F)   63        46      1958


SUNRISE AND SUNSET
AUGUST 25 2016........SUNRISE   627 AM CDT   SUNSET   746 PM CDT
AUGUST 26 2016........SUNRISE   627 AM CDT   SUNSET   745 PM CDT


-  INDICATES NEGATIVE NUMBERS.
R  INDICATES RECORD WAS SET OR TIED.
MM INDICATES DATA IS MISSING.
T  INDICATES TRACE AMOUNT.




$$
