000
CDUS43 KLSX 100730
CLIUIN


CLIMATE REPORT
NATIONAL WEATHER SERVICE ST LOUIS MO
127 AM CST WED FEB 10 2016


...................................

...THE QUINCY IL CLIMATE SUMMARY FOR FEBRUARY 9 2016...

CLIMATE NORMAL PERIOD 1981 TO 2010
CLIMATE RECORD PERIOD 1901 TO 2016


WEATHER ITEM   OBSERVED TIME   RECORD YEAR NORMAL DEPARTURE LAST
                VALUE   (LST)  VALUE       VALUE  FROM      YEAR
                                                  NORMAL
..................................................................
TEMPERATURE (F)
 YESTERDAY
  MAXIMUM         20    439 PM  67    1943  37    -17       33
  MINIMUM         13   1159 PM -16    1979  21     -8       22
  AVERAGE         17                        29    -12

PRECIPITATION (IN)
  YESTERDAY        T             0.77 1966   0.06  -0.06      T
                                      1959
  MONTH TO DATE    0.12                      0.50  -0.38     0.50
  SINCE DEC 1      6.34                      4.27   2.07     2.94
  SINCE JAN 1      0.52                      2.02  -1.50     1.63

DEGREE DAYS
 HEATING
  YESTERDAY       48                        36     12
  MONTH TO DATE  283                       331    -48
  SINCE DEC 1   2192                      2617   -425
  SINCE JUL 1   3010                      3717   -707

 COOLING
  YESTERDAY        0                         0      0
  MONTH TO DATE    0                         0      0
  SINCE DEC 1      0                         0      0
  SINCE JAN 1      0                         0      0
..................................................................


WIND (MPH)
  HIGHEST WIND SPEED    28   HIGHEST WIND DIRECTION    NW (330)
  HIGHEST GUST SPEED    33   HIGHEST GUST DIRECTION    NW (320)
  AVERAGE WIND SPEED    19.1


SKY COVER
  AVERAGE SKY COVER 0.7



RELATIVE HUMIDITY (PERCENT)
 HIGHEST    80          1200 AM
 LOWEST     56           400 PM
 AVERAGE    68

..........................................................


THE QUINCY IL CLIMATE NORMALS FOR TODAY
                         NORMAL    RECORD    YEAR
 MAXIMUM TEMPERATURE (F)   37        74      1932
 MINIMUM TEMPERATURE (F)   21       -10      1982
                                             1936
                                             1905


SUNRISE AND SUNSET
FEBRUARY 10 2016......SUNRISE   704 AM CST   SUNSET   534 PM CST
FEBRUARY 11 2016......SUNRISE   703 AM CST   SUNSET   536 PM CST


-  INDICATES NEGATIVE NUMBERS.
R  INDICATES RECORD WAS SET OR TIED.
MM INDICATES DATA IS MISSING.
T  INDICATES TRACE AMOUNT.




$$
