000
CDUS43 KLSX 060745
CLIUIN


CLIMATE REPORT
NATIONAL WEATHER SERVICE ST LOUIS MO
145 AM CST FRI MAR 6 2015


...................................

...THE QUINCY IL CLIMATE SUMMARY FOR MARCH 5 2015...

CLIMATE NORMAL PERIOD 1981 TO 2010
CLIMATE RECORD PERIOD 1901 TO 2015


WEATHER ITEM   OBSERVED TIME   RECORD YEAR NORMAL DEPARTURE LAST
                VALUE   (LST)  VALUE       VALUE  FROM      YEAR
                                                  NORMAL
..................................................................
TEMPERATURE (F)
 YESTERDAY
  MAXIMUM         18    517 PM  79    1956  46    -28       37
  MINIMUM          7   1135 PM -13    1960  29    -22       24
  AVERAGE         13                        38    -25

PRECIPITATION (IN)
  YESTERDAY        0.00          1.30 1996   0.08  -0.08     0.00
  MONTH TO DATE    0.18                      0.40  -0.22     0.01
  SINCE MAR 1      0.18                      0.40  -0.22     0.01
  SINCE JAN 1      2.22                      3.80  -1.58     2.13

DEGREE DAYS
 HEATING
  YESTERDAY       52                        28     24
  MONTH TO DATE  207                       142     65
  SINCE MAR 1    207                       142     65
  SINCE JUL 1   4873                      4484    389

 COOLING
  YESTERDAY        0                         0      0
  MONTH TO DATE    0                         0      0
  SINCE MAR 1      0                         0      0
  SINCE JAN 1      0                         0      0
..................................................................


WIND (MPH)
  HIGHEST WIND SPEED    17   HIGHEST WIND DIRECTION    NE (40)
  HIGHEST GUST SPEED    19   HIGHEST GUST DIRECTION    NW (330)
  AVERAGE WIND SPEED     8.0


SKY COVER
  AVERAGE SKY COVER 0.1



RELATIVE HUMIDITY (PERCENT)
 HIGHEST    76           700 AM
 LOWEST     49           300 PM
 AVERAGE    63

..........................................................


THE QUINCY IL CLIMATE NORMALS FOR TODAY
                         NORMAL    RECORD    YEAR
 MAXIMUM TEMPERATURE (F)   47        81      1956
 MINIMUM TEMPERATURE (F)   29        -7      1960


SUNRISE AND SUNSET
MARCH  6 2015.........SUNRISE   631 AM CST   SUNSET   602 PM CST
MARCH  7 2015.........SUNRISE   629 AM CST   SUNSET   603 PM CST


-  INDICATES NEGATIVE NUMBERS.
R  INDICATES RECORD WAS SET OR TIED.
MM INDICATES DATA IS MISSING.
T  INDICATES TRACE AMOUNT.




$$
