000
CDUS43 KLSX 250732
CLIUIN


CLIMATE REPORT
NATIONAL WEATHER SERVICE ST LOUIS MO
230 AM CDT FRI APR 25 2014


...................................

...THE QUINCY IL CLIMATE SUMMARY FOR APRIL 24 2014...

CLIMATE NORMAL PERIOD 1981 TO 2010
CLIMATE RECORD PERIOD 1901 TO 2014


WEATHER ITEM   OBSERVED TIME   RECORD YEAR NORMAL DEPARTURE LAST
                VALUE   (LST)  VALUE       VALUE  FROM      YEAR
                                                  NORMAL
..................................................................
TEMPERATURE (F)
 YESTERDAY
  MAXIMUM         69    353 PM  89    1989  66      3       51
  MINIMUM         50    414 AM  22    1910  46      4       35
  AVERAGE         60                        56      4

PRECIPITATION (IN)
  YESTERDAY        0.38          1.50 1904   0.14   0.24     0.03
  MONTH TO DATE    2.30                      2.90  -0.60     6.16
  SINCE MAR 1      2.98                      5.36  -2.38     8.31
  SINCE JAN 1      5.10                      8.76  -3.66    13.78

DEGREE DAYS
 HEATING
  YESTERDAY        5                        10     -5
  MONTH TO DATE  311                       319     -8
  SINCE MAR 1   1189                      1037    152
  SINCE JUL 1   6083                      5379    704

 COOLING
  YESTERDAY        0                         1     -1
  MONTH TO DATE    4                        11     -7
  SINCE MAR 1      4                        13     -9
  SINCE JAN 1      4                        13     -9
..................................................................


WIND (MPH)
  HIGHEST WIND SPEED    24   HIGHEST WIND DIRECTION    NW (310)
  HIGHEST GUST SPEED    31   HIGHEST GUST DIRECTION     W (280)
  AVERAGE WIND SPEED    13.0


SKY COVER
  AVERAGE SKY COVER 0.6



RELATIVE HUMIDITY (PERCENT)
 HIGHEST    96          1100 PM
 LOWEST     39           900 AM
 AVERAGE    68

..........................................................


THE QUINCY IL CLIMATE NORMALS FOR TODAY
                         NORMAL    RECORD    YEAR
 MAXIMUM TEMPERATURE (F)   67        92      1986
 MINIMUM TEMPERATURE (F)   46        32      1934


SUNRISE AND SUNSET
APRIL 25 2014.........SUNRISE   613 AM CDT   SUNSET   753 PM CDT
APRIL 26 2014.........SUNRISE   611 AM CDT   SUNSET   754 PM CDT


-  INDICATES NEGATIVE NUMBERS.
R  INDICATES RECORD WAS SET OR TIED.
MM INDICATES DATA IS MISSING.
T  INDICATES TRACE AMOUNT.




$$
