000
CDUS43 KLSX 302225
CLIUIN


CLIMATE REPORT
NATIONAL WEATHER SERVICE ST LOUIS MO
525 PM CDT WED JUL 30 2014


...................................

...THE QUINCY IL CLIMATE SUMMARY FOR JULY 30 2014...
VALID TODAY AS OF 0500 PM LOCAL TIME.

CLIMATE NORMAL PERIOD 1981 TO 2010
CLIMATE RECORD PERIOD 1901 TO 2014


WEATHER ITEM   OBSERVED TIME   RECORD YEAR NORMAL DEPARTURE LAST
                VALUE   (LST)  VALUE       VALUE  FROM      YEAR
                                                  NORMAL
..................................................................
TEMPERATURE (F)
 TODAY
  MAXIMUM         80    323 PM 106    1931  86     -6       78
  MINIMUM         57    526 AM  48    1971  66     -9       65
  AVERAGE         69                        76     -7       72

PRECIPITATION (IN)
  TODAY            0.00          1.43 1958   0.13  -0.13     0.55
  MONTH TO DATE    2.89                      3.92  -1.03     1.07
  SINCE JUN 1     11.04                      7.91   3.13     2.85
  SINCE JAN 1     19.45                     22.00  -2.55    28.09

DEGREE DAYS
 HEATING
  TODAY            0                         0      0
  MONTH TO DATE    5                         0      5
  SINCE JUN 1      9                        16     -7
  SINCE JUL 1      5                         0      5

 COOLING
  TODAY            4                        11     -7
  MONTH TO DATE  193                       330   -137
  SINCE JUN 1    460                       557    -97
  SINCE JAN 1    603                       643    -40
..................................................................


WIND (MPH)
  HIGHEST WIND SPEED     9   HIGHEST WIND DIRECTION    NW (320)
  HIGHEST GUST SPEED    12   HIGHEST GUST DIRECTION    NW (310)
  AVERAGE WIND SPEED     4.3


SKY COVER
  AVERAGE SKY COVER 0.1



RELATIVE HUMIDITY (PERCENT)
 HIGHEST    93           300 AM
 LOWEST     42           100 PM
 AVERAGE    68

..........................................................


THE QUINCY IL CLIMATE NORMALS FOR TOMORROW
                         NORMAL    RECORD    YEAR
 MAXIMUM TEMPERATURE (F)   86       103      1988
 MINIMUM TEMPERATURE (F)   66        50      1971


SUNRISE AND SUNSET
JULY 30 2014..........SUNRISE   601 AM CDT   SUNSET   820 PM CDT
JULY 31 2014..........SUNRISE   602 AM CDT   SUNSET   819 PM CDT


-  INDICATES NEGATIVE NUMBERS.
R  INDICATES RECORD WAS SET OR TIED.
MM INDICATES DATA IS MISSING.
T  INDICATES TRACE AMOUNT.




$$
