000
CDUS43 KLSX 252250
CLIUIN


CLIMATE REPORT
NATIONAL WEATHER SERVICE ST LOUIS MO
534 PM CDT MON MAY 25 2015


...................................

...THE QUINCY IL CLIMATE SUMMARY FOR MAY 25 2015...
VALID TODAY AS OF 0500 PM LOCAL TIME.

CLIMATE NORMAL PERIOD 1981 TO 2010
CLIMATE RECORD PERIOD 1901 TO 2015


WEATHER ITEM   OBSERVED TIME   RECORD YEAR NORMAL DEPARTURE LAST
                VALUE   (LST)  VALUE       VALUE  FROM      YEAR
                                                  NORMAL
..................................................................
TEMPERATURE (F)
 TODAY
  MAXIMUM         81    418 PM  95    1911  75      6       79
  MINIMUM         64    712 AM  34    1925  56      8       63
  AVERAGE         73                        66      7       71

PRECIPITATION (IN)
  TODAY            0.32          1.76 1990   0.16   0.16     0.04
  MONTH TO DATE    2.96                      3.60  -0.64     1.89
  SINCE MAR 1      5.61                      9.75  -4.14     6.02
  SINCE JAN 1      7.65                     13.15  -5.50     8.14

DEGREE DAYS
 HEATING
  TODAY            0                         3     -3
  MONTH TO DATE   84                       123    -39
  SINCE MAR 1   1072                      1211   -139
  SINCE JUL 1   5738                      5553    185

 COOLING
  TODAY            8                         3      5
  MONTH TO DATE   82                        45     37
  SINCE MAR 1     88                        63     25
  SINCE JAN 1     88                        63     25
..................................................................


WIND (MPH)
  HIGHEST WIND SPEED    20   HIGHEST WIND DIRECTION    SW (210)
  HIGHEST GUST SPEED    24   HIGHEST GUST DIRECTION     S (190)
  AVERAGE WIND SPEED    12.9


SKY COVER
  AVERAGE SKY COVER 0.7



RELATIVE HUMIDITY (PERCENT)
 HIGHEST    93           200 AM
 LOWEST     54           300 PM
 AVERAGE    74

..........................................................


THE QUINCY IL CLIMATE NORMALS FOR TOMORROW
                         NORMAL    RECORD    YEAR
 MAXIMUM TEMPERATURE (F)   76        95      1911
 MINIMUM TEMPERATURE (F)   56        36      1901


SUNRISE AND SUNSET
MAY 25 2015...........SUNRISE   542 AM CDT   SUNSET   822 PM CDT
MAY 26 2015...........SUNRISE   541 AM CDT   SUNSET   823 PM CDT


-  INDICATES NEGATIVE NUMBERS.
R  INDICATES RECORD WAS SET OR TIED.
MM INDICATES DATA IS MISSING.
T  INDICATES TRACE AMOUNT.




$$
