000
CDUS46 KEKA 271218
CLIUKI


CLIMATE REPORT
NATIONAL WEATHER SERVICE EUREKA CA
418 AM PST TUE JAN 27 2015


...................................

...THE UKIAH CA CLIMATE SUMMARY FOR JANUARY 26 2015...

CLIMATE NORMAL PERIOD 1981 TO 2010
CLIMATE RECORD PERIOD 1903 TO 2015


WEATHER ITEM   OBSERVED TIME   RECORD YEAR NORMAL DEPARTURE LAST
                VALUE   (LST)  VALUE       VALUE  FROM      YEAR
                                                  NORMAL
..................................................................
TEMPERATURE (F)
 YESTERDAY
  MAXIMUM         70    310 PM  81    1934  58     12       73
  MINIMUM         37    748 AM  22    1949  37      0       33
  AVERAGE         54                        47      7       53

PRECIPITATION (IN)
  YESTERDAY        0.00          3.42 1983   0.10  -0.10     0.00
  MONTH TO DATE    0.46                      6.45  -5.99     0.18
  SINCE JUL 1     18.92                     20.42  -1.50     2.10
  SINCE JAN 1      0.46                      6.45  -5.99     0.18

SNOWFALL (IN)
  YESTERDAY        0.0          MM      MM  MM     MM        0.0
  MONTH TO DATE    0.0                      MM     MM        0.0
  SINCE DEC 1      0.0                      MM     MM        0.0
  SINCE JUL 1      0.0                      MM     MM        0.0
  SNOW DEPTH       0

DEGREE DAYS
 HEATING
  YESTERDAY       11                        18     -7       12
  MONTH TO DATE  383                       484   -101      383
  SINCE DEC 1    798                      1091   -293     1030
  SINCE JUL 1   1199                      1714   -515     1555

 COOLING
  YESTERDAY        0                         0      0        0
  MONTH TO DATE    0                         0      0        0
  SINCE DEC 1      0                         0      0        0
  SINCE JAN 1      0                         0      0        0
..................................................................


WIND (MPH)
  HIGHEST WIND SPEED     5   HIGHEST WIND DIRECTION     N (350)
  HIGHEST GUST SPEED     6   HIGHEST GUST DIRECTION     W (290)
  AVERAGE WIND SPEED     0.4


SKY COVER
  AVERAGE SKY COVER 0.0


WEATHER CONDITIONS
 THE FOLLOWING WEATHER WAS RECORDED YESTERDAY.
  FOG


RELATIVE HUMIDITY (PERCENT)
 HIGHEST    93
 LOWEST     40
 AVERAGE    67

..........................................................


THE UKIAH CA CLIMATE NORMALS FOR TODAY
                         NORMAL    RECORD    YEAR
 MAXIMUM TEMPERATURE (F)   58        82      1984
 MINIMUM TEMPERATURE (F)   37        22      1948


SUNRISE AND SUNSET
JANUARY 27 2015.......SUNRISE   724 AM PST   SUNSET   528 PM PST
JANUARY 28 2015.......SUNRISE   723 AM PST   SUNSET   529 PM PST


-  INDICATES NEGATIVE NUMBERS.
R  INDICATES RECORD WAS SET OR TIED.
MM INDICATES DATA IS MISSING.
T  INDICATES TRACE AMOUNT.




$$
