000
CDUS46 KEKA 201213
CLIUKI


CLIMATE REPORT
NATIONAL WEATHER SERVICE EUREKA CA
512 AM PDT SUN APR 20 2014


...................................

...THE UKIAH CA CLIMATE SUMMARY FOR APRIL 19 2014...

CLIMATE NORMAL PERIOD 1981 TO 2010
CLIMATE RECORD PERIOD 1903 TO 2014


WEATHER ITEM   OBSERVED TIME   RECORD YEAR NORMAL DEPARTURE LAST
                VALUE   (LST)  VALUE       VALUE  FROM      YEAR
                                                  NORMAL
..................................................................
TEMPERATURE (F)
 YESTERDAY
  MAXIMUM         71    300 PM  94    1950  69      2       80
  MINIMUM         40    539 AM  31    1961  43     -3       44
  AVERAGE         56                        56      0       62

PRECIPITATION (IN)
  YESTERDAY        0.00          1.04 1988   0.09  -0.09     0.00
  MONTH TO DATE    1.08                      1.69  -0.61     1.08
  SINCE JUL 1     18.26                     34.73 -16.47    27.83
  SINCE JAN 1     16.34                     20.76  -4.42     5.13

SNOWFALL (IN)
  YESTERDAY       MM            MM      MM  MM     MM        0.0
  MONTH TO DATE    0.0                      MM     MM        0.0
  SINCE MAR 1      0.0                      MM     MM        0.0
  SINCE JUL 1      0.0                      MM     MM        0.0
  SNOW DEPTH       0

DEGREE DAYS
 HEATING
  YESTERDAY        9                         9      0        3
  MONTH TO DATE   94                       211   -117      160
  SINCE MAR 1    386                       625   -239      509
  SINCE JUL 1   2393                      2858   -465     2639

 COOLING
  YESTERDAY        0                         0      0        0
  MONTH TO DATE    6                         0      6        0
  SINCE MAR 1      6                         0      6        0
  SINCE JAN 1      6                         0      6        0
..................................................................


WIND (MPH)
  HIGHEST WIND SPEED    20   HIGHEST WIND DIRECTION     W (270)
  HIGHEST GUST SPEED    26   HIGHEST GUST DIRECTION    NW (330)
  AVERAGE WIND SPEED     5.4


SKY COVER
  AVERAGE SKY COVER 0.0


WEATHER CONDITIONS
 THE FOLLOWING WEATHER WAS RECORDED YESTERDAY.
  LIGHT RAIN


RELATIVE HUMIDITY (PERCENT)
 HIGHEST    86
 LOWEST     37
 AVERAGE    62

..........................................................


THE UKIAH CA CLIMATE NORMALS FOR TODAY
                         NORMAL    RECORD    YEAR
 MAXIMUM TEMPERATURE (F)   70        97      1931
 MINIMUM TEMPERATURE (F)   43        31      2008
                                             1917


SUNRISE AND SUNSET
APRIL 20 2014.........SUNRISE   629 AM PDT   SUNSET   755 PM PDT
APRIL 21 2014.........SUNRISE   627 AM PDT   SUNSET   756 PM PDT


-  INDICATES NEGATIVE NUMBERS.
R  INDICATES RECORD WAS SET OR TIED.
MM INDICATES DATA IS MISSING.
T  INDICATES TRACE AMOUNT.




$$
