000
CDUS46 KEKA 201210
CLIUKI


CLIMATE REPORT
NATIONAL WEATHER SERVICE EUREKA CA
510 AM PDT SAT SEP 20 2014


...................................

...THE UKIAH CA CLIMATE SUMMARY FOR SEPTEMBER 19 2014...

CLIMATE NORMAL PERIOD 1981 TO 2010
CLIMATE RECORD PERIOD 1903 TO 2014


WEATHER ITEM   OBSERVED TIME   RECORD YEAR NORMAL DEPARTURE LAST
                VALUE   (LST)  VALUE       VALUE  FROM      YEAR
                                                  NORMAL
..................................................................
TEMPERATURE (F)
 YESTERDAY
  MAXIMUM         91    206 PM 105    2000  87      4       93
  MINIMUM         63   1130 PM  35    1926  49     14       46
  AVERAGE         77                        68      9       70

PRECIPITATION (IN)
  YESTERDAY        0.00          1.65 1977   0.02  -0.02     0.00
  MONTH TO DATE    0.07                      0.27  -0.20     0.00
  SINCE JUL 1      0.08                      0.41  -0.33     0.03
  SINCE JAN 1     16.71                     23.79  -7.08     5.61

SNOWFALL (IN)
  YESTERDAY        0.0          MM      MM  MM     MM        0.0
  MONTH TO DATE    0.0                      MM     MM        0.0
  SINCE SEP 1      0.0                      MM     MM        0.0
  SINCE JUL 1      0.0                      MM     MM        0.0
  SNOW DEPTH       0

DEGREE DAYS
 HEATING
  YESTERDAY        0                         1     -1        0
  MONTH TO DATE    0                         9     -9        0
  SINCE SEP 1      0                         9     -9        0
  SINCE JUL 1      0                        12    -12        0

 COOLING
  YESTERDAY       12                         4      8        5
  MONTH TO DATE  169                        97     72      124
  SINCE SEP 1    169                        97     72      124
  SINCE JAN 1   1169                       780    389      971
..................................................................


WIND (MPH)
  HIGHEST WIND SPEED    13   HIGHEST WIND DIRECTION    NW (330)
  HIGHEST GUST SPEED    19   HIGHEST GUST DIRECTION     N (360)
  AVERAGE WIND SPEED     3.3


SKY COVER
  AVERAGE SKY COVER 0.4


WEATHER CONDITIONS
 THE FOLLOWING WEATHER WAS RECORDED YESTERDAY.
  NO SIGNIFICANT WEATHER WAS OBSERVED.


RELATIVE HUMIDITY (PERCENT)
 HIGHEST    90
 LOWEST     23
 AVERAGE    57

..........................................................


THE UKIAH CA CLIMATE NORMALS FOR TODAY
                         NORMAL    RECORD    YEAR
 MAXIMUM TEMPERATURE (F)   87       106      1919
 MINIMUM TEMPERATURE (F)   49        38      1915


SUNRISE AND SUNSET
SEPTEMBER 20 2014.....SUNRISE   659 AM PDT   SUNSET   713 PM PDT
SEPTEMBER 21 2014.....SUNRISE   700 AM PDT   SUNSET   711 PM PDT


-  INDICATES NEGATIVE NUMBERS.
R  INDICATES RECORD WAS SET OR TIED.
MM INDICATES DATA IS MISSING.
T  INDICATES TRACE AMOUNT.




$$
