000
CDUS46 KEKA 061224
CLIUKI


CLIMATE REPORT
NATIONAL WEATHER SERVICE EUREKA CA
523 AM PDT FRI MAY 6 2016


...................................

...THE UKIAH CA CLIMATE SUMMARY FOR MAY 5 2016...

CLIMATE NORMAL PERIOD 1981 TO 2010
CLIMATE RECORD PERIOD 1903 TO 2016


WEATHER ITEM   OBSERVED TIME   RECORD YEAR NORMAL DEPARTURE LAST
                VALUE   (LST)  VALUE       VALUE  FROM      YEAR
                                                  NORMAL
..................................................................
TEMPERATURE (F)
 YESTERDAY
  MAXIMUM         59    613 PM  98    1987  75    -16       75
  MINIMUM         54   1159 PM  32    1924  46      8       46
  AVERAGE         57                        60     -3       61

PRECIPITATION (IN)
  YESTERDAY        0.07          0.70 1986   0.07   0.00     0.00
  MONTH TO DATE    0.07                      0.35  -0.28     0.00
  SINCE OCT 1     35.78                     35.35   0.43    25.44
  SINCE JAN 1     23.57                     21.97   1.60     7.67

SNOWFALL (IN)
  YESTERDAY        0.0          MM      MM  MM     MM        0.0
  MONTH TO DATE    0.0                      MM     MM        0.0
  SINCE MAR 1      0.0                      MM     MM        0.0
  SINCE JUL 1      0.0                      MM     MM        0.0
  SNOW DEPTH       0

DEGREE DAYS
 HEATING
  YESTERDAY        8                         6      2        4
  MONTH TO DATE   13                        31    -18        5
  SINCE MAR 1    537                       744   -207      408
  SINCE JUL 1   2476                      2977   -501     1922

 COOLING
  YESTERDAY        0                         1     -1        0
  MONTH TO DATE    0                         5     -5        7
  SINCE MAR 1      7                        13     -6       21
  SINCE JAN 1      7                        13     -6       21
..................................................................


WIND (MPH)
  HIGHEST WIND SPEED     8   HIGHEST WIND DIRECTION     N (360)
  HIGHEST GUST SPEED    13   HIGHEST GUST DIRECTION     N (340)
  AVERAGE WIND SPEED     2.3


SKY COVER
  AVERAGE SKY COVER 0.9


WEATHER CONDITIONS
 THE FOLLOWING WEATHER WAS RECORDED YESTERDAY.
  THUNDERSTORM
  LIGHT RAIN
  FOG


RELATIVE HUMIDITY (PERCENT)
 HIGHEST    93
 LOWEST     75
 AVERAGE    84

..........................................................


THE UKIAH CA CLIMATE NORMALS FOR TODAY
                         NORMAL    RECORD    YEAR
 MAXIMUM TEMPERATURE (F)   75       100      1987
 MINIMUM TEMPERATURE (F)   46        32      1977


SUNRISE AND SUNSET
MAY  6 2016...........SUNRISE   608 AM PDT   SUNSET   811 PM PDT
MAY  7 2016...........SUNRISE   607 AM PDT   SUNSET   812 PM PDT


-  INDICATES NEGATIVE NUMBERS.
R  INDICATES RECORD WAS SET OR TIED.
MM INDICATES DATA IS MISSING.
T  INDICATES TRACE AMOUNT.




$$
