000
CDUS46 KEKA 031211
CLIUKI


CLIMATE REPORT
NATIONAL WEATHER SERVICE EUREKA CA
510 AM PDT MON AUG 3 2015


...................................

...THE UKIAH CA CLIMATE SUMMARY FOR AUGUST 2 2015...

CLIMATE NORMAL PERIOD 1981 TO 2010
CLIMATE RECORD PERIOD 1903 TO 2015


WEATHER ITEM   OBSERVED TIME   RECORD YEAR NORMAL DEPARTURE LAST
                VALUE   (LST)  VALUE       VALUE  FROM      YEAR
                                                  NORMAL
..................................................................
TEMPERATURE (F)
 YESTERDAY
  MAXIMUM         93    233 PM 108    1946  94     -1      101
  MINIMUM         59    507 AM  44    1919  55      4       57
  AVERAGE         76                        74      2       79

PRECIPITATION (IN)
  YESTERDAY        0.00          0.00 2003   0.00   0.00     0.00
  MONTH TO DATE    0.00                      0.00   0.00     0.00
  SINCE OCT 1     26.00                     36.80 -10.80    17.97
  SINCE JAN 1      8.23                     23.42 -15.19    16.63

SNOWFALL (IN)
  YESTERDAY        0.0          MM      MM  MM     MM        0.0
  MONTH TO DATE    0.0                      MM     MM        0.0
  SINCE JUN 1      0.0                      MM     MM        0.0
  SINCE JUL 1      0.0                      MM     MM        0.0
  SNOW DEPTH       0

DEGREE DAYS
 HEATING
  YESTERDAY        0                         0      0        0
  MONTH TO DATE    0                         0      0        0
  SINCE JUN 1      5                        33    -28        2
  SINCE JUL 1      1                         1      0        0

 COOLING
  YESTERDAY       11                         9      2       14
  MONTH TO DATE   23                        18      5       31
  SINCE JUN 1    637                       409    228      635
  SINCE JAN 1    685                       461    224      724
..................................................................


WIND (MPH)
  HIGHEST WIND SPEED    14   HIGHEST WIND DIRECTION    NE (50)
  HIGHEST GUST SPEED    20   HIGHEST GUST DIRECTION    NE (50)
  AVERAGE WIND SPEED     4.6


SKY COVER
  AVERAGE SKY COVER 0.0


WEATHER CONDITIONS
 THE FOLLOWING WEATHER WAS RECORDED YESTERDAY.
  NO SIGNIFICANT WEATHER WAS OBSERVED.


RELATIVE HUMIDITY (PERCENT)
 HIGHEST    84
 LOWEST     28
 AVERAGE    56

..........................................................


THE UKIAH CA CLIMATE NORMALS FOR TODAY
                         NORMAL    RECORD    YEAR
 MAXIMUM TEMPERATURE (F)   94       106      1987
 MINIMUM TEMPERATURE (F)   55        41      1942


SUNRISE AND SUNSET
AUGUST  3 2015........SUNRISE   615 AM PDT   SUNSET   822 PM PDT
AUGUST  4 2015........SUNRISE   616 AM PDT   SUNSET   821 PM PDT


-  INDICATES NEGATIVE NUMBERS.
R  INDICATES RECORD WAS SET OR TIED.
MM INDICATES DATA IS MISSING.
T  INDICATES TRACE AMOUNT.




$$
