000
CDUS46 KEKA 201238
CLIUKI


CLIMATE REPORT
NATIONAL WEATHER SERVICE EUREKA CA
438 AM PST SAT JAN 20 2018


...................................

...THE UKIAH CA CLIMATE SUMMARY FOR JANUARY 19 2018...

CLIMATE NORMAL PERIOD 1981 TO 2010
CLIMATE RECORD PERIOD 1903 TO 2018


WEATHER ITEM   OBSERVED TIME   RECORD YEAR NORMAL DEPARTURE LAST
                VALUE   (LST)  VALUE       VALUE  FROM      YEAR
                                                  NORMAL
..................................................................
TEMPERATURE (F)
 YESTERDAY
  MAXIMUM         51    133 PM  74    1975  57     -6       52
  MINIMUM         36   1159 PM  15    1922  37     -1       44
  AVERAGE         44                        47     -3       48

PRECIPITATION (IN)
  YESTERDAY        0.01          2.80 1911   0.15  -0.14     0.68
  MONTH TO DATE    3.38                      5.55  -2.17    11.27
  SINCE OCT 1      8.96                     18.93  -9.97    28.38
  SINCE JAN 1      3.38                      5.55  -2.17    11.27

SNOWFALL (IN)
  YESTERDAY       MM            MM      MM  MM     MM       MM
  MONTH TO DATE    0.0                      MM     MM        0.0
  SINCE DEC 1      0.0                      MM     MM        0.0
  SINCE JUL 1      0.0                      MM     MM        0.0
  SNOW DEPTH       0

DEGREE DAYS
 HEATING
  YESTERDAY       21                        18      3       17
  MONTH TO DATE  276                       358    -82      362
  SINCE DEC 1    852                       965   -113      999
  SINCE JUL 1   1385                      1588   -203     1536

 COOLING
  YESTERDAY        0                         0      0        0
  MONTH TO DATE    0                         0      0        0
  SINCE DEC 1      0                         0      0        0
  SINCE JAN 1      0                         0      0        0
..................................................................


WIND (MPH)
  HIGHEST WIND SPEED    12   HIGHEST WIND DIRECTION    NW (310)
  HIGHEST GUST SPEED    17   HIGHEST GUST DIRECTION    NW (320)
  AVERAGE WIND SPEED     1.2


SKY COVER
  AVERAGE SKY COVER 0.5


WEATHER CONDITIONS
 THE FOLLOWING WEATHER WAS RECORDED YESTERDAY.
  LIGHT RAIN
  FOG
  FOG W/VISIBILITY <= 1/4 MILE


RELATIVE HUMIDITY (PERCENT)
 HIGHEST   100
 LOWEST     66
 AVERAGE    83

..........................................................


THE UKIAH CA CLIMATE NORMALS FOR TODAY
                         NORMAL    RECORD    YEAR
 MAXIMUM TEMPERATURE (F)   57        73      1975
 MINIMUM TEMPERATURE (F)   37        17      1922


SUNRISE AND SUNSET
JANUARY 20 2018.......SUNRISE   728 AM PST   SUNSET   520 PM PST
JANUARY 21 2018.......SUNRISE   728 AM PST   SUNSET   521 PM PST


-  INDICATES NEGATIVE NUMBERS.
R  INDICATES RECORD WAS SET OR TIED.
MM INDICATES DATA IS MISSING.
T  INDICATES TRACE AMOUNT.




$$
