000
CDUS46 KEKA 251214
CLIUKI


CLIMATE REPORT
NATIONAL WEATHER SERVICE EUREKA CA
513 AM PDT THU MAY 25 2017


...................................

...THE UKIAH CA CLIMATE SUMMARY FOR MAY 24 2017...

CLIMATE NORMAL PERIOD 1981 TO 2010
CLIMATE RECORD PERIOD 1903 TO 2017


WEATHER ITEM   OBSERVED TIME   RECORD YEAR NORMAL DEPARTURE LAST
                VALUE   (LST)  VALUE       VALUE  FROM      YEAR
                                                  NORMAL
..................................................................
TEMPERATURE (F)
 YESTERDAY
  MAXIMUM         88    305 PM  99    1982  79      9       72
  MINIMUM         51    542 AM  32    1920  48      3       52
  AVERAGE         70                        63      7       62

PRECIPITATION (IN)
  YESTERDAY        0.00          1.26 1931   0.03  -0.03      T
  MONTH TO DATE    0.01                      1.24  -1.23     0.45
  SINCE OCT 1     51.58                     36.24  15.34    36.16
  SINCE JAN 1     34.47                     22.86  11.61    23.95

SNOWFALL (IN)
  YESTERDAY        0.0          MM      MM  MM     MM        0.0
  MONTH TO DATE    0.0                      MM     MM        0.0
  SINCE MAR 1      0.0                      MM     MM        0.0
  SINCE JUL 1      0.0                      MM     MM        0.0
  SNOW DEPTH       0

DEGREE DAYS
 HEATING
  YESTERDAY        0                         4     -4        3
  MONTH TO DATE   83                       119    -36       72
  SINCE MAR 1    692                       832   -140      596
  SINCE JUL 1   2859                      3065   -206     2535

 COOLING
  YESTERDAY        5                         2      3        0
  MONTH TO DATE   78                        34     44       25
  SINCE MAR 1     78                        42     36       32
  SINCE JAN 1     78                        42     36       32
..................................................................


WIND (MPH)
  HIGHEST WIND SPEED    15   HIGHEST WIND DIRECTION    SE (140)
  HIGHEST GUST SPEED    20   HIGHEST GUST DIRECTION     S (160)
  AVERAGE WIND SPEED     6.6


SKY COVER
  AVERAGE SKY COVER 0.1


WEATHER CONDITIONS
 THE FOLLOWING WEATHER WAS RECORDED YESTERDAY.
  NO SIGNIFICANT WEATHER WAS OBSERVED.


RELATIVE HUMIDITY (PERCENT)
 HIGHEST    96
 LOWEST     24
 AVERAGE    60

..........................................................


THE UKIAH CA CLIMATE NORMALS FOR TODAY
                         NORMAL    RECORD    YEAR
 MAXIMUM TEMPERATURE (F)   79        98      1982
 MINIMUM TEMPERATURE (F)   48        33      1920


SUNRISE AND SUNSET
MAY 25 2017...........SUNRISE   552 AM PDT   SUNSET   828 PM PDT
MAY 26 2017...........SUNRISE   551 AM PDT   SUNSET   829 PM PDT


-  INDICATES NEGATIVE NUMBERS.
R  INDICATES RECORD WAS SET OR TIED.
MM INDICATES DATA IS MISSING.
T  INDICATES TRACE AMOUNT.




$$
