000
CDUS46 KEKA 110030
CLIUKI


CLIMATE REPORT
NATIONAL WEATHER SERVICE EUREKA CA
430 PM PST SAT DEC 10 2016


...................................

...THE UKIAH CA CLIMATE SUMMARY FOR DECEMBER 10 2016...
VALID TODAY AS OF 0400 PM LOCAL TIME.

CLIMATE NORMAL PERIOD 1981 TO 2010
CLIMATE RECORD PERIOD 1903 TO 2016


WEATHER ITEM   OBSERVED RECORD YEAR NORMAL DEPARTURE LAST
                VALUE   VALUE       VALUE  FROM      YEAR
                                           NORMAL
...........................................................
TEMPERATURE (F)
 TODAY
  MAXIMUM         59     73    1958  55      4       61
  MINIMUM         53     19    1972  36     17       43
  AVERAGE         56                 45     11       52

PRECIPITATION (IN)
  TODAY            1.50   4.25 1937   0.20   1.30     1.45
  MONTH TO DATE    3.13               1.75   1.38     3.25
  SINCE OCT 1     12.70               8.18   4.52     5.62
  SINCE JAN 1     37.01              32.15   4.86    14.60

SNOWFALL (IN)
  TODAY            0.0   MM          MM     MM       MM
  MONTH TO DATE    0.0               MM     MM        0.0
  SINCE DEC 1      0.0               MM     MM        0.0
  SINCE JUL 1      0.0               MM     MM        0.0
  SNOW DEPTH       0

...........................................................


WIND (MPH)
  HIGHEST WIND SPEED    18   HIGHEST WIND DIRECTION    SE (140)
  HIGHEST GUST SPEED    24   HIGHEST GUST DIRECTION    SE (130)
  AVERAGE WIND SPEED     4.7


SKY COVER
  AVERAGE SKY COVER 0.9


WEATHER CONDITIONS
 THE FOLLOWING WEATHER WAS RECORDED TODAY.
  HEAVY RAIN
  RAIN
  LIGHT RAIN
  FOG


RELATIVE HUMIDITY (PERCENT)
 HIGHEST   100
 LOWEST     86
 AVERAGE    93

..........................................................


THE UKIAH CA CLIMATE NORMALS FOR TOMORROW
                         NORMAL    RECORD    YEAR
 MAXIMUM TEMPERATURE (F)   55        78      1958
 MINIMUM TEMPERATURE (F)   36        15      1972


SUNRISE AND SUNSET
DECEMBER 10 2016......SUNRISE   722 AM PST   SUNSET   450 PM PST
DECEMBER 11 2016......SUNRISE   722 AM PST   SUNSET   450 PM PST


-  INDICATES NEGATIVE NUMBERS.
R  INDICATES RECORD WAS SET OR TIED.
MM INDICATES DATA IS MISSING.
T  INDICATES TRACE AMOUNT.




$$
