000
CDUS46 KEKA 291216
CLIUKI


CLIMATE REPORT
NATIONAL WEATHER SERVICE EUREKA CA
416 AM PST MON DEC 29 2014


...................................

...THE UKIAH CA CLIMATE SUMMARY FOR DECEMBER 28 2014...

CLIMATE NORMAL PERIOD 1981 TO 2010
CLIMATE RECORD PERIOD 1903 TO 2014


WEATHER ITEM   OBSERVED TIME   RECORD YEAR NORMAL DEPARTURE LAST
                VALUE   (LST)  VALUE       VALUE  FROM      YEAR
                                                  NORMAL
..................................................................
TEMPERATURE (F)
 YESTERDAY
  MAXIMUM         61    233 PM  73    1967  55      6       65
  MINIMUM         35    834 AM  20    1930  36     -1       24
  AVERAGE         48                        45      3       45

PRECIPITATION (IN)
  YESTERDAY        0.00          2.22 2010   0.25  -0.25     0.00
  MONTH TO DATE   12.10                      6.25   5.85     0.49
  SINCE JUL 1     18.46                     13.27   5.19     1.92
  SINCE JAN 1     35.09                     36.65  -1.56     7.50

SNOWFALL (IN)
  YESTERDAY        0.0          MM      MM  MM     MM        0.0
  MONTH TO DATE    0.0                      MM     MM        0.0
  SINCE DEC 1      0.0                      MM     MM        0.0
  SINCE JUL 1      0.0                      MM     MM        0.0
  SNOW DEPTH       0

DEGREE DAYS
 HEATING
  YESTERDAY       17                        20     -3       20
  MONTH TO DATE  344                       549   -205      594
  SINCE DEC 1    344                       549   -205      594
  SINCE JUL 1    745                      1172   -427     1119

 COOLING
  YESTERDAY        0                         0      0        0
  MONTH TO DATE    0                         0      0        0
  SINCE DEC 1      0                         0      0        0
  SINCE JAN 1   1290                       835    455      974
..................................................................


WIND (MPH)
  HIGHEST WIND SPEED    10   HIGHEST WIND DIRECTION     W (290)
  HIGHEST GUST SPEED    16   HIGHEST GUST DIRECTION     W (280)
  AVERAGE WIND SPEED     1.8


SKY COVER
  AVERAGE SKY COVER 0.1


WEATHER CONDITIONS
 THE FOLLOWING WEATHER WAS RECORDED YESTERDAY.
  FOG W/VISIBILITY <= 1/4 MILE


RELATIVE HUMIDITY (PERCENT)
 HIGHEST    92
 LOWEST     49
 AVERAGE    71

..........................................................


THE UKIAH CA CLIMATE NORMALS FOR TODAY
                         NORMAL    RECORD    YEAR
 MAXIMUM TEMPERATURE (F)   55        69      1975
 MINIMUM TEMPERATURE (F)   36        19      1930


SUNRISE AND SUNSET
DECEMBER 29 2014......SUNRISE   732 AM PST   SUNSET   458 PM PST
DECEMBER 30 2014......SUNRISE   732 AM PST   SUNSET   459 PM PST


-  INDICATES NEGATIVE NUMBERS.
R  INDICATES RECORD WAS SET OR TIED.
MM INDICATES DATA IS MISSING.
T  INDICATES TRACE AMOUNT.




$$
