000
CDUS43 KSGF 240628
CLIUNO


CLIMATE REPORT
NATIONAL WEATHER SERVICE SPRINGFIELD MO
1228 AM CST FRI NOV 24 2017


...................................

...THE WEST PLAINS MO CLIMATE SUMMARY FOR NOVEMBER 23 2017...

CLIMATE NORMAL PERIOD 1981 TO 2010
CLIMATE RECORD PERIOD 1947 TO 2017


WEATHER ITEM   OBSERVED TIME   RECORD YEAR NORMAL DEPARTURE LAST
                VALUE   (LST)  VALUE       VALUE  FROM      YEAR
                                                  NORMAL
..................................................................
TEMPERATURE (F)
 YESTERDAY
  MAXIMUM         61    303 PM  70    1965  53      8       57
  MINIMUM         24    405 AM  12    1950  34    -10       44
  AVERAGE         43                        44     -1       51

PRECIPITATION (IN)
  YESTERDAY        0.00          2.42 1951   0.15  -0.15     0.10
  MONTH TO DATE    0.45                      3.47  -3.02     0.71
  SINCE SEP 1      2.66                     11.40  -8.74     4.12
  SINCE JAN 1     44.85                     41.47   3.38    36.24

DEGREE DAYS
 HEATING
  YESTERDAY       22                        21      1       14
  MONTH TO DATE  353                       388    -35      262
  SINCE SEP 1    580                       690   -110      374
  SINCE JUL 1    581                       691   -110      374

 COOLING
  YESTERDAY        0                         0      0        0
  MONTH TO DATE    6                         0      6       16
  SINCE SEP 1    288                       180    108      315
  SINCE JAN 1   1389                      1352     37     1604
..................................................................


WIND (MPH)
  HIGHEST WIND SPEED    12   HIGHEST WIND DIRECTION     W (250)
  HIGHEST GUST SPEED    16   HIGHEST GUST DIRECTION    SW (210)
  AVERAGE WIND SPEED     4.6


SKY COVER
  AVERAGE SKY COVER 0.0


WEATHER CONDITIONS
 THE FOLLOWING WEATHER WAS RECORDED YESTERDAY.
  NO SIGNIFICANT WEATHER WAS OBSERVED.


RELATIVE HUMIDITY (PERCENT)
 HIGHEST    81           500 AM
 LOWEST     25           100 PM
 AVERAGE    53

..........................................................


THE WEST PLAINS MO CLIMATE NORMALS FOR TODAY
                         NORMAL    RECORD    YEAR
 MAXIMUM TEMPERATURE (F)   53        73      1966
 MINIMUM TEMPERATURE (F)   33         6      1950


SUNRISE AND SUNSET
NOVEMBER 24 2017......SUNRISE   655 AM CST   SUNSET   453 PM CST
NOVEMBER 25 2017......SUNRISE   656 AM CST   SUNSET   453 PM CST


-  INDICATES NEGATIVE NUMBERS.
R  INDICATES RECORD WAS SET OR TIED.
MM INDICATES DATA IS MISSING.
T  INDICATES TRACE AMOUNT.




$$
