000
CDUS43 KSGF 050627
CLIUNO


CLIMATE REPORT
NATIONAL WEATHER SERVICE SPRINGFIELD MO
126 AM CDT WED AUG 5 2015


...................................

...THE WEST PLAINS MO CLIMATE SUMMARY FOR AUGUST 4 2015...

CLIMATE NORMAL PERIOD 1981 TO 2010
CLIMATE RECORD PERIOD 1947 TO 2015


WEATHER ITEM   OBSERVED TIME   RECORD YEAR NORMAL DEPARTURE LAST
                VALUE   (LST)  VALUE       VALUE  FROM      YEAR
                                                  NORMAL
..................................................................
TEMPERATURE (F)
 YESTERDAY
  MAXIMUM         90   1219 PM 104    1964  91     -1       87
  MINIMUM         68    449 AM  48    1974  66      2       60
  AVERAGE         79                        78      1       74

PRECIPITATION (IN)
  YESTERDAY        0.01          0.70 2009   0.11  -0.10     0.00
  MONTH TO DATE    0.01                      0.46  -0.45     0.03
  SINCE JUN 1     13.59                      8.03   5.56     6.89
  SINCE JAN 1     31.20                     27.30   3.90    18.87

DEGREE DAYS
 HEATING
  YESTERDAY        0                         0      0        0
  MONTH TO DATE    0                         0      0        0
  SINCE JUN 1      5                         5      0        4
  SINCE JUL 1      0                         0      0        2

 COOLING
  YESTERDAY       14                        13      1        9
  MONTH TO DATE   57                        52      5       31
  SINCE JUN 1    816                       723     93      530
  SINCE JAN 1    938                       845     93      680
..................................................................


WIND (MPH)
  HIGHEST WIND SPEED    15   HIGHEST WIND DIRECTION    SW (220)
  HIGHEST GUST SPEED    21   HIGHEST GUST DIRECTION    SW (220)
  AVERAGE WIND SPEED     4.9


SKY COVER
  AVERAGE SKY COVER 0.1


WEATHER CONDITIONS
 THE FOLLOWING WEATHER WAS RECORDED YESTERDAY.
  LIGHT RAIN


RELATIVE HUMIDITY (PERCENT)
 HIGHEST    90           100 AM
 LOWEST     47          1200 PM
 AVERAGE    69

..........................................................


THE WEST PLAINS MO CLIMATE NORMALS FOR TODAY
                         NORMAL    RECORD    YEAR
 MAXIMUM TEMPERATURE (F)   91       101      1954
 MINIMUM TEMPERATURE (F)   66        53      1974


SUNRISE AND SUNSET
AUGUST  5 2015........SUNRISE   616 AM CDT   SUNSET   811 PM CDT
AUGUST  6 2015........SUNRISE   617 AM CDT   SUNSET   809 PM CDT


-  INDICATES NEGATIVE NUMBERS.
R  INDICATES RECORD WAS SET OR TIED.
MM INDICATES DATA IS MISSING.
T  INDICATES TRACE AMOUNT.




$$
