000
CDUS43 KUNR 290837
CLIUNR


CLIMATE REPORT
NATIONAL WEATHER SERVICE RAPID CITY SD
135 AM MST THU JAN 29 2015


...................................

...THE EAST RAPID CITY SD CLIMATE SUMMARY FOR JANUARY 28 2015...

CLIMATE NORMAL PERIOD 1981 TO 2010
CLIMATE RECORD PERIOD 1888 TO 2015


WEATHER ITEM   OBSERVED RECORD YEAR NORMAL DEPARTURE LAST
                VALUE   VALUE       VALUE  FROM      YEAR
                                           NORMAL
...........................................................
TEMPERATURE (F)
 YESTERDAY
  MAXIMUM         58     64    1942  37     21       21
  MINIMUM         31    -24    1951  16     15       -1
  AVERAGE         45                 27     18       10

PRECIPITATION (IN)
  YESTERDAY        0.00   0.40 1944   0.01  -0.01     0.00
  MONTH TO DATE    0.11               0.25  -0.14     0.22
  SINCE DEC 1      0.49               0.57  -0.08     0.76
  SINCE JAN 1      0.11               0.25  -0.14     0.22

SNOWFALL (IN)
  YESTERDAY        0.0    6.0  1944   0.2   -0.2      0.0
  MONTH TO DATE    2.1                4.8   -2.7      3.8
  SINCE DEC 1      9.6               10.0   -0.4     13.0
  SINCE JUL 1     24.9               18.6    6.3     42.8
  SNOW DEPTH       0

DEGREE DAYS
 HEATING
  YESTERDAY       20                 38    -18       55
  MONTH TO DATE  925               1064   -139     1026
  SINCE DEC 1   1989               2231   -242     2373
  SINCE JUL 1   3603               3811   -208     3962

 COOLING
  YESTERDAY        0                  0      0        0
  MONTH TO DATE    0                  0      0        0
  SINCE DEC 1      0                  0      0        0
  SINCE JAN 1      0                  0      0        0
...........................................................


WIND (MPH)
  HIGHEST GUST SPEED    47   HIGHEST GUST DIRECTION    NW (330)



WEATHER CONDITIONS
 THE FOLLOWING WEATHER WAS RECORDED YESTERDAY.
  NO SIGNIFICANT WEATHER WAS OBSERVED.


..........................................................


THE EAST RAPID CITY SD CLIMATE NORMALS FOR TODAY
                         NORMAL    RECORD    YEAR
 MAXIMUM TEMPERATURE (F)   37        70      1931
 MINIMUM TEMPERATURE (F)   16       -27      1916


SUNRISE AND SUNSET
JANUARY 29 2015.......SUNRISE   714 AM MST   SUNSET   459 PM MST
JANUARY 30 2015.......SUNRISE   713 AM MST   SUNSET   500 PM MST


-  INDICATES NEGATIVE NUMBERS.
R  INDICATES RECORD WAS SET OR TIED.
MM INDICATES DATA IS MISSING.
T  INDICATES TRACE AMOUNT.




$$
