000
CDUS43 KUNR 011831
CLIUNR


CLIMATE REPORT
NATIONAL WEATHER SERVICE RAPID CITY SD
1231 PM MDT SAT OCT 1 2016


...................................

...THE EAST RAPID CITY SD CLIMATE SUMMARY FOR OCTOBER 1 2016...
VALID AS OF 1100 AM LOCAL TIME.

CLIMATE NORMAL PERIOD 1981 TO 2010
CLIMATE RECORD PERIOD 1888 TO 2016


WEATHER ITEM   OBSERVED RECORD YEAR NORMAL DEPARTURE LAST
                VALUE   VALUE       VALUE  FROM      YEAR
                                           NORMAL
...........................................................
TEMPERATURE (F)
 TODAY
  MAXIMUM         77     96    1892  65     12       66
  MINIMUM         52     28    1950  43      9       48
  AVERAGE         65                 54     11       57

PRECIPITATION (IN)
  TODAY            0.00   1.47 1930   0.05  -0.05     0.00
  MONTH TO DATE    0.00               0.05  -0.05     0.00
  SINCE SEP 1      0.87               1.59  -0.72     0.33
  SINCE JAN 1     12.17              17.27  -5.10    22.43

SNOWFALL (IN)
  TODAY            0.0    3.0  1950   0.0    0.0      0.0
  MONTH TO DATE    0.0                0.0    0.0      0.0
  SINCE SEP 1      0.0                0.1   -0.1      0.0
  SINCE JUL 1      0.0                0.1   -0.1      0.0
  SNOW DEPTH       0

DEGREE DAYS
 HEATING
  TODAY            0                 11    -11        8
  MONTH TO DATE    0                 11    -11        8
  SINCE SEP 1     99                190    -91       65
  SINCE JUL 1    124                220    -96       95

 COOLING
  TODAY            0                  0      0        0
  MONTH TO DATE    0                  0      0        0
  SINCE SEP 1     47                 66    -19      124
  SINCE JAN 1    807                661    146      701
...........................................................





WEATHER CONDITIONS
 THE FOLLOWING WEATHER WAS RECORDED TODAY.
  NO SIGNIFICANT WEATHER WAS OBSERVED.


..........................................................


THE EAST RAPID CITY SD CLIMATE NORMALS FOR TOMORROW
                         NORMAL    RECORD    YEAR
 MAXIMUM TEMPERATURE (F)   64        94      2011
 MINIMUM TEMPERATURE (F)   43        24      1893


SUNRISE AND SUNSET
OCTOBER  1 2016.......SUNRISE   651 AM MDT   SUNSET   633 PM MDT
OCTOBER  2 2016.......SUNRISE   652 AM MDT   SUNSET   631 PM MDT


-  INDICATES NEGATIVE NUMBERS.
R  INDICATES RECORD WAS SET OR TIED.
MM INDICATES DATA IS MISSING.
T  INDICATES TRACE AMOUNT.




$$
