000
CDUS43 KUNR 020832
CLIUNR


CLIMATE REPORT
NATIONAL WEATHER SERVICE RAPID CITY SD
232 AM MDT WED SEP 2 2015


...................................

...THE EAST RAPID CITY SD CLIMATE SUMMARY FOR SEPTEMBER 1 2015...

CLIMATE NORMAL PERIOD 1981 TO 2010
CLIMATE RECORD PERIOD 1888 TO 2015


WEATHER ITEM   OBSERVED RECORD YEAR NORMAL DEPARTURE LAST
                VALUE   VALUE       VALUE  FROM      YEAR
                                           NORMAL
...........................................................
TEMPERATURE (F)
 YESTERDAY
  MAXIMUM         86    100    2012  80      6       70
  MINIMUM         57     42    1956  56      1       54
  AVERAGE         72                 68      4       62

PRECIPITATION (IN)
  YESTERDAY        0.00   1.12 1963   0.05  -0.05     0.40
  MONTH TO DATE    0.00               0.05  -0.05     0.40
  SINCE SEP 1      0.00               0.05  -0.05     0.40
  SINCE JAN 1     22.10              15.73   6.37    17.80

SNOWFALL (IN)
  YESTERDAY        0.0    0.0  2002   0.0    0.0      0.0
                               2001
                               1950
  MONTH TO DATE    0.0                0.0    0.0      0.0
  SINCE SEP 1      0.0                0.0    0.0      0.0
  SINCE JUL 1      0.0                0.0    0.0      0.0
  SNOW DEPTH       0

DEGREE DAYS
 HEATING
  YESTERDAY        0                  2     -2        3
  MONTH TO DATE    0                  2     -2        3
  SINCE SEP 1      0                  2     -2        3
  SINCE JUL 1     30                 32     -2       27

 COOLING
  YESTERDAY        7                  5      2        0
  MONTH TO DATE    7                  5      2        0
  SINCE SEP 1      7                  5      2        0
  SINCE JAN 1    584                600    -16      436
...........................................................


WIND (MPH)
  HIGHEST GUST SPEED    15   HIGHEST GUST DIRECTION     W (270)



WEATHER CONDITIONS
 THE FOLLOWING WEATHER WAS RECORDED YESTERDAY.
  NO SIGNIFICANT WEATHER WAS OBSERVED.


..........................................................


THE EAST RAPID CITY SD CLIMATE NORMALS FOR TODAY
                         NORMAL    RECORD    YEAR
 MAXIMUM TEMPERATURE (F)   79       103      1960
 MINIMUM TEMPERATURE (F)   56        40      1914


SUNRISE AND SUNSET
SEPTEMBER  2 2015.....SUNRISE   617 AM MDT   SUNSET   727 PM MDT
SEPTEMBER  3 2015.....SUNRISE   618 AM MDT   SUNSET   726 PM MDT


-  INDICATES NEGATIVE NUMBERS.
R  INDICATES RECORD WAS SET OR TIED.
MM INDICATES DATA IS MISSING.
T  INDICATES TRACE AMOUNT.




$$
