000
CDUS44 KCRP 260926
CLIVCT

CLIMATE REPORT
NATIONAL WEATHER SERVICE CORPUS CHRISTI TX
324 AM CST FRI DEC 26 2014


...................................

...THE VICTORIA CLIMATE SUMMARY FOR DECEMBER 25 2014...

CLIMATE NORMAL PERIOD 1981 TO 2010
CLIMATE RECORD PERIOD 1893 TO 2014


WEATHER ITEM   OBSERVED TIME   RECORD YEAR NORMAL DEPARTURE LAST
                VALUE   (LST)  VALUE       VALUE  FROM      YEAR
                                                  NORMAL
..................................................................
TEMPERATURE (F)
 YESTERDAY
  MAXIMUM         68    232 PM  88    1964  65      3       64
  MINIMUM         34    619 AM  14    1983  43     -9       42
  AVERAGE         51                        54     -3       53

PRECIPITATION (IN)
  YESTERDAY        0.00          0.53 1954   0.07  -0.07      T
  MONTH TO DATE    1.62                      1.84  -0.22     0.27
  SINCE DEC 1      1.62                      1.84  -0.22     0.27
  SINCE JAN 1     29.60                     40.75 -11.15    25.38

SNOWFALL (IN)
  YESTERDAY        0.0
  MONTH TO DATE    0.0
  SINCE DEC 1      0.0
  SINCE JUL 1      0.0
  SNOW DEPTH       0

DEGREE DAYS
 HEATING
  YESTERDAY       14                        12      2       12
  MONTH TO DATE  118                       260   -142      302
  SINCE DEC 1    118                       260   -142      302
  SINCE JUL 1    309                       423   -114      499

 COOLING
  YESTERDAY        0                         1     -1        0
  MONTH TO DATE   24                        25     -1       32
  SINCE DEC 1     24                        25     -1       32
  SINCE JAN 1   3513                      3148    365     3434
..................................................................


WIND (MPH)
  HIGHEST WIND SPEED    25   HIGHEST WIND DIRECTION     S (160)
  HIGHEST GUST SPEED    36   HIGHEST GUST DIRECTION     S (160)
  AVERAGE WIND SPEED     9.7


SKY COVER
  POSSIBLE SUNSHINE  MM
  AVERAGE SKY COVER 0.1


WEATHER CONDITIONS
 THE FOLLOWING WEATHER WAS RECORDED YESTERDAY.
  NO SIGNIFICANT WEATHER WAS OBSERVED.


RELATIVE HUMIDITY (PERCENT)
 HIGHEST    89           500 AM
 LOWEST     44          1200 PM
 AVERAGE    67

..........................................................


THE VICTORIA CLIMATE NORMALS FOR TODAY
                         NORMAL    RECORD    YEAR
 MAXIMUM TEMPERATURE (F)   65        83      1916
 MINIMUM TEMPERATURE (F)   43        18      1983


SUNRISE AND SUNSET
DECEMBER 26 2014......SUNRISE   719 AM CST   SUNSET   538 PM CST
DECEMBER 27 2014......SUNRISE   719 AM CST   SUNSET   538 PM CST


-  INDICATES NEGATIVE NUMBERS.
R  INDICATES RECORD WAS SET OR TIED.
MM INDICATES DATA IS MISSING.
T  INDICATES TRACE AMOUNT.

$$

CB
