000
CDUS45 KGJT 230819
CLIVEL


CLIMATE REPORT
NATIONAL WEATHER SERVICE GRAND JUNCTION CO
116 AM MST MON JAN 23 2017


...................................

...THE VERNAL UT CLIMATE SUMMARY FOR JANUARY 22 2017...

CLIMATE NORMAL PERIOD 1981 TO 2010
CLIMATE RECORD PERIOD 9999 TO 9999


WEATHER ITEM   OBSERVED TIME   RECORD YEAR NORMAL DEPARTURE LAST
                VALUE   (LST)  VALUE       VALUE  FROM      YEAR
                                                  NORMAL
..................................................................
TEMPERATURE (F)
 YESTERDAY
  MAXIMUM         28    203 PM  MM      MM  29     -1       26
  MINIMUM          9    821 AM  MM      MM  10     -1        5
  AVERAGE         19                        19      0       16

PRECIPITATION (IN)
  YESTERDAY        0.07         MM      MM   0.02   0.05     0.00
  MONTH TO DATE    1.23                      0.38   0.85     0.11
  SINCE DEC 1      2.25                      1.02   1.23     0.57
  SINCE JAN 1      1.23                      0.38   0.85     0.11

SNOWFALL (IN)
  YESTERDAY       MM            MM      MM    MM   MM       MM
  MONTH TO DATE   MM                          MM   MM       MM
  SINCE DEC 1     MM                          MM   MM       MM
  SINCE JUL 1     MM                          MM   MM       MM
  SNOW DEPTH      MM

DEGREE DAYS
 HEATING
  YESTERDAY       46                        46      0       49
  MONTH TO DATE  999                      1012    -13     1078
  SINCE DEC 1   2231                      2352   -121     2549
  SINCE JUL 1   3588                      3983   -395     3841

 COOLING
  YESTERDAY        0                         0      0        0
  MONTH TO DATE    0                         0      0        0
  SINCE DEC 1      0                         0      0        0
  SINCE JAN 1      0                         0      0        0
..................................................................


WIND (MPH)
  HIGHEST WIND SPEED     8   HIGHEST WIND DIRECTION     S (200)
  HIGHEST GUST SPEED     9   HIGHEST GUST DIRECTION     S (190)
  AVERAGE WIND SPEED     2.4


SKY COVER
  POSSIBLE SUNSHINE  MM
  AVERAGE SKY COVER 0.7


WEATHER CONDITIONS
 THE FOLLOWING WEATHER WAS RECORDED YESTERDAY.
  LIGHT SNOW
  FOG
  FOG W/VISIBILITY <= 1/4 MILE


RELATIVE HUMIDITY (PERCENT)
 HIGHEST    92           200 AM
 LOWEST     68           300 PM
 AVERAGE    80

..........................................................


THE VERNAL UT CLIMATE NORMALS FOR TODAY
                         NORMAL    RECORD    YEAR
 MAXIMUM TEMPERATURE (F)   29        MM        MM
 MINIMUM TEMPERATURE (F)   10        MM        MM


SUNRISE AND SUNSET
JANUARY 23 2017.......SUNRISE   735 AM MST   SUNSET   526 PM MST
JANUARY 24 2017.......SUNRISE   734 AM MST   SUNSET   527 PM MST


-  INDICATES NEGATIVE NUMBERS.
R  INDICATES RECORD WAS SET OR TIED.
MM INDICATES DATA IS MISSING.
T  INDICATES TRACE AMOUNT.




$$
