000
CDUS43 KSGF 240626
CLIVIH


CLIMATE REPORT
NATIONAL WEATHER SERVICE SPRINGFIELD MO
126 AM CDT TUE OCT 24 2017


...................................

...THE VICHY-ROLLA MO CLIMATE SUMMARY FOR OCTOBER 23 2017...

CLIMATE NORMAL PERIOD 1981 TO 2010
CLIMATE RECORD PERIOD 1888 TO 2017


WEATHER ITEM   OBSERVED TIME   RECORD YEAR NORMAL DEPARTURE LAST
                VALUE   (LST)  VALUE       VALUE  FROM      YEAR
                                                  NORMAL
..................................................................
TEMPERATURE (F)
 YESTERDAY
  MAXIMUM         71   1244 PM  82    1899  65      6       78
  MINIMUM         48    746 AM  27    2006  44      4       51
                                      1898
  AVERAGE         60                        54      6       65

PRECIPITATION (IN)
  YESTERDAY        0.00          1.30 1976   0.12  -0.12     0.00
  MONTH TO DATE    2.89                      2.59   0.30     2.56
  SINCE SEP 1      3.08                      6.63  -3.55     7.04
  SINCE JAN 1     41.68                     36.18   5.50    39.38

DEGREE DAYS
 HEATING
  YESTERDAY        5                        11     -6        0
  MONTH TO DATE   68                       186   -118      109
  SINCE SEP 1     85                       247   -162      133
  SINCE JUL 1     86                       250   -164      133

 COOLING
  YESTERDAY        0                         0      0        0
  MONTH TO DATE   77                        25     52       52
  SINCE SEP 1    277                       166    111      263
  SINCE JAN 1   1247                      1243      4     1452
..................................................................


WIND (MPH)
  HIGHEST WIND SPEED    24   HIGHEST WIND DIRECTION     W (280)
  HIGHEST GUST SPEED    35   HIGHEST GUST DIRECTION    NW (310)
  AVERAGE WIND SPEED    12.3


SKY COVER
  AVERAGE SKY COVER 0.4


WEATHER CONDITIONS
 THE FOLLOWING WEATHER WAS RECORDED YESTERDAY.
  NO SIGNIFICANT WEATHER WAS OBSERVED.


RELATIVE HUMIDITY (PERCENT)
 HIGHEST   100          1200 AM
 LOWEST     37           100 PM
 AVERAGE    69

..........................................................


THE VICHY-ROLLA MO CLIMATE NORMALS FOR TODAY
                         NORMAL    RECORD    YEAR
 MAXIMUM TEMPERATURE (F)   65        81      2012
                                             1963
 MINIMUM TEMPERATURE (F)   44        23      2006


SUNRISE AND SUNSET
OCTOBER 24 2017.......SUNRISE   725 AM CDT   SUNSET   617 PM CDT
OCTOBER 25 2017.......SUNRISE   726 AM CDT   SUNSET   616 PM CDT


-  INDICATES NEGATIVE NUMBERS.
R  INDICATES RECORD WAS SET OR TIED.
MM INDICATES DATA IS MISSING.
T  INDICATES TRACE AMOUNT.




$$
