000
CDUS43 KSGF 230628
CLIVIH


CLIMATE REPORT
NATIONAL WEATHER SERVICE SPRINGFIELD MO
1227 AM CST TUE JAN 23 2018


...................................

...THE VICHY-ROLLA MO CLIMATE SUMMARY FOR JANUARY 22 2018...

CLIMATE NORMAL PERIOD 1981 TO 2010
CLIMATE RECORD PERIOD 1888 TO 2018


WEATHER ITEM   OBSERVED TIME   RECORD YEAR NORMAL DEPARTURE LAST
                VALUE   (LST)  VALUE       VALUE  FROM      YEAR
                                                  NORMAL
..................................................................
TEMPERATURE (F)
 YESTERDAY
  MAXIMUM         55    118 AM  72    1967  41     14       56
  MINIMUM         33   1159 PM  -1    1959  21     12       39
  AVERAGE         44                        31     13       48

PRECIPITATION (IN)
  YESTERDAY        0.52          0.56 2017   0.06   0.46     0.56
  MONTH TO DATE    1.65                      1.62   0.03     1.55
  SINCE DEC 1      2.29                      4.26  -1.97     2.41
  SINCE JAN 1      1.65                      1.62   0.03     1.55

DEGREE DAYS
 HEATING
  YESTERDAY       21                        34    -13       17
  MONTH TO DATE  823                       748     75      644
  SINCE DEC 1   1773                      1718     55     1589
  SINCE JUL 1   2525                      2665   -140     2217

 COOLING
  YESTERDAY        0                         0      0        0
  MONTH TO DATE    0                         0      0        0
  SINCE DEC 1      0                         0      0        0
  SINCE JAN 1      0                         0      0        0
..................................................................


WIND (MPH)
  HIGHEST WIND SPEED    31   HIGHEST WIND DIRECTION    SW (220)
  HIGHEST GUST SPEED    43   HIGHEST GUST DIRECTION    SW (230)
  AVERAGE WIND SPEED    16.5


SKY COVER
  AVERAGE SKY COVER 0.7


WEATHER CONDITIONS
 THE FOLLOWING WEATHER WAS RECORDED YESTERDAY.
  HEAVY RAIN
  RAIN
  LIGHT RAIN
  LIGHT SNOW
  FOG


RELATIVE HUMIDITY (PERCENT)
 HIGHEST   100           100 AM
 LOWEST     56          1100 AM
 AVERAGE    78

..........................................................


THE VICHY-ROLLA MO CLIMATE NORMALS FOR TODAY
                         NORMAL    RECORD    YEAR
 MAXIMUM TEMPERATURE (F)   41        75      1967
 MINIMUM TEMPERATURE (F)   22        -9      1963


SUNRISE AND SUNSET
JANUARY 23 2018.......SUNRISE   718 AM CST   SUNSET   520 PM CST
JANUARY 24 2018.......SUNRISE   718 AM CST   SUNSET   521 PM CST


-  INDICATES NEGATIVE NUMBERS.
R  INDICATES RECORD WAS SET OR TIED.
MM INDICATES DATA IS MISSING.
T  INDICATES TRACE AMOUNT.




$$
