000
CDUS43 KSGF 232228
CLIVIH


CLIMATE REPORT
NATIONAL WEATHER SERVICE SPRINGFIELD MO
527 PM CDT WED AUG 23 2017


...................................

...THE VICHY-ROLLA MO CLIMATE SUMMARY FOR AUGUST 23 2017...
VALID TODAY AS OF 0500 PM LOCAL TIME.

CLIMATE NORMAL PERIOD 1981 TO 2010
CLIMATE RECORD PERIOD 1888 TO 2017


WEATHER ITEM   OBSERVED TIME   RECORD YEAR NORMAL DEPARTURE LAST
                VALUE   (LST)  VALUE       VALUE  FROM      YEAR
                                                  NORMAL
..................................................................
TEMPERATURE (F)
 TODAY
  MAXIMUM         77    358 PM  98    1898  87    -10       76
  MINIMUM         56    540 AM  51    2009  64     -8       62
  AVERAGE         67                        76     -9       69

PRECIPITATION (IN)
  TODAY            0.00          1.24 1977   0.11  -0.11     0.06
  MONTH TO DATE    5.96                      2.70   3.26     9.47
  SINCE JUN 1     16.16                     11.77   4.39    17.57
  SINCE JAN 1     38.60                     28.58  10.02    31.81

DEGREE DAYS
 HEATING
  TODAY            0                         0      0        0
  MONTH TO DATE    1                         0      1        0
  SINCE JUN 1      2                        15    -13        0
  SINCE JUL 1      1                         1      0        0

 COOLING
  TODAY            2                        11     -9        4
  MONTH TO DATE  184                       277    -93      244
  SINCE JUN 1    825                       894    -69     1000
  SINCE JAN 1    929                      1001    -72     1078
..................................................................


WIND (MPH)
  HIGHEST WIND SPEED    12   HIGHEST WIND DIRECTION     N (20)
  HIGHEST GUST SPEED    17   HIGHEST GUST DIRECTION     N (10)


SKY COVER
  AVERAGE SKY COVER 0.0


WEATHER CONDITIONS
 THE FOLLOWING WEATHER WAS RECORDED TODAY.
  NO SIGNIFICANT WEATHER WAS OBSERVED.


RELATIVE HUMIDITY (PERCENT)
 HIGHEST    93           400 AM
 LOWEST     43           200 PM
 AVERAGE    68

..........................................................


THE VICHY-ROLLA MO CLIMATE NORMALS FOR TOMORROW
                         NORMAL    RECORD    YEAR
 MAXIMUM TEMPERATURE (F)   87        98      2014
 MINIMUM TEMPERATURE (F)   64        49      2015


SUNRISE AND SUNSET
AUGUST 23 2017........SUNRISE   629 AM CDT   SUNSET   749 PM CDT
AUGUST 24 2017........SUNRISE   630 AM CDT   SUNSET   748 PM CDT


-  INDICATES NEGATIVE NUMBERS.
R  INDICATES RECORD WAS SET OR TIED.
MM INDICATES DATA IS MISSING.
T  INDICATES TRACE AMOUNT.




$$
