000
CDUS43 KSGF 112129
CLIVIH


CLIMATE REPORT
NATIONAL WEATHER SERVICE SPRINGFIELD MO
429 PM CDT FRI JUL 11 2014


...................................

...THE VICHY-ROLLA MO CLIMATE SUMMARY FOR JULY 11 2014...
VALID AS OF 0400 PM LOCAL TIME.

CLIMATE NORMAL PERIOD 1981 TO 2010
CLIMATE RECORD PERIOD 1888 TO 2014


WEATHER ITEM   OBSERVED TIME   RECORD YEAR NORMAL DEPARTURE LAST
                VALUE   (LST)  VALUE       VALUE  FROM      YEAR
                                                  NORMAL
..................................................................
TEMPERATURE (F)
 TODAY
  MAXIMUM         89    232 PM 109    1901  88      1       82
  MINIMUM         62    442 AM  56    1999  67     -5       63
  AVERAGE         76                        77     -1       73

PRECIPITATION (IN)
  TODAY            0.00          1.88 2009   0.14  -0.14     0.00
  MONTH TO DATE    0.11                      1.58  -1.47     1.28
  SINCE JUN 1      3.42                      6.21  -2.79     5.07
  SINCE JAN 1     13.04                     23.02  -9.98    26.37

DEGREE DAYS
 HEATING
  TODAY            0                         0      0        0
  MONTH TO DATE    0                         0      0        0
  SINCE JUN 1      1                        14    -13       17
  SINCE JUL 1      0                         0      0        0

 COOLING
  TODAY           11                        12     -1        8
  MONTH TO DATE   71                       128    -57       97
  SINCE JUN 1    329                       363    -34      314
  SINCE JAN 1    476                       470      6      421
..................................................................


WIND (MPH)
  HIGHEST WIND SPEED    15   HIGHEST WIND DIRECTION     S (170)
  HIGHEST GUST SPEED    23   HIGHEST GUST DIRECTION     S (190)


SKY COVER
  AVERAGE SKY COVER 0.1


WEATHER CONDITIONS
 THE FOLLOWING WEATHER WAS RECORDED TODAY.
  NO SIGNIFICANT WEATHER WAS OBSERVED.


RELATIVE HUMIDITY (PERCENT)
 HIGHEST    93          1200 AM
 LOWEST     55           100 PM
 AVERAGE    74

..........................................................


THE VICHY-ROLLA MO CLIMATE NORMALS FOR TOMORROW
                         NORMAL    RECORD    YEAR
 MAXIMUM TEMPERATURE (F)   88       112      1901
 MINIMUM TEMPERATURE (F)   67        55      1975


SUNRISE AND SUNSET
JULY 11 2014..........SUNRISE   553 AM CDT   SUNSET   831 PM CDT
JULY 12 2014..........SUNRISE   554 AM CDT   SUNSET   831 PM CDT


-  INDICATES NEGATIVE NUMBERS.
R  INDICATES RECORD WAS SET OR TIED.
MM INDICATES DATA IS MISSING.
T  INDICATES TRACE AMOUNT.




$$
