420
CDUS42 KTAE 270633
CLIVLD


CLIMATE REPORT
NATIONAL WEATHER SERVICE TALLAHASSEE FL
233 AM EDT TUE SEP 27 2016


...................................

...THE VALDOSTA CLIMATE SUMMARY FOR SEPTEMBER 26 2016...

CLIMATE NORMAL PERIOD 1981 TO 2010
CLIMATE RECORD PERIOD 1948 TO 2016


WEATHER ITEM   OBSERVED TIME   NORMAL DEPARTURE LAST
                VALUE   (LST)  VALUE  FROM      YEAR
                                      NORMAL
......................................................
TEMPERATURE (F)
 YESTERDAY
  MAXIMUM         90    145 PM  86      4       88
  MINIMUM         69    644 AM  64      5       65
  AVERAGE         80            75      5       77

PRECIPITATION (IN)
  YESTERDAY        0.00          0.12  -0.12     0.13
  MONTH TO DATE    5.56          4.17   1.39     2.75
  SINCE SEP 1      5.56          4.17   1.39     2.75
  SINCE JAN 1     49.89         41.20   8.69    40.91

DEGREE DAYS
 HEATING
  YESTERDAY        0             0      0        0
  MONTH TO DATE    0             0      0        0
  SINCE SEP 1      0             0      0        0
  SINCE JUL 1      0             0      0        0

 COOLING
  YESTERDAY       15            10      5       12
  MONTH TO DATE  397           333     64      332
  SINCE SEP 1    397           333     64      332
  SINCE JAN 1   2527          2187    340     2599
......................................................


WIND (MPH)
  HIGHEST WIND SPEED    18   HIGHEST WIND DIRECTION    NE (60)
  HIGHEST GUST SPEED    24   HIGHEST GUST DIRECTION    NE (60)
  AVERAGE WIND SPEED     4.1




RELATIVE HUMIDITY (PERCENT)
 HIGHEST   100
 LOWEST     59
 AVERAGE    80

..........................................................




SUNRISE AND SUNSET
SEPTEMBER 27 2016.....SUNRISE   725 AM EDT   SUNSET   723 PM EDT
SEPTEMBER 28 2016.....SUNRISE   725 AM EDT   SUNSET   721 PM EDT


-  INDICATES NEGATIVE NUMBERS.
R  INDICATES RECORD WAS SET OR TIED.
MM INDICATES DATA IS MISSING.
T  INDICATES TRACE AMOUNT.




$$
