000
CDUS42 KTAE 300652
CLIVLD


CLIMATE REPORT
NATIONAL WEATHER SERVICE TALLAHASSEE FL
251 AM EDT WED JUL 30 2014


...................................

...THE VALDOSTA CLIMATE SUMMARY FOR JULY 29 2014...

CLIMATE NORMAL PERIOD 1981 TO 2010
CLIMATE RECORD PERIOD 1948 TO 2014


WEATHER ITEM   OBSERVED TIME   NORMAL DEPARTURE LAST
                VALUE   (LST)  VALUE  FROM      YEAR
                                      NORMAL
......................................................
TEMPERATURE (F)
 YESTERDAY
  MAXIMUM         96    329 PM  92      4       97
  MINIMUM         71   1159 PM  71      0       74
  AVERAGE         84            82      2       86

PRECIPITATION (IN)
  YESTERDAY        0.00          0.23  -0.23     0.01
  MONTH TO DATE    3.84          6.21  -2.37     9.25
  SINCE JUN 1      6.08         12.27  -6.19    13.04
  SINCE JAN 1     29.35         31.27  -1.92    27.58

DEGREE DAYS
 COOLING
  YESTERDAY       19            17      2       21
  MONTH TO DATE  569           476     93      528
  SINCE JUN 1   1131           908    223     1081
  SINCE JAN 1   1734          1320    414     1643
......................................................


WIND (MPH)
  HIGHEST WIND SPEED    12   HIGHEST WIND DIRECTION    NW (330)
  HIGHEST GUST SPEED    20   HIGHEST GUST DIRECTION    NW (330)
  AVERAGE WIND SPEED     2.4




RELATIVE HUMIDITY (PERCENT)
 HIGHEST    87
 LOWEST     29
 AVERAGE    58

..........................................................




SUNRISE AND SUNSET
JULY 30 2014..........SUNRISE   649 AM EDT   SUNSET   829 PM EDT
JULY 31 2014..........SUNRISE   650 AM EDT   SUNSET   829 PM EDT


-  INDICATES NEGATIVE NUMBERS.
R  INDICATES RECORD WAS SET OR TIED.
MM INDICATES DATA IS MISSING.
T  INDICATES TRACE AMOUNT.




$$
