000
CDUS42 KTAE 010632
CLIVLD


CLIMATE REPORT
NATIONAL WEATHER SERVICE TALLAHASSEE FL
231 AM EDT SAT AUG 1 2015


...................................

...THE VALDOSTA CLIMATE SUMMARY FOR JULY 31 2015...

CLIMATE NORMAL PERIOD 1981 TO 2010
CLIMATE RECORD PERIOD 1948 TO 2015


WEATHER ITEM   OBSERVED TIME   NORMAL DEPARTURE LAST
                VALUE   (LST)  VALUE  FROM      YEAR
                                      NORMAL
......................................................
TEMPERATURE (F)
 YESTERDAY
  MAXIMUM         93    337 PM  92      1       97
  MINIMUM         75   1043 PM  71      4       66
  AVERAGE         84            82      2       82

PRECIPITATION (IN)
  YESTERDAY        0.46          0.21   0.25     0.00
  MONTH TO DATE   10.08          6.63   3.45     3.84
  SINCE JUN 1     13.20         12.69   0.51     6.08
  SINCE JAN 1     31.76         31.69   0.07    29.35

DEGREE DAYS
 COOLING
  YESTERDAY       19            17      2       17
  MONTH TO DATE  569           508     61      602
  SINCE JUN 1   1048           940    108     1164
  SINCE JAN 1   1695          1352    343     1767
......................................................


WIND (MPH)
  HIGHEST WIND SPEED    16   HIGHEST WIND DIRECTION     E (70)
  HIGHEST GUST SPEED    20   HIGHEST GUST DIRECTION     S (170)
  AVERAGE WIND SPEED     4.1




RELATIVE HUMIDITY (PERCENT)
 HIGHEST   100
 LOWEST     60
 AVERAGE    80

..........................................................




SUNRISE AND SUNSET
AUGUST  1 2015........SUNRISE   651 AM EDT   SUNSET   828 PM EDT
AUGUST  2 2015........SUNRISE   651 AM EDT   SUNSET   827 PM EDT


-  INDICATES NEGATIVE NUMBERS.
R  INDICATES RECORD WAS SET OR TIED.
MM INDICATES DATA IS MISSING.
T  INDICATES TRACE AMOUNT.




$$
