000
CDUS42 KTAE 290631
CLIVLD


CLIMATE REPORT
NATIONAL WEATHER SERVICE TALLAHASSEE FL
231 AM EDT FRI JUL 29 2016


...................................

...THE VALDOSTA CLIMATE SUMMARY FOR JULY 28 2016...

CLIMATE NORMAL PERIOD 1981 TO 2010
CLIMATE RECORD PERIOD 1948 TO 2016


WEATHER ITEM   OBSERVED TIME   NORMAL DEPARTURE LAST
                VALUE   (LST)  VALUE  FROM      YEAR
                                      NORMAL
......................................................
TEMPERATURE (F)
 YESTERDAY
  MAXIMUM         96    426 PM  92      4       94
  MINIMUM         74    619 AM  71      3       74
  AVERAGE         85            82      3       84

PRECIPITATION (IN)
  YESTERDAY        0.00          0.22  -0.22     0.00
  MONTH TO DATE    9.71          5.98   3.73     9.07
  SINCE JUN 1     18.11         12.04   6.07    12.20
  SINCE JAN 1     42.41         31.04  11.37    30.76

DEGREE DAYS
 COOLING
  YESTERDAY       20            17      3       19
  MONTH TO DATE  528           459     69      511
  SINCE JUN 1   1013           891    122     1012
  SINCE JAN 1   1523          1303    220     1659
......................................................


WIND (MPH)
  HIGHEST WIND SPEED    12   HIGHEST WIND DIRECTION    SW (240)
  HIGHEST GUST SPEED    13   HIGHEST GUST DIRECTION    SW (210)
  AVERAGE WIND SPEED     3.0




RELATIVE HUMIDITY (PERCENT)
 HIGHEST   100
 LOWEST     42
 AVERAGE    71

..........................................................




SUNRISE AND SUNSET
JULY 29 2016..........SUNRISE   649 AM EDT   SUNSET   830 PM EDT
JULY 30 2016..........SUNRISE   650 AM EDT   SUNSET   829 PM EDT


-  INDICATES NEGATIVE NUMBERS.
R  INDICATES RECORD WAS SET OR TIED.
MM INDICATES DATA IS MISSING.
T  INDICATES TRACE AMOUNT.




$$
