000
CDUS43 KLOT 220632
CLIVPZ


CLIMATE REPORT
NATIONAL WEATHER SERVICE CHICAGO IL
132 AM CDT TUE AUG 22 2017


...................................

...THE VALPARAISO CLIMATE SUMMARY FOR AUGUST 21 2017...

CLIMATE NORMAL PERIOD 1981 TO 2010
CLIMATE RECORD PERIOD 1998 TO 2017


WEATHER ITEM   OBSERVED TIME   RECORD YEAR NORMAL DEPARTURE LAST
                VALUE   (LST)  VALUE       VALUE  FROM      YEAR
                                                  NORMAL
..................................................................
TEMPERATURE (F)
 YESTERDAY
  MAXIMUM         86    353 PM  95    2003  80      6       75
  MINIMUM         70    514 AM  49    2000  60     10       59
  AVERAGE         78                        70      8       67

PRECIPITATION (IN)
  YESTERDAY        0.13          2.15 2014   0.15  -0.02     0.00
  MONTH TO DATE    1.86                      2.91  -1.05     7.96
  SINCE JUN 1      8.18                     11.16  -2.98    12.15
  SINCE JAN 1     23.58                     24.14  -0.56    21.55

DEGREE DAYS
 HEATING
  YESTERDAY        0                         0      0        0
  MONTH TO DATE    0                         0      0        0
  SINCE JUN 1      3                        45    -42       28
  SINCE JUL 1      0                         4     -4        8

 COOLING
  YESTERDAY       13                         6      7        2
  MONTH TO DATE  131                       136     -5      207
  SINCE JUN 1    679                       540    139      688
  SINCE JAN 1    736                       587    149      765
..................................................................


WIND (MPH)
  RESULTANT WIND SPEED   6   RESULTANT WIND DIRECTION   S (200)
  HIGHEST WIND SPEED    15   HIGHEST WIND DIRECTION     W (280)
  HIGHEST GUST SPEED    19   HIGHEST GUST DIRECTION    SW (240)
  AVERAGE WIND SPEED     7.7



WEATHER CONDITIONS
 THE FOLLOWING WEATHER WAS RECORDED YESTERDAY.
  HEAVY RAIN
  RAIN
  LIGHT RAIN
  FOG


..........................................................


THE VALPARAISO CLIMATE NORMALS FOR TODAY
                         NORMAL    RECORD    YEAR
 MAXIMUM TEMPERATURE (F)   80        90      2007
 MINIMUM TEMPERATURE (F)   60        47      2004


SUNRISE AND SUNSET
AUGUST 22 2017........SUNRISE   604 AM CDT   SUNSET   737 PM CDT
AUGUST 23 2017........SUNRISE   605 AM CDT   SUNSET   735 PM CDT


-  INDICATES NEGATIVE NUMBERS.
R  INDICATES RECORD WAS SET OR TIED.
MM INDICATES DATA IS MISSING.
T  INDICATES TRACE AMOUNT.




$$
