000
CDUS43 KLOT 030644
CLIVPZ


CLIMATE REPORT
NATIONAL WEATHER SERVICE CHICAGO IL
139 AM CDT WED JUN 3 2015


...................................

...THE VALPARAISO CLIMATE SUMMARY FOR JUNE 2 2015...

CLIMATE NORMAL PERIOD 1981 TO 2010
CLIMATE RECORD PERIOD 1998 TO 2015


WEATHER ITEM   OBSERVED TIME   RECORD YEAR NORMAL DEPARTURE LAST
                VALUE   (LST)  VALUE       VALUE  FROM      YEAR
                                                  NORMAL
..................................................................
TEMPERATURE (F)
 YESTERDAY
  MAXIMUM         72    434 PM  86    2007  76     -4       84
  MINIMUM         43    347 AM  38    2003  54    -11       70
  AVERAGE         58                        65     -7       77

PRECIPITATION (IN)
  YESTERDAY        0.00          0.28 2005   0.13  -0.13     0.05
  MONTH TO DATE    0.00                      0.26  -0.26     0.06
  SINCE JUN 1      0.00                      0.26  -0.26     0.06
  SINCE JAN 1      8.79                     13.24  -4.45     8.99

DEGREE DAYS
 HEATING
  YESTERDAY        7                         3      4        0
  MONTH TO DATE   17                         6     11        0
  SINCE JUN 1     17                         6     11        0
  SINCE JUL 1   6835                      6285    550     7191

 COOLING
  YESTERDAY        0                         3     -3       12
  MONTH TO DATE    0                         6     -6       23
  SINCE JUN 1      0                         6     -6       23
  SINCE JAN 1     76                        53     23       96
..................................................................


WIND (MPH)
  RESULTANT WIND SPEED   4   RESULTANT WIND DIRECTION   E (80)
  HIGHEST WIND SPEED    15   HIGHEST WIND DIRECTION     E (70)
  HIGHEST GUST SPEED    20   HIGHEST GUST DIRECTION     E (70)
  AVERAGE WIND SPEED     5.1



WEATHER CONDITIONS
 THE FOLLOWING WEATHER WAS RECORDED YESTERDAY.
  NO SIGNIFICANT WEATHER WAS OBSERVED.


..........................................................


THE VALPARAISO CLIMATE NORMALS FOR TODAY
                         NORMAL    RECORD    YEAR
 MAXIMUM TEMPERATURE (F)   76        84      2011
 MINIMUM TEMPERATURE (F)   54        42      2013


SUNRISE AND SUNSET
JUNE  3 2015..........SUNRISE   516 AM CDT   SUNSET   817 PM CDT
JUNE  4 2015..........SUNRISE   516 AM CDT   SUNSET   817 PM CDT


-  INDICATES NEGATIVE NUMBERS.
R  INDICATES RECORD WAS SET OR TIED.
MM INDICATES DATA IS MISSING.
T  INDICATES TRACE AMOUNT.




$$
