000
CDUS43 KLOT 260636
CLIVPZ


CLIMATE REPORT
NATIONAL WEATHER SERVICE CHICAGO IL
136 AM CDT WED APR 26 2017


...................................

...THE VALPARAISO CLIMATE SUMMARY FOR APRIL 25 2017...

CLIMATE NORMAL PERIOD 1981 TO 2010
CLIMATE RECORD PERIOD 1998 TO 2017


WEATHER ITEM   OBSERVED TIME   RECORD YEAR NORMAL DEPARTURE LAST
                VALUE   (LST)  VALUE       VALUE  FROM      YEAR
                                                  NORMAL
..................................................................
TEMPERATURE (F)
 YESTERDAY
  MAXIMUM         79    147 PM  82    2008  64     15       81
  MINIMUM         47    509 AM  33    2005  42      5       57
                                      1999
  AVERAGE         63                        53     10       69

PRECIPITATION (IN)
  YESTERDAY        T             1.87 2007   0.13  -0.13     0.00
  MONTH TO DATE    3.34                      2.78   0.56     1.87
  SINCE MAR 1      6.39                      5.26   1.13     4.92
  SINCE JAN 1      9.83                      8.43   1.40     6.25

DEGREE DAYS
 HEATING
  YESTERDAY        2                        13    -11        0
  MONTH TO DATE  275                       423   -148      423
  SINCE MAR 1   1057                      1268   -211     1064
  SINCE JUL 1   4771                      6000  -1229     4922

 COOLING
  YESTERDAY        0                         0      0        4
  MONTH TO DATE    6                         0      6        6
  SINCE MAR 1      6                         0      6        6
  SINCE JAN 1      6                         0      6        6
..................................................................


WIND (MPH)
  RESULTANT WIND SPEED   8   RESULTANT WIND DIRECTION  SE (140)
  HIGHEST WIND SPEED    21   HIGHEST WIND DIRECTION    SE (140)
  HIGHEST GUST SPEED    27   HIGHEST GUST DIRECTION     S (160)
  AVERAGE WIND SPEED    10.1



WEATHER CONDITIONS
 THE FOLLOWING WEATHER WAS RECORDED YESTERDAY.
  THUNDERSTORM
  LIGHT RAIN


..........................................................


THE VALPARAISO CLIMATE NORMALS FOR TODAY
                         NORMAL    RECORD    YEAR
 MAXIMUM TEMPERATURE (F)   64        83      2009
 MINIMUM TEMPERATURE (F)   42        32      2013


SUNRISE AND SUNSET
APRIL 26 2017.........SUNRISE   552 AM CDT   SUNSET   741 PM CDT
APRIL 27 2017.........SUNRISE   550 AM CDT   SUNSET   742 PM CDT


-  INDICATES NEGATIVE NUMBERS.
R  INDICATES RECORD WAS SET OR TIED.
MM INDICATES DATA IS MISSING.
T  INDICATES TRACE AMOUNT.




$$
