000
CDUS43 KLOT 310631
CLIVPZ


CLIMATE REPORT
NATIONAL WEATHER SERVICE CHICAGO IL
131 AM CDT FRI OCT 31 2014


...................................

...THE VALPARAISO CLIMATE SUMMARY FOR OCTOBER 30 2014...

CLIMATE NORMAL PERIOD 1981 TO 2010
CLIMATE RECORD PERIOD 1998 TO 2014


WEATHER ITEM   OBSERVED TIME   RECORD YEAR NORMAL DEPARTURE LAST
                VALUE   (LST)  VALUE       VALUE  FROM      YEAR
                                                  NORMAL
..................................................................
TEMPERATURE (F)
 YESTERDAY
  MAXIMUM         51    136 PM  76    1999  57     -6       65
  MINIMUM         35    658 AM  26    2011  39     -4       38
  AVERAGE         43                        48     -5       52

PRECIPITATION (IN)
  YESTERDAY        0.00          2.32 2011   0.08  -0.08     1.55
  MONTH TO DATE    3.72                      3.16   0.56     3.23
  SINCE SEP 1      6.10                      6.37  -0.27     5.80
  SINCE JAN 1     35.46                     31.91   3.55    31.48

DEGREE DAYS
 HEATING
  YESTERDAY       22                        17      5       13
  MONTH TO DATE  378                       384     -6      420
  SINCE SEP 1    509                       497     12      500
  SINCE JUL 1    549                       514     35      528

 COOLING
  YESTERDAY        0                         0      0        0
  MONTH TO DATE    3                        11     -8       25
  SINCE SEP 1     64                        77    -13      143
  SINCE JAN 1    611                       713   -102      810
..................................................................


WIND (MPH)
  RESULTANT WIND SPEED   6   RESULTANT WIND DIRECTION  SW (240)
  HIGHEST WIND SPEED    14   HIGHEST WIND DIRECTION    SW (220)
  HIGHEST GUST SPEED    19   HIGHEST GUST DIRECTION    SW (210)
  AVERAGE WIND SPEED     6.2



WEATHER CONDITIONS
 THE FOLLOWING WEATHER WAS RECORDED YESTERDAY.
  NO SIGNIFICANT WEATHER WAS OBSERVED.


..........................................................


THE VALPARAISO CLIMATE NORMALS FOR TODAY
                         NORMAL    RECORD    YEAR
 MAXIMUM TEMPERATURE (F)   57        71      2008
 MINIMUM TEMPERATURE (F)   38        31      2011


SUNRISE AND SUNSET
OCTOBER 31 2014.......SUNRISE   718 AM CDT   SUNSET   544 PM CDT
NOVEMBER  1 2014......SUNRISE   720 AM CDT   SUNSET   543 PM CDT


-  INDICATES NEGATIVE NUMBERS.
R  INDICATES RECORD WAS SET OR TIED.
MM INDICATES DATA IS MISSING.
T  INDICATES TRACE AMOUNT.




$$
