000
CDUS43 KLOT 290638
CLIVPZ


CLIMATE REPORT
NATIONAL WEATHER SERVICE CHICAGO IL
134 AM CDT THU JUN 29 2017


...................................

...THE VALPARAISO CLIMATE SUMMARY FOR JUNE 28 2017...

CLIMATE NORMAL PERIOD 1981 TO 2010
CLIMATE RECORD PERIOD 1998 TO 2017


WEATHER ITEM   OBSERVED TIME   RECORD YEAR NORMAL DEPARTURE LAST
                VALUE   (LST)  VALUE       VALUE  FROM      YEAR
                                                  NORMAL
..................................................................
TEMPERATURE (F)
 YESTERDAY
  MAXIMUM         82    334 PM 100    2012  83     -1       68
  MINIMUM         56    418 AM  52    2016  62     -6       52
                                      2015
  AVERAGE         69                        72     -3       60

PRECIPITATION (IN)
  YESTERDAY        0.01          1.09 2006   0.13  -0.12     0.00
  MONTH TO DATE    1.64                      3.65  -2.01     0.24
  SINCE JUN 1      1.64                      3.65  -2.01     0.24
  SINCE JAN 1     17.04                     16.63   0.41     9.64

DEGREE DAYS
 HEATING
  YESTERDAY        0                         0      0        5
  MONTH TO DATE    3                        41    -38       18
  SINCE JUN 1      3                        41    -38       18
  SINCE JUL 1   5039                      6320  -1281     5256

 COOLING
  YESTERDAY        4                         8     -4        0
  MONTH TO DATE  230                       149     81      199
  SINCE JUN 1    230                       149     81      199
  SINCE JAN 1    287                       196     91      276
..................................................................


WIND (MPH)
  RESULTANT WIND SPEED  11   RESULTANT WIND DIRECTION   S (180)
  HIGHEST WIND SPEED    22   HIGHEST WIND DIRECTION     S (200)
  HIGHEST GUST SPEED    33   HIGHEST GUST DIRECTION     S (200)
  AVERAGE WIND SPEED    12.1



WEATHER CONDITIONS
 THE FOLLOWING WEATHER WAS RECORDED YESTERDAY.
  NO SIGNIFICANT WEATHER WAS OBSERVED.


..........................................................


THE VALPARAISO CLIMATE NORMALS FOR TODAY
                         NORMAL    RECORD    YEAR
 MAXIMUM TEMPERATURE (F)   83        91      2005
 MINIMUM TEMPERATURE (F)   62        49      2016


SUNRISE AND SUNSET
JUNE 29 2017..........SUNRISE   517 AM CDT   SUNSET   826 PM CDT
JUNE 30 2017..........SUNRISE   518 AM CDT   SUNSET   826 PM CDT


-  INDICATES NEGATIVE NUMBERS.
R  INDICATES RECORD WAS SET OR TIED.
MM INDICATES DATA IS MISSING.
T  INDICATES TRACE AMOUNT.




$$
