000
CDUS42 KMLB 230628
CLIVRB


CLIMATE REPORT
NATIONAL WEATHER SERVICE MELBOURNE FL
227 AM EDT SUN APR 23 2017


...................................

...THE VERO BEACH CLIMATE SUMMARY FOR APRIL 22 2017...

CLIMATE NORMAL PERIOD 1981 TO 2010
CLIMATE RECORD PERIOD 1942 TO 2017


WEATHER ITEM   OBSERVED TIME   RECORD YEAR NORMAL DEPARTURE LAST
                VALUE   (LST)  VALUE       VALUE  FROM      YEAR
                                                  NORMAL
..................................................................
TEMPERATURE (F)
 YESTERDAY
  MAXIMUM         85    129 PM  92    1997  81      4       83
                                      1970
  MINIMUM         71    509 AM  50    2009  62      9       63
  AVERAGE         78                        72      6       73

PRECIPITATION (IN)
  YESTERDAY        T             1.41 1954   0.08  -0.08     0.00
  MONTH TO DATE    2.66                      2.04   0.62     1.49
  SINCE MAR 1      4.28                      6.16  -1.88     4.35
  SINCE JAN 1      6.24                     11.33  -5.09    17.70

SNOWFALL (IN)
  YESTERDAY        0.0
  MONTH TO DATE    0.0
  SINCE JUL 1      0.0

DEGREE DAYS
 HEATING
  YESTERDAY        0                         0      0        0
  MONTH TO DATE    3                        13    -10        5
  SINCE MAR 1     42                        68    -26       16
  SINCE JUL 1    185                       453   -268      284

 COOLING
  YESTERDAY       13                         7      6        8
  MONTH TO DATE  205                       129     76      146
  SINCE MAR 1    362                       258    104      382
  SINCE JAN 1    563                       397    166      480
..................................................................


WIND (MPH)
  HIGHEST WIND SPEED    22   HIGHEST WIND DIRECTION    SE (130)
  HIGHEST GUST SPEED    27   HIGHEST GUST DIRECTION    SE (120)
  AVERAGE WIND SPEED    13.7


SKY COVER
  AVERAGE SKY COVER 0.5


WEATHER CONDITIONS
 THE FOLLOWING WEATHER WAS RECORDED YESTERDAY.
  LIGHT RAIN


RELATIVE HUMIDITY (PERCENT)
 HIGHEST    87          1200 AM
 LOWEST     58           100 PM
 AVERAGE    73

..........................................................


THE VERO BEACH CLIMATE NORMALS FOR TODAY
                         NORMAL    RECORD    YEAR
 MAXIMUM TEMPERATURE (F)   81        92      1988
 MINIMUM TEMPERATURE (F)   62        46      1993


SUNRISE AND SUNSET
APRIL 23 2017.........SUNRISE   649 AM EDT   SUNSET   751 PM EDT
APRIL 24 2017.........SUNRISE   648 AM EDT   SUNSET   752 PM EDT


-  INDICATES NEGATIVE NUMBERS.
R  INDICATES RECORD WAS SET OR TIED.
MM INDICATES DATA IS MISSING.
T  INDICATES TRACE AMOUNT.




$$
