000
CDUS42 KMLB 230628
CLIVRB


CLIMATE REPORT
NATIONAL WEATHER SERVICE MELBOURNE FL
228 AM EDT SAT SEP 23 2017


...................................

...THE VERO BEACH CLIMATE SUMMARY FOR SEPTEMBER 22 2017...

CLIMATE NORMAL PERIOD 1981 TO 2010
CLIMATE RECORD PERIOD 1942 TO 2017


WEATHER ITEM   OBSERVED TIME   RECORD YEAR NORMAL DEPARTURE LAST
                VALUE   (LST)  VALUE       VALUE  FROM      YEAR
                                                  NORMAL
..................................................................
TEMPERATURE (F)
 YESTERDAY
  MAXIMUM         88    108 PM  94    1990  88      0       90
  MINIMUM         73    537 AM  67    1972  73      0       74
                                      1968
  AVERAGE         81                        80      1       82

PRECIPITATION (IN)
  YESTERDAY        T             6.28 1960   0.22  -0.22     0.08
  MONTH TO DATE    8.17                      4.98   3.19     4.22
  SINCE SEP 1      8.17                      4.98   3.19     4.22
  SINCE JAN 1     37.59                     39.68  -2.09    57.65

SNOWFALL (IN)
  YESTERDAY        0.0
  MONTH TO DATE    0.0
  SINCE JUL 1      0.0

DEGREE DAYS
 HEATING
  YESTERDAY        0                         0      0        0
  MONTH TO DATE    0                         0      0        0
  SINCE SEP 1      0                         0      0        0
  SINCE JUL 1      0                         0      0        0

 COOLING
  YESTERDAY       16                        15      1       17
  MONTH TO DATE  366                       350     16      389
  SINCE SEP 1    366                       350     16      389
  SINCE JAN 1   3078                      2648    430     2979
..................................................................


WIND (MPH)
  HIGHEST WIND SPEED    20   HIGHEST WIND DIRECTION     E (80)
  HIGHEST GUST SPEED    25   HIGHEST GUST DIRECTION    NE (60)
  AVERAGE WIND SPEED     7.9


SKY COVER
  AVERAGE SKY COVER 0.3


WEATHER CONDITIONS
 THE FOLLOWING WEATHER WAS RECORDED YESTERDAY.
  THUNDERSTORM
  LIGHT RAIN


RELATIVE HUMIDITY (PERCENT)
 HIGHEST   100           200 AM
 LOWEST     63           100 PM
 AVERAGE    82

..........................................................


THE VERO BEACH CLIMATE NORMALS FOR TODAY
                         NORMAL    RECORD    YEAR
 MAXIMUM TEMPERATURE (F)   88        93      1990
                                             1950
 MINIMUM TEMPERATURE (F)   73        65      1972


SUNRISE AND SUNSET
SEPTEMBER 23 2017.....SUNRISE   711 AM EDT   SUNSET   717 PM EDT
SEPTEMBER 24 2017.....SUNRISE   711 AM EDT   SUNSET   715 PM EDT


-  INDICATES NEGATIVE NUMBERS.
R  INDICATES RECORD WAS SET OR TIED.
MM INDICATES DATA IS MISSING.
T  INDICATES TRACE AMOUNT.




$$
