000
CDUS42 KMLB 222049
CLIVRB


CLIMATE REPORT
NATIONAL WEATHER SERVICE MELBOURNE FL
449 PM EDT FRI AUG 22 2014


...................................

...THE VERO BEACH CLIMATE SUMMARY FOR AUGUST 22 2014...
VALID TODAY AS OF 0400 PM LOCAL TIME.

CLIMATE NORMAL PERIOD 1981 TO 2010
CLIMATE RECORD PERIOD 1942 TO 2014


WEATHER ITEM   OBSERVED TIME   RECORD YEAR NORMAL DEPARTURE LAST
                VALUE   (LST)  VALUE       VALUE  FROM      YEAR
                                                  NORMAL
..................................................................
TEMPERATURE (F)
 TODAY
  MAXIMUM         91   1251 PM  95    1993  90      1       90
                                      1980
  MINIMUM         74    625 AM  67    1984  74      0       75
  AVERAGE         83                        82      1       83

PRECIPITATION (IN)
  TODAY            0.00          3.22 1998   0.24  -0.24      T
  MONTH TO DATE    4.88                      4.86   0.02     0.80
  SINCE JUN 1     18.72                     17.16   1.56    11.79
  SINCE JAN 1     31.90                     32.53  -0.63    27.01

SNOWFALL (IN)
  TODAY            0.0
  MONTH TO DATE    0.0
  SINCE JUL 1      0.0

DEGREE DAYS
 HEATING
  TODAY            0                         0      0        0
  MONTH TO DATE    0                         0      0        0
  SINCE JUN 1      0                         0      0        0
  SINCE JUL 1      0                         0      0        0

 COOLING
  TODAY           18                        17      1       18
  MONTH TO DATE  372                       374     -2      378
  SINCE JUN 1   1294                      1348    -54     1359
  SINCE JAN 1   2220                      2154     66     2266
..................................................................


WIND (MPH)
  HIGHEST WIND SPEED    13   HIGHEST WIND DIRECTION     E (80)
  HIGHEST GUST SPEED    16   HIGHEST GUST DIRECTION     E (90)
  AVERAGE WIND SPEED     4.7


SKY COVER
  AVERAGE SKY COVER 0.2


WEATHER CONDITIONS
 THE FOLLOWING WEATHER WAS RECORDED TODAY.
  NO SIGNIFICANT WEATHER WAS OBSERVED.


RELATIVE HUMIDITY (PERCENT)
 HIGHEST    94           500 AM
 LOWEST     56           100 PM
 AVERAGE    75

..........................................................


THE VERO BEACH CLIMATE NORMALS FOR TOMORROW
                         NORMAL    RECORD    YEAR
 MAXIMUM TEMPERATURE (F)   90        96      1980
 MINIMUM TEMPERATURE (F)   74        70      2012
                                             1999
                                             1990


SUNRISE AND SUNSET
AUGUST 22 2014........SUNRISE   656 AM EDT   SUNSET   753 PM EDT
AUGUST 23 2014........SUNRISE   656 AM EDT   SUNSET   752 PM EDT


-  INDICATES NEGATIVE NUMBERS.
R  INDICATES RECORD WAS SET OR TIED.
MM INDICATES DATA IS MISSING.
T  INDICATES TRACE AMOUNT.




$$
