000
CDUS42 KMLB 260635
CLIVRB


CLIMATE REPORT
NATIONAL WEATHER SERVICE MELBOURNE FL
235 AM EDT THU MAY 26 2016


...................................

...THE VERO BEACH CLIMATE SUMMARY FOR MAY 25 2016...

CLIMATE NORMAL PERIOD 1981 TO 2010
CLIMATE RECORD PERIOD 1942 TO 2016


WEATHER ITEM   OBSERVED TIME   RECORD YEAR NORMAL DEPARTURE LAST
                VALUE   (LST)  VALUE       VALUE  FROM      YEAR
                                                  NORMAL
..................................................................
TEMPERATURE (F)
 YESTERDAY
  MAXIMUM         86   1225 PM  95    1949  86      0       89
  MINIMUM         74   1157 PM  57    1967  70      4       76
  AVERAGE         80                        78      2       83

PRECIPITATION (IN)
  YESTERDAY        0.00          2.30 1973   0.14  -0.14     0.09
  MONTH TO DATE   16.37                      2.44  13.93     0.44
  SINCE MAR 1     20.83                      9.28  11.55     7.54
  SINCE JAN 1     34.18                     14.45  19.73    11.17

SNOWFALL (IN)
  YESTERDAY        0.0
  MONTH TO DATE    0.0
  SINCE JUL 1      0.0

DEGREE DAYS
 HEATING
  YESTERDAY        0                         0      0        0
  MONTH TO DATE    0                         0      0        0
  SINCE MAR 1     16                        70    -54       12
  SINCE JUL 1    284                       455   -171      384

 COOLING
  YESTERDAY       15                        13      2       18
  MONTH TO DATE  289                       267     22      327
  SINCE MAR 1    747                       586    161      935
  SINCE JAN 1    845                       725    120     1060
..................................................................


WIND (MPH)
  HIGHEST WIND SPEED    17   HIGHEST WIND DIRECTION     E (70)
  HIGHEST GUST SPEED    23   HIGHEST GUST DIRECTION     E (90)
  AVERAGE WIND SPEED     9.7


SKY COVER
  AVERAGE SKY COVER 0.1


WEATHER CONDITIONS
 THE FOLLOWING WEATHER WAS RECORDED YESTERDAY.
  NO SIGNIFICANT WEATHER WAS OBSERVED.


RELATIVE HUMIDITY (PERCENT)
 HIGHEST    69           300 AM
 LOWEST     44          1100 AM
 AVERAGE    57

..........................................................


THE VERO BEACH CLIMATE NORMALS FOR TODAY
                         NORMAL    RECORD    YEAR
 MAXIMUM TEMPERATURE (F)   86        97      1975
 MINIMUM TEMPERATURE (F)   70        55      1979


SUNRISE AND SUNSET
MAY 26 2016...........SUNRISE   628 AM EDT   SUNSET   810 PM EDT
MAY 27 2016...........SUNRISE   627 AM EDT   SUNSET   811 PM EDT


-  INDICATES NEGATIVE NUMBERS.
R  INDICATES RECORD WAS SET OR TIED.
MM INDICATES DATA IS MISSING.
T  INDICATES TRACE AMOUNT.




$$
