000
CDUS42 KMLB 182020
CLIVRB


CLIMATE REPORT
NATIONAL WEATHER SERVICE MELBOURNE
420 PM EDT FRI APR 18 2014


...................................

...THE VERO BEACH CLIMATE SUMMARY FOR APRIL 18 2014...
VALID TODAY AS OF 0400 PM LOCAL TIME.

CLIMATE NORMAL PERIOD 1981 TO 2010
CLIMATE RECORD PERIOD 1942 TO 2014


WEATHER ITEM   OBSERVED TIME   RECORD YEAR NORMAL DEPARTURE LAST
                VALUE   (LST)  VALUE       VALUE  FROM      YEAR
                                                  NORMAL
..................................................................
TEMPERATURE (F)
 TODAY
  MAXIMUM         82    158 PM  90    1988  81      1       85
  MINIMUM         72    330 AM  45    1983  61     11       64
  AVERAGE         77                        71      6       75

PRECIPITATION (IN)
  TODAY            0.07          1.52 2010   0.08  -0.01     0.00
  MONTH TO DATE    0.75                      1.70  -0.95     2.12
  SINCE MAR 1      2.70                      5.82  -3.12     3.22
  SINCE JAN 1      9.25                     10.99  -1.74     5.77

SNOWFALL (IN)
  TODAY            0.0
  MONTH TO DATE    0.0
  SINCE JUL 1      0.0

DEGREE DAYS
 HEATING
  TODAY            0                         0      0        0
  MONTH TO DATE    5                        13     -8        0
  SINCE MAR 1     33                        68    -35      170
  SINCE JUL 1    268                       453   -185      398

 COOLING
  TODAY           12                         6      6       10
  MONTH TO DATE  130                       101     29      174
  SINCE MAR 1    250                       230     20      236
  SINCE JAN 1    458                       369     89      471
..................................................................


WIND (MPH)
  HIGHEST WIND SPEED    23   HIGHEST WIND DIRECTION    SE (140)
  HIGHEST GUST SPEED    31   HIGHEST GUST DIRECTION    SE (150)
  AVERAGE WIND SPEED    13.7


SKY COVER
  AVERAGE SKY COVER 0.7


WEATHER CONDITIONS
 THE FOLLOWING WEATHER WAS RECORDED TODAY.
  RAIN
  LIGHT RAIN
  FOG


RELATIVE HUMIDITY (PERCENT)
 HIGHEST   100           200 AM
 LOWEST     69          1200 PM
 AVERAGE    85

..........................................................


THE VERO BEACH CLIMATE NORMALS FOR TOMORROW
                         NORMAL    RECORD    YEAR
 MAXIMUM TEMPERATURE (F)   81        93      1969
 MINIMUM TEMPERATURE (F)   62        43      1999


SUNRISE AND SUNSET
APRIL 18 2014.........SUNRISE   654 AM EDT   SUNSET   748 PM EDT
APRIL 19 2014.........SUNRISE   653 AM EDT   SUNSET   749 PM EDT


-  INDICATES NEGATIVE NUMBERS.
R  INDICATES RECORD WAS SET OR TIED.
MM INDICATES DATA IS MISSING.
T  INDICATES TRACE AMOUNT.




$$
