000
CDUS42 KMLB 272026
CLIVRB


CLIMATE REPORT
NATIONAL WEATHER SERVICE MELBOURNE FL
426 PM EDT THU AUG 27 2015


...................................

...THE VERO BEACH CLIMATE SUMMARY FOR AUGUST 27 2015...
VALID TODAY AS OF 0400 PM LOCAL TIME.

CLIMATE NORMAL PERIOD 1981 TO 2010
CLIMATE RECORD PERIOD 1942 TO 2015


WEATHER ITEM   OBSERVED TIME   RECORD YEAR NORMAL DEPARTURE LAST
                VALUE   (LST)  VALUE       VALUE  FROM      YEAR
                                                  NORMAL
..................................................................
TEMPERATURE (F)
 TODAY
  MAXIMUM         91    114 PM  97    2011  89      2       88
  MINIMUM         73    529 AM  65    1984  74     -1       70
  AVERAGE         82                        81      1       79

PRECIPITATION (IN)
  TODAY            0.28          6.49 2012   0.24   0.04     0.01
  MONTH TO DATE    4.45                      6.07  -1.62     4.90
  SINCE JUN 1     15.26                     18.37  -3.11    18.74
  SINCE JAN 1     26.98                     33.74  -6.76    31.92

SNOWFALL (IN)
  TODAY            0.0
  MONTH TO DATE    0.0
  SINCE JUL 1      0.0

DEGREE DAYS
 HEATING
  TODAY            0                         0      0        0
  MONTH TO DATE    0                         0      0        0
  SINCE JUN 1      0                         0      0        0
  SINCE JUL 1      0                         0      0        0

 COOLING
  TODAY           17                        16      1       14
  MONTH TO DATE  497                       454     43      457
  SINCE JUN 1   1577                      1428    149     1379
  SINCE JAN 1   2729                      2234    495     2305
..................................................................


WIND (MPH)
  HIGHEST WIND SPEED    22   HIGHEST WIND DIRECTION     W (260)
  HIGHEST GUST SPEED    25   HIGHEST GUST DIRECTION     W (260)
  AVERAGE WIND SPEED     6.0


SKY COVER
  AVERAGE SKY COVER 0.3


WEATHER CONDITIONS
 THE FOLLOWING WEATHER WAS RECORDED TODAY.
  THUNDERSTORM
  RAIN
  LIGHT RAIN
  FOG
  FOG W/VISIBILITY <= 1/4 MILE
  HAZE


RELATIVE HUMIDITY (PERCENT)
 HIGHEST    88          1200 AM
 LOWEST     56          1100 AM
 AVERAGE    72

..........................................................


THE VERO BEACH CLIMATE NORMALS FOR TOMORROW
                         NORMAL    RECORD    YEAR
 MAXIMUM TEMPERATURE (F)   89        95      2011
 MINIMUM TEMPERATURE (F)   74        64      1984


SUNRISE AND SUNSET
AUGUST 27 2015........SUNRISE   658 AM EDT   SUNSET   748 PM EDT
AUGUST 28 2015........SUNRISE   659 AM EDT   SUNSET   747 PM EDT


-  INDICATES NEGATIVE NUMBERS.
R  INDICATES RECORD WAS SET OR TIED.
MM INDICATES DATA IS MISSING.
T  INDICATES TRACE AMOUNT.




$$
