235
CDUS42 KMLB 220646
CLIVRB


CLIMATE REPORT
NATIONAL WEATHER SERVICE MELBOURNE FL
133 AM EST WED NOV 22 2017


...................................

...THE VERO BEACH CLIMATE SUMMARY FOR NOVEMBER 21 2017...

CLIMATE NORMAL PERIOD 1981 TO 2010
CLIMATE RECORD PERIOD 1942 TO 2017


WEATHER ITEM   OBSERVED TIME   RECORD YEAR NORMAL DEPARTURE LAST
                VALUE   (LST)  VALUE       VALUE  FROM      YEAR
                                                  NORMAL
..................................................................
TEMPERATURE (F)
 YESTERDAY
  MAXIMUM         80    232 PM  86    1988  78      2       73
  MINIMUM         66   1159 PM  39    2006  60      6       42
                                      1968
  AVERAGE         73                        69      4       58

PRECIPITATION (IN)
  YESTERDAY        1.11          4.33 1984   0.09   1.02     0.00
  MONTH TO DATE    3.24                      2.40   0.84     0.34
  SINCE SEP 1     25.28                     14.10  11.18     9.39
  SINCE JAN 1     54.70                     48.80   5.90    62.82

SNOWFALL (IN)
  YESTERDAY        0.0
  MONTH TO DATE    0.0
  SINCE JUL 1      0.0

DEGREE DAYS
 HEATING
  YESTERDAY        0                         1     -1        7
  MONTH TO DATE    0                        13    -13       16
  SINCE SEP 1     18                        16      2       16
  SINCE JUL 1     18                        16      2       16

 COOLING
  YESTERDAY        8                         5      3        0
  MONTH TO DATE  176                       139     37      107
  SINCE SEP 1   1053                       969     84     1044
  SINCE JAN 1   3765                      3267    498     3634
..................................................................


WIND (MPH)
  HIGHEST WIND SPEED    17   HIGHEST WIND DIRECTION    SE (120)
  HIGHEST GUST SPEED    24   HIGHEST GUST DIRECTION     E (110)
  AVERAGE WIND SPEED     7.4


SKY COVER
  AVERAGE SKY COVER 0.6


WEATHER CONDITIONS
 THE FOLLOWING WEATHER WAS RECORDED YESTERDAY.
  THUNDERSTORM
  HEAVY RAIN
  RAIN
  LIGHT RAIN
  FOG


RELATIVE HUMIDITY (PERCENT)
 HIGHEST   100           800 PM
 LOWEST     61          1200 AM
 AVERAGE    81

..........................................................


THE VERO BEACH CLIMATE NORMALS FOR TODAY
                         NORMAL    RECORD    YEAR
 MAXIMUM TEMPERATURE (F)   78        87      1948
 MINIMUM TEMPERATURE (F)   60        37      2006
                                             1981


SUNRISE AND SUNSET
NOVEMBER 22 2017......SUNRISE   648 AM EST   SUNSET   527 PM EST
NOVEMBER 23 2017......SUNRISE   649 AM EST   SUNSET   527 PM EST


-  INDICATES NEGATIVE NUMBERS.
R  INDICATES RECORD WAS SET OR TIED.
MM INDICATES DATA IS MISSING.
T  INDICATES TRACE AMOUNT.




$$
