000
CDUS42 KMLB 260631
CLIVRB


CLIMATE REPORT
NATIONAL WEATHER SERVICE MELBOURNE FL
129 AM EST SUN FEB 26 2017


...................................

...THE VERO BEACH CLIMATE SUMMARY FOR FEBRUARY 25 2017...

CLIMATE NORMAL PERIOD 1981 TO 2010
CLIMATE RECORD PERIOD 1942 TO 2017


WEATHER ITEM   OBSERVED TIME   RECORD YEAR NORMAL DEPARTURE LAST
                VALUE   (LST)  VALUE       VALUE  FROM      YEAR
                                                  NORMAL
..................................................................
TEMPERATURE (F)
 YESTERDAY
  MAXIMUM         87R   303 PM  86    2013  76     11       68
  MINIMUM         59    304 AM  29    1989  55      4       50
  AVERAGE         73                        65      8       59

PRECIPITATION (IN)
  YESTERDAY        0.00          1.64 1957   0.10  -0.10     0.00
  MONTH TO DATE    1.23                      2.33  -1.10     3.96
  SINCE DEC 1      4.10                      7.02  -2.92    17.92
  SINCE JAN 1      1.96                      4.83  -2.87    13.35

SNOWFALL (IN)
  YESTERDAY        0.0
  MONTH TO DATE    0.0
  SINCE JUL 1      0.0

DEGREE DAYS
 HEATING
  YESTERDAY        0                         3     -3        6
  MONTH TO DATE   20                        89    -69      102
  SINCE DEC 1    124                       346   -222      242
  SINCE JUL 1    143                       376   -233      243

 COOLING
  YESTERDAY        8                         3      5        0
  MONTH TO DATE   78                        67     11       61
  SINCE DEC 1    383                       221    162      390
  SINCE JAN 1    178                       128     50       98
..................................................................


WIND (MPH)
  HIGHEST WIND SPEED    15   HIGHEST WIND DIRECTION     W (260)
  HIGHEST GUST SPEED    28   HIGHEST GUST DIRECTION    SW (230)
  AVERAGE WIND SPEED     5.6


SKY COVER
  AVERAGE SKY COVER 0.7


WEATHER CONDITIONS
 THE FOLLOWING WEATHER WAS RECORDED YESTERDAY.
  FOG
  FOG W/VISIBILITY <= 1/4 MILE


RELATIVE HUMIDITY (PERCENT)
 HIGHEST   100          1200 AM
 LOWEST     40           200 PM
 AVERAGE    70

..........................................................


THE VERO BEACH CLIMATE NORMALS FOR TODAY
                         NORMAL    RECORD    YEAR
 MAXIMUM TEMPERATURE (F)   76        86      2013
                                             2008
 MINIMUM TEMPERATURE (F)   56        29      1967


SUNRISE AND SUNSET
FEBRUARY 26 2017......SUNRISE   649 AM EST   SUNSET   621 PM EST
FEBRUARY 27 2017......SUNRISE   648 AM EST   SUNSET   621 PM EST


-  INDICATES NEGATIVE NUMBERS.
R  INDICATES RECORD WAS SET OR TIED.
MM INDICATES DATA IS MISSING.
T  INDICATES TRACE AMOUNT.




$$
