000
CDUS42 KMLB 230627
CLIVRB


CLIMATE REPORT
NATIONAL WEATHER SERVICE MELBOURNE FL
127 AM EST FRI FEB 23 2018


...................................

...THE VERO BEACH CLIMATE SUMMARY FOR FEBRUARY 22 2018...

CLIMATE NORMAL PERIOD 1981 TO 2010
CLIMATE RECORD PERIOD 1942 TO 2018


WEATHER ITEM   OBSERVED TIME   RECORD YEAR NORMAL DEPARTURE LAST
                VALUE   (LST)  VALUE       VALUE  FROM      YEAR
                                                  NORMAL
..................................................................
TEMPERATURE (F)
 YESTERDAY
  MAXIMUM         82    106 PM  89    2003  75      7       73
                                      1997
  MINIMUM         71    643 AM  35    1977  55     16       61
  AVERAGE         77                        65     12       67

PRECIPITATION (IN)
  YESTERDAY        T             2.00 1966   0.09  -0.09     0.61
  MONTH TO DATE    0.45                      2.03  -1.58     1.23
  SINCE DEC 1      5.36                      6.72  -1.36     4.10
  SINCE JAN 1      3.13                      4.53  -1.40     1.96

SNOWFALL (IN)
  YESTERDAY        0.0
  MONTH TO DATE    0.0
  SINCE JUL 1      0.0

DEGREE DAYS
 HEATING
  YESTERDAY        0                         3     -3        0
  MONTH TO DATE    8                        80    -72       20
  SINCE DEC 1    247                       337    -90      124
  SINCE JUL 1    267                       367   -100      143

 COOLING
  YESTERDAY       12                         3      9        2
  MONTH TO DATE  159                        58    101       61
  SINCE DEC 1    351                       212    139      366
  SINCE JAN 1    233                       119    114      161
..................................................................


WIND (MPH)
  HIGHEST WIND SPEED    18   HIGHEST WIND DIRECTION     E (110)
  HIGHEST GUST SPEED    23   HIGHEST GUST DIRECTION    SE (120)
  AVERAGE WIND SPEED    10.7


SKY COVER
  AVERAGE SKY COVER 0.2


WEATHER CONDITIONS
 THE FOLLOWING WEATHER WAS RECORDED YESTERDAY.
  LIGHT RAIN


RELATIVE HUMIDITY (PERCENT)
 HIGHEST    84          1100 PM
 LOWEST     62          1100 AM
 AVERAGE    73

..........................................................


THE VERO BEACH CLIMATE NORMALS FOR TODAY
                         NORMAL    RECORD    YEAR
 MAXIMUM TEMPERATURE (F)   75        89      2008
 MINIMUM TEMPERATURE (F)   55        30      1978


SUNRISE AND SUNSET
FEBRUARY 23 2018......SUNRISE   652 AM EST   SUNSET   618 PM EST
FEBRUARY 24 2018......SUNRISE   651 AM EST   SUNSET   619 PM EST


-  INDICATES NEGATIVE NUMBERS.
R  INDICATES RECORD WAS SET OR TIED.
MM INDICATES DATA IS MISSING.
T  INDICATES TRACE AMOUNT.




$$
