000
CDUS42 KMLB 292033
CLIVRB


CLIMATE REPORT
NATIONAL WEATHER SERVICE MELBOURNE FL
432 PM EDT FRI MAY 29 2015


...................................

...THE VERO BEACH CLIMATE SUMMARY FOR MAY 29 2015...
VALID TODAY AS OF 0400 PM LOCAL TIME.

CLIMATE NORMAL PERIOD 1981 TO 2010
CLIMATE RECORD PERIOD 1942 TO 2015


WEATHER ITEM   OBSERVED TIME   RECORD YEAR NORMAL DEPARTURE LAST
                VALUE   (LST)  VALUE       VALUE  FROM      YEAR
                                                  NORMAL
..................................................................
TEMPERATURE (F)
 TODAY
  MAXIMUM         88    107 PM  99    2000  87      1       88
  MINIMUM         65    541 AM  62    2008  70     -5       70
  AVERAGE         77                        78     -1       79

PRECIPITATION (IN)
  TODAY            0.00          1.73 1978   0.16  -0.16     0.08
  MONTH TO DATE    0.45                      3.04  -2.59     2.64
  SINCE MAR 1      7.55                      9.88  -2.33     6.61
  SINCE JAN 1     11.18                     15.05  -3.87    13.16

SNOWFALL (IN)
  TODAY            0.0
  MONTH TO DATE    0.0
  SINCE JUL 1      0.0

DEGREE DAYS
 HEATING
  TODAY            0                         0      0        0
  MONTH TO DATE    0                         0      0        0
  SINCE MAR 1     12                        70    -58       33
  SINCE JUL 1    384                       455    -71      268

 COOLING
  TODAY           12                        14     -2       14
  MONTH TO DATE  391                       320     71      342
  SINCE MAR 1    999                       639    360      692
  SINCE JAN 1   1124                       778    346      900
..................................................................


WIND (MPH)
  HIGHEST WIND SPEED    20   HIGHEST WIND DIRECTION     E (70)
  HIGHEST GUST SPEED    26   HIGHEST GUST DIRECTION     E (90)
  AVERAGE WIND SPEED     8.9


SKY COVER
  AVERAGE SKY COVER 0.3


WEATHER CONDITIONS
 THE FOLLOWING WEATHER WAS RECORDED TODAY.
  NO SIGNIFICANT WEATHER WAS OBSERVED.


RELATIVE HUMIDITY (PERCENT)
 HIGHEST    81           400 AM
 LOWEST     51           100 PM
 AVERAGE    66

..........................................................


THE VERO BEACH CLIMATE NORMALS FOR TOMORROW
                         NORMAL    RECORD    YEAR
 MAXIMUM TEMPERATURE (F)   87        94      2012
 MINIMUM TEMPERATURE (F)   71        60      1971


SUNRISE AND SUNSET
MAY 29 2015...........SUNRISE   627 AM EDT   SUNSET   811 PM EDT
MAY 30 2015...........SUNRISE   627 AM EDT   SUNSET   812 PM EDT


-  INDICATES NEGATIVE NUMBERS.
R  INDICATES RECORD WAS SET OR TIED.
MM INDICATES DATA IS MISSING.
T  INDICATES TRACE AMOUNT.




$$
