693
CDUS42 KMLB 100730
CLIVRB


CLIMATE REPORT
NATIONAL WEATHER SERVICE MELBOURNE FL
229 AM EST WED FEB 10 2016


...................................

...THE VERO BEACH CLIMATE SUMMARY FOR FEBRUARY 9 2016...

CLIMATE NORMAL PERIOD 1981 TO 2010
CLIMATE RECORD PERIOD 1942 TO 2016


WEATHER ITEM   OBSERVED TIME   RECORD YEAR NORMAL DEPARTURE LAST
                VALUE   (LST)  VALUE       VALUE  FROM      YEAR
                                                  NORMAL
..................................................................
TEMPERATURE (F)
 YESTERDAY
  MAXIMUM         62    431 PM  85    1994  74    -12       75
                                      1974
                                      1962
  MINIMUM         50   1159 PM  31    1995  53     -3       53
  AVERAGE         56                        64     -8       64

PRECIPITATION (IN)
  YESTERDAY        0.00          0.96 1978   0.10  -0.10     0.86
  MONTH TO DATE    1.66                      0.83   0.83     1.76
  SINCE DEC 1     15.62                      5.52  10.10     6.12
  SINCE JAN 1     11.05                      3.33   7.72     2.91

SNOWFALL (IN)
  YESTERDAY        0.0
  MONTH TO DATE    0.0
  SINCE JUL 1      0.0

DEGREE DAYS
 HEATING
  YESTERDAY        9                         4      5        1
  MONTH TO DATE   41                        36      5       23
  SINCE DEC 1    181                       293   -112      194
  SINCE JUL 1    182                       323   -141      273

 COOLING
  YESTERDAY        0                         3     -3        0
  MONTH TO DATE   31                        19     12        3
  SINCE DEC 1    360                       173    187      207
  SINCE JAN 1     68                        80    -12       86
..................................................................


WIND (MPH)
  HIGHEST WIND SPEED    26   HIGHEST WIND DIRECTION     W (250)
  HIGHEST GUST SPEED    35   HIGHEST GUST DIRECTION     W (250)
  AVERAGE WIND SPEED    13.5


SKY COVER
  AVERAGE SKY COVER 0.4


WEATHER CONDITIONS
 THE FOLLOWING WEATHER WAS RECORDED YESTERDAY.
  NO SIGNIFICANT WEATHER WAS OBSERVED.


RELATIVE HUMIDITY (PERCENT)
 HIGHEST    86          1200 AM
 LOWEST     37          1200 PM
 AVERAGE    62

..........................................................


THE VERO BEACH CLIMATE NORMALS FOR TODAY
                         NORMAL    RECORD    YEAR
 MAXIMUM TEMPERATURE (F)   74        88      2003
 MINIMUM TEMPERATURE (F)   54        32      1947


SUNRISE AND SUNSET
FEBRUARY 10 2016......SUNRISE   703 AM EST   SUNSET   609 PM EST
FEBRUARY 11 2016......SUNRISE   702 AM EST   SUNSET   610 PM EST


-  INDICATES NEGATIVE NUMBERS.
R  INDICATES RECORD WAS SET OR TIED.
MM INDICATES DATA IS MISSING.
T  INDICATES TRACE AMOUNT.




$$
