000
CDUS42 KMLB 022036
CLIVRB


CLIMATE REPORT
NATIONAL WEATHER SERVICE MELBOURNE FL
435 PM EDT THU JUL 2 2015


...................................

...THE VERO BEACH CLIMATE SUMMARY FOR JULY 2 2015...
VALID TODAY AS OF 0400 PM LOCAL TIME.

CLIMATE NORMAL PERIOD 1981 TO 2010
CLIMATE RECORD PERIOD 1942 TO 2015


WEATHER ITEM   OBSERVED TIME   RECORD YEAR NORMAL DEPARTURE LAST
                VALUE   (LST)  VALUE       VALUE  FROM      YEAR
                                                  NORMAL
..................................................................
TEMPERATURE (F)
 TODAY
  MAXIMUM         93   1228 PM  95    1986  89      4       92
                                      1980
  MINIMUM         71    522 AM  66    1981  73     -2       73
  AVERAGE         82                        81      1       83

PRECIPITATION (IN)
  TODAY            0.10          1.55 1990   0.20  -0.10      T
  MONTH TO DATE    0.10                      0.40  -0.30     0.10
  SINCE JUN 1      5.01                      7.07  -2.06     7.80
  SINCE JAN 1     16.73                     22.44  -5.71    20.98

SNOWFALL (IN)
  TODAY            0.0
  MONTH TO DATE    0.0
  SINCE JUL 1      0.0

DEGREE DAYS
 HEATING
  TODAY            0                         0      0        0
  MONTH TO DATE    0                         0      0        0
  SINCE JUN 1      0                         0      0        0
  SINCE JUL 1      0                         0      0        0

 COOLING
  TODAY           17                        16      1       18
  MONTH TO DATE   35                        32      3       32
  SINCE JUN 1    548                       488     60      466
  SINCE JAN 1   1700                      1294    406     1392
..................................................................


WIND (MPH)
  HIGHEST WIND SPEED    18   HIGHEST WIND DIRECTION    SE (130)
  HIGHEST GUST SPEED    22   HIGHEST GUST DIRECTION    SE (140)
  AVERAGE WIND SPEED     3.8


SKY COVER
  AVERAGE SKY COVER 0.1


WEATHER CONDITIONS
 THE FOLLOWING WEATHER WAS RECORDED TODAY.
  THUNDERSTORM
  RAIN


RELATIVE HUMIDITY (PERCENT)
 HIGHEST    90           400 AM
 LOWEST     56          1100 AM
 AVERAGE    73

..........................................................


THE VERO BEACH CLIMATE NORMALS FOR TOMORROW
                         NORMAL    RECORD    YEAR
 MAXIMUM TEMPERATURE (F)   90        95      1992
 MINIMUM TEMPERATURE (F)   73        66      1976


SUNRISE AND SUNSET
JULY  2 2015..........SUNRISE   630 AM EDT   SUNSET   821 PM EDT
JULY  3 2015..........SUNRISE   630 AM EDT   SUNSET   821 PM EDT


-  INDICATES NEGATIVE NUMBERS.
R  INDICATES RECORD WAS SET OR TIED.
MM INDICATES DATA IS MISSING.
T  INDICATES TRACE AMOUNT.




$$
