000
CDUS41 KBTV 270537
CLIVSF


CLIMATE REPORT
NATIONAL WEATHER SERVICE BURLINGTON VT
1235 AM EST THU NOV 27 2014


...................................

...THE SPRINGFIELD VT CLIMATE SUMMARY FOR NOVEMBER 26 2014...

CLIMATE NORMAL PERIOD 1981 TO 2010
CLIMATE RECORD PERIOD 9999 TO 9999


WEATHER ITEM   OBSERVED TIME   NORMAL DEPARTURE LAST
                VALUE   (LST)  VALUE  FROM      YEAR
                                      NORMAL
......................................................
TEMPERATURE (F)
 YESTERDAY
  MAXIMUM         41        MM  41      0       33
  MINIMUM         30        MM  25      5       25
  AVERAGE         36            33      3       29

PRECIPITATION (IN)
  YESTERDAY        0.62          0.14   0.48     0.16
  MONTH TO DATE    2.52          3.45  -0.93     1.61
  SINCE SEP 1      8.64         11.63  -2.99     6.57
  SINCE JAN 1     36.33         40.00  -3.67    34.05

DEGREE DAYS
 HEATING
  YESTERDAY       29            32     -3       36
  MONTH TO DATE  747           702     45      756
  SINCE SEP 1   1354          1456   -102     1486
  SINCE JUL 1   1403          1511   -108     1531

 COOLING
  YESTERDAY        0             0      0        0
  MONTH TO DATE    0             0      0        0
  SINCE SEP 1     45            24     21       42
  SINCE JAN 1    282           345    -63      495
......................................................


WIND (MPH)
  HIGHEST WIND SPEED    10   HIGHEST WIND DIRECTION     N (20)
  HIGHEST GUST SPEED    22   HIGHEST GUST DIRECTION     N (360)
  AVERAGE WIND SPEED     3.9


SKY COVER
  AVERAGE SKY COVER 0.7


WEATHER CONDITIONS
 THE FOLLOWING WEATHER WAS RECORDED YESTERDAY.
  HEAVY SNOW
  SNOW
  LIGHT SNOW
  FOG
  FOG W/VISIBILITY <= 1/4 MILE


RELATIVE HUMIDITY (PERCENT)
 HIGHEST   100           100 PM
 LOWEST     51           200 AM
 AVERAGE    76

..........................................................


THE SPRINGFIELD VT CLIMATE NORMALS FOR TODAY
                         NORMAL    RECORD    YEAR
 MAXIMUM TEMPERATURE (F)   41        MM        MM
 MINIMUM TEMPERATURE (F)   25        MM        MM


SUNRISE AND SUNSET
NOVEMBER 27 2014......SUNRISE   658 AM EST   SUNSET   417 PM EST
NOVEMBER 28 2014......SUNRISE   659 AM EST   SUNSET   417 PM EST


-  INDICATES NEGATIVE NUMBERS.
R  INDICATES RECORD WAS SET OR TIED.
MM INDICATES DATA IS MISSING.
T  INDICATES TRACE AMOUNT.




$$
