000
CDUS41 KBTV 260605
CLIVSF


CLIMATE REPORT
NATIONAL WEATHER SERVICE BURLINGTON VT
159 AM EDT SAT JUL 26 2014


...................................

...THE SPRINGFIELD VT CLIMATE SUMMARY FOR JULY 25 2014...

CLIMATE NORMAL PERIOD 1981 TO 2010
CLIMATE RECORD PERIOD 9999 TO 9999


WEATHER ITEM   OBSERVED TIME   NORMAL DEPARTURE LAST
                VALUE   (LST)  VALUE  FROM      YEAR
                                      NORMAL
......................................................
TEMPERATURE (F)
 YESTERDAY
  MAXIMUM         79    335 PM  81     -2       72
  MINIMUM         49    548 AM  57     -8       47
  AVERAGE         64            69     -5       60

PRECIPITATION (IN)
  YESTERDAY        0.00          0.15  -0.15     0.00
  MONTH TO DATE    2.83          3.60  -0.77     4.97
  SINCE JUN 1      7.01          7.49  -0.48    11.37
  SINCE JAN 1     20.54         23.76  -3.22    23.08

DEGREE DAYS
 HEATING
  YESTERDAY        1             1      0        5
  MONTH TO DATE    1            11    -10        5
  SINCE JUN 1     59           107    -48      106
  SINCE JUL 1      1            11    -10        5

 COOLING
  YESTERDAY        0             5     -5        0
  MONTH TO DATE  106           118    -12      238
  SINCE JUN 1    165           182    -17      327
  SINCE JAN 1    170           194    -24      351
......................................................


WIND (MPH)
  HIGHEST WIND SPEED    14   HIGHEST WIND DIRECTION     W (280)
  HIGHEST GUST SPEED    19   HIGHEST GUST DIRECTION     W (270)
  AVERAGE WIND SPEED     2.4


SKY COVER
  AVERAGE SKY COVER 0.2


WEATHER CONDITIONS
 THE FOLLOWING WEATHER WAS RECORDED YESTERDAY.
  FOG
  FOG W/VISIBILITY <= 1/4 MILE


RELATIVE HUMIDITY (PERCENT)
 HIGHEST   100           500 AM
 LOWEST     39           100 PM
 AVERAGE    70

..........................................................


THE SPRINGFIELD VT CLIMATE NORMALS FOR TODAY
                         NORMAL    RECORD    YEAR
 MAXIMUM TEMPERATURE (F)   81        MM        MM
 MINIMUM TEMPERATURE (F)   57        MM        MM


SUNRISE AND SUNSET
JULY 26 2014..........SUNRISE   534 AM EDT   SUNSET   819 PM EDT
JULY 27 2014..........SUNRISE   535 AM EDT   SUNSET   818 PM EDT


-  INDICATES NEGATIVE NUMBERS.
R  INDICATES RECORD WAS SET OR TIED.
MM INDICATES DATA IS MISSING.
T  INDICATES TRACE AMOUNT.




$$
