000
CDUS41 KBTV 060600
CLIVSF


CLIMATE REPORT
NATIONAL WEATHER SERVICE BURLINGTON VT
158 AM EDT MON JUL 6 2015


...................................

...THE SPRINGFIELD VT CLIMATE SUMMARY FOR JULY 5 2015...

CLIMATE NORMAL PERIOD 1981 TO 2010
CLIMATE RECORD PERIOD 9999 TO 9999


WEATHER ITEM   OBSERVED TIME   NORMAL DEPARTURE LAST
                VALUE   (LST)  VALUE  FROM      YEAR
                                      NORMAL
......................................................
TEMPERATURE (F)
 YESTERDAY
  MAXIMUM         81    421 PM  81      0       80
  MINIMUM         53    507 AM  57     -4       59
  AVERAGE         67            69     -2       70

PRECIPITATION (IN)
  YESTERDAY        0.00          0.14  -0.14     0.00
  MONTH TO DATE    0.58          0.62  -0.04     0.73
  SINCE JUN 1      5.78          4.51   1.27     4.91
  SINCE JAN 1     14.28         20.78  -6.50    18.44

DEGREE DAYS
 HEATING
  YESTERDAY        0             1     -1        0
  MONTH TO DATE   10             5      5        0
  SINCE JUN 1    117           101     16       58
  SINCE JUL 1     10             5      5        0

 COOLING
  YESTERDAY        2             4     -2        5
  MONTH TO DATE    3            20    -17       30
  SINCE JUN 1     46            84    -38       89
  SINCE JAN 1     95            96     -1       94
......................................................


WIND (MPH)
  HIGHEST WIND SPEED    16   HIGHEST WIND DIRECTION     W (280)
  HIGHEST GUST SPEED    22   HIGHEST GUST DIRECTION     W (260)
  AVERAGE WIND SPEED     4.0


SKY COVER
  AVERAGE SKY COVER 0.4


WEATHER CONDITIONS
 THE FOLLOWING WEATHER WAS RECORDED YESTERDAY.
  FOG
  FOG W/VISIBILITY <= 1/4 MILE
  HAZE


RELATIVE HUMIDITY (PERCENT)
 HIGHEST   100           100 AM
 LOWEST     39           100 PM
 AVERAGE    70

..........................................................


THE SPRINGFIELD VT CLIMATE NORMALS FOR TODAY
                         NORMAL    RECORD    YEAR
 MAXIMUM TEMPERATURE (F)   81        96      2010
 MINIMUM TEMPERATURE (F)   57        46      1997


SUNRISE AND SUNSET
JULY  6 2015..........SUNRISE   516 AM EDT   SUNSET   833 PM EDT
JULY  7 2015..........SUNRISE   517 AM EDT   SUNSET   833 PM EDT


-  INDICATES NEGATIVE NUMBERS.
R  INDICATES RECORD WAS SET OR TIED.
MM INDICATES DATA IS MISSING.
T  INDICATES TRACE AMOUNT.




$$
