284
CDUS41 KBTV 230532
CLIVSF


CLIMATE REPORT
NATIONAL WEATHER SERVICE BURLINGTON VT
125 AM EDT SAT SEP 23 2017


...................................

...THE SPRINGFIELD VT CLIMATE SUMMARY FOR SEPTEMBER 22 2017...

CLIMATE NORMAL PERIOD 1981 TO 2010
CLIMATE RECORD PERIOD 9999 TO 9999


WEATHER ITEM   OBSERVED TIME   NORMAL DEPARTURE LAST
                VALUE   (LST)  VALUE  FROM      YEAR
                                      NORMAL
......................................................
TEMPERATURE (F)
 YESTERDAY
  MAXIMUM         77    242 PM  68      9       83
  MINIMUM         47    623 AM  45      2       47
  AVERAGE         62            56      6       65

PRECIPITATION (IN)
  YESTERDAY        0.00          0.12  -0.12     0.00
  MONTH TO DATE    2.23          2.52  -0.29     0.96
  SINCE SEP 1      2.23          2.52  -0.29     0.96
  SINCE JAN 1     30.52         30.89  -0.37    19.84

DEGREE DAYS
 HEATING
  YESTERDAY        3             9     -6        0
  MONTH TO DATE   83           112    -29       42
  SINCE SEP 1     83           112    -29       42
  SINCE JUL 1    148           167    -19       64

 COOLING
  YESTERDAY        0             0      0        0
  MONTH TO DATE   39            21     18       44
  SINCE SEP 1     39            21     18       44
  SINCE JAN 1    339           342     -3      481
......................................................


WIND (MPH)
  HIGHEST WIND SPEED    12   HIGHEST WIND DIRECTION     N (20)
  HIGHEST GUST SPEED    19   HIGHEST GUST DIRECTION     N (20)
  AVERAGE WIND SPEED     2.7


SKY COVER
  AVERAGE SKY COVER 0.4


WEATHER CONDITIONS
 THE FOLLOWING WEATHER WAS RECORDED YESTERDAY.
  NO SIGNIFICANT WEATHER WAS OBSERVED.


RELATIVE HUMIDITY (PERCENT)
 HIGHEST    96           100 AM
 LOWEST     31           200 PM
 AVERAGE    64

..........................................................


THE SPRINGFIELD VT CLIMATE NORMALS FOR TODAY
                         NORMAL    RECORD    YEAR
 MAXIMUM TEMPERATURE (F)   68        78      2009
 MINIMUM TEMPERATURE (F)   44        36      1998


SUNRISE AND SUNSET
SEPTEMBER 23 2017.....SUNRISE   639 AM EDT   SUNSET   645 PM EDT
SEPTEMBER 24 2017.....SUNRISE   640 AM EDT   SUNSET   643 PM EDT


-  INDICATES NEGATIVE NUMBERS.
R  INDICATES RECORD WAS SET OR TIED.
MM INDICATES DATA IS MISSING.
T  INDICATES TRACE AMOUNT.




$$
