000
CDUS41 KBTV 200546
CLIVSF


CLIMATE REPORT
NATIONAL WEATHER SERVICE BURLINGTON VT
1242 AM EST FRI JAN 20 2017


...................................

...THE SPRINGFIELD VT CLIMATE SUMMARY FOR JANUARY 19 2017...

CLIMATE NORMAL PERIOD 1981 TO 2010
CLIMATE RECORD PERIOD 9999 TO 9999


WEATHER ITEM   OBSERVED TIME   NORMAL DEPARTURE LAST
                VALUE   (LST)  VALUE  FROM      YEAR
                                      NORMAL
......................................................
TEMPERATURE (F)
 YESTERDAY
  MAXIMUM         40    247 PM  29     11       19
  MINIMUM         30    837 AM   9     21       10
  AVERAGE         35            19     16       15

PRECIPITATION (IN)
  YESTERDAY        T             0.07  -0.07     0.11
  MONTH TO DATE    0.92          1.99  -1.07     1.49
  SINCE DEC 1      3.32          5.26  -1.94     4.81
  SINCE JAN 1      0.92          1.99  -1.07     1.49

DEGREE DAYS
 HEATING
  YESTERDAY       30            46    -16       50
  MONTH TO DATE  777           863    -86      778
  SINCE DEC 1   1992          2083    -91     1648
  SINCE JUL 1   3448          3726   -278     3061

 COOLING
  YESTERDAY        0             0      0        0
  MONTH TO DATE    0             0      0        0
  SINCE DEC 1      0             0      0        0
  SINCE JAN 1      0             0      0        0
......................................................


WIND (MPH)
  HIGHEST WIND SPEED     6   HIGHEST WIND DIRECTION    NW (320)
  HIGHEST GUST SPEED    10   HIGHEST GUST DIRECTION     N (340)
  AVERAGE WIND SPEED     0.3


SKY COVER
  AVERAGE SKY COVER 1.0


WEATHER CONDITIONS
 THE FOLLOWING WEATHER WAS RECORDED YESTERDAY.
  FOG


RELATIVE HUMIDITY (PERCENT)
 HIGHEST   100          1000 AM
 LOWEST     82           200 PM
 AVERAGE    91

..........................................................


THE SPRINGFIELD VT CLIMATE NORMALS FOR TODAY
                         NORMAL    RECORD    YEAR
 MAXIMUM TEMPERATURE (F)   29        54      2006
 MINIMUM TEMPERATURE (F)    9        -4      2003


SUNRISE AND SUNSET
JANUARY 20 2017.......SUNRISE   716 AM EST   SUNSET   446 PM EST
JANUARY 21 2017.......SUNRISE   716 AM EST   SUNSET   448 PM EST


-  INDICATES NEGATIVE NUMBERS.
R  INDICATES RECORD WAS SET OR TIED.
MM INDICATES DATA IS MISSING.
T  INDICATES TRACE AMOUNT.




$$
