000
CDUS41 KBTV 250539
CLIVSF


CLIMATE REPORT
NATIONAL WEATHER SERVICE BURLINGTON VT
134 AM EDT MON MAY 25 2015


...................................

...THE SPRINGFIELD VT CLIMATE SUMMARY FOR MAY 24 2015...

CLIMATE NORMAL PERIOD 1981 TO 2010
CLIMATE RECORD PERIOD 9999 TO 9999


WEATHER ITEM   OBSERVED TIME   NORMAL DEPARTURE LAST
                VALUE   (LST)  VALUE  FROM      YEAR
                                      NORMAL
......................................................
TEMPERATURE (F)
 YESTERDAY
  MAXIMUM         81    203 PM  70     11       68
  MINIMUM         34    423 AM  45    -11       50
  AVERAGE         58            57      1       59

PRECIPITATION (IN)
  YESTERDAY        0.00          0.14  -0.14     0.08
  MONTH TO DATE    0.60          2.67  -2.07     2.89
  SINCE MAR 1      3.69          9.59  -5.90     8.61
  SINCE JAN 1      7.84         15.20  -7.36    12.30

DEGREE DAYS
 HEATING
  YESTERDAY        7             8     -1        6
  MONTH TO DATE  168           266    -98      233
  SINCE MAR 1   2027          1927    100     2150
  SINCE JUL 1   7579          7372    207     7861

 COOLING
  YESTERDAY        0             0      0        0
  MONTH TO DATE   15             0     15        5
  SINCE MAR 1     15             2     13        5
  SINCE JAN 1     15             2     13        5
......................................................


WIND (MPH)
  HIGHEST WIND SPEED    21   HIGHEST WIND DIRECTION     W (280)
  HIGHEST GUST SPEED    28   HIGHEST GUST DIRECTION     W (290)
  AVERAGE WIND SPEED     5.3


SKY COVER
  AVERAGE SKY COVER 0.1


WEATHER CONDITIONS
 THE FOLLOWING WEATHER WAS RECORDED YESTERDAY.
  HAZE


RELATIVE HUMIDITY (PERCENT)
 HIGHEST    92           500 AM
 LOWEST     19          1200 PM
 AVERAGE    56

..........................................................


THE SPRINGFIELD VT CLIMATE NORMALS FOR TODAY
                         NORMAL    RECORD    YEAR
 MAXIMUM TEMPERATURE (F)   70        90      2010
 MINIMUM TEMPERATURE (F)   45        36      2008


SUNRISE AND SUNSET
MAY 25 2015...........SUNRISE   517 AM EDT   SUNSET   817 PM EDT
MAY 26 2015...........SUNRISE   516 AM EDT   SUNSET   818 PM EDT


-  INDICATES NEGATIVE NUMBERS.
R  INDICATES RECORD WAS SET OR TIED.
MM INDICATES DATA IS MISSING.
T  INDICATES TRACE AMOUNT.




$$
