000
CDUS41 KBTV 210636
CLIVSF


CLIMATE REPORT
NATIONAL WEATHER SERVICE BURLINGTON VT
134 AM EST TUE NOV 21 2017


...................................

...THE SPRINGFIELD VT CLIMATE SUMMARY FOR NOVEMBER 20 2017...

CLIMATE NORMAL PERIOD 1981 TO 2010
CLIMATE RECORD PERIOD 9999 TO 9999


WEATHER ITEM   OBSERVED TIME   NORMAL DEPARTURE LAST
                VALUE   (LST)  VALUE  FROM      YEAR
                                      NORMAL
......................................................
TEMPERATURE (F)
 YESTERDAY
  MAXIMUM         37    643 PM  44     -7       43
  MINIMUM         29    835 AM  27      2       30
  AVERAGE         33            36     -3       37

PRECIPITATION (IN)
  YESTERDAY        0.00          0.13  -0.13     0.33
  MONTH TO DATE    1.32          2.67  -1.35     1.24
  SINCE SEP 1      8.95         10.85  -1.90     5.42
  SINCE JAN 1     37.24         39.22  -1.98    24.30

DEGREE DAYS
 HEATING
  YESTERDAY       32            29      3       28
  MONTH TO DATE  570           518     52      466
  SINCE SEP 1   1010          1272   -262     1114
  SINCE JUL 1   1075          1327   -252     1136

 COOLING
  YESTERDAY        0             0      0        0
  MONTH TO DATE    0             0      0        0
  SINCE SEP 1     86            24     62       44
  SINCE JAN 1    386           345     41      481
......................................................


WIND (MPH)
  HIGHEST WIND SPEED    29   HIGHEST WIND DIRECTION     W (270)
  HIGHEST GUST SPEED    38   HIGHEST GUST DIRECTION     W (270)
  AVERAGE WIND SPEED    10.0


SKY COVER
  AVERAGE SKY COVER 0.8


WEATHER CONDITIONS
 THE FOLLOWING WEATHER WAS RECORDED YESTERDAY.
  NO SIGNIFICANT WEATHER WAS OBSERVED.


RELATIVE HUMIDITY (PERCENT)
 HIGHEST    70          1000 PM
 LOWEST     39           600 AM
 AVERAGE    55

..........................................................


THE SPRINGFIELD VT CLIMATE NORMALS FOR TODAY
                         NORMAL    RECORD    YEAR
 MAXIMUM TEMPERATURE (F)   44        57      2003
 MINIMUM TEMPERATURE (F)   27        14      2013


SUNRISE AND SUNSET
NOVEMBER 21 2017......SUNRISE   651 AM EST   SUNSET   421 PM EST
NOVEMBER 22 2017......SUNRISE   652 AM EST   SUNSET   420 PM EST


-  INDICATES NEGATIVE NUMBERS.
R  INDICATES RECORD WAS SET OR TIED.
MM INDICATES DATA IS MISSING.
T  INDICATES TRACE AMOUNT.




$$
