000
CDUS41 KBTV 240524
CLIVSF


CLIMATE REPORT
NATIONAL WEATHER SERVICE BURLINGTON VT
122 AM EDT WED AUG 24 2016


...................................

...THE SPRINGFIELD VT CLIMATE SUMMARY FOR AUGUST 23 2016...

CLIMATE NORMAL PERIOD 1981 TO 2010
CLIMATE RECORD PERIOD 9999 TO 9999


WEATHER ITEM   OBSERVED TIME   NORMAL DEPARTURE LAST
                VALUE   (LST)  VALUE  FROM      YEAR
                                      NORMAL
......................................................
TEMPERATURE (F)
 YESTERDAY
  MAXIMUM         78    255 PM  79     -1       82
  MINIMUM         45    307 AM  55    -10       53
  AVERAGE         62            66     -4       68

PRECIPITATION (IN)
  YESTERDAY        0.00          0.12  -0.12     0.17
  MONTH TO DATE    2.48          2.87  -0.39     3.00
  SINCE JUN 1      8.34         11.19  -2.85     9.48
  SINCE JAN 1     18.76         27.46  -8.70    17.98

DEGREE DAYS
 HEATING
  YESTERDAY        3             1      2        0
  MONTH TO DATE    8            23    -15        5
  SINCE JUN 1     94           136    -42      128
  SINCE JUL 1     22            40    -18       21

 COOLING
  YESTERDAY        0             3     -3        3
  MONTH TO DATE  139            85     54      124
  SINCE JUN 1    362           288     74      309
  SINCE JAN 1    403           300    103      358
......................................................


WIND (MPH)
  HIGHEST WIND SPEED    14   HIGHEST WIND DIRECTION     W (250)
  HIGHEST GUST SPEED    17   HIGHEST GUST DIRECTION     W (270)
  AVERAGE WIND SPEED     3.1


SKY COVER
  AVERAGE SKY COVER 0.2


WEATHER CONDITIONS
 THE FOLLOWING WEATHER WAS RECORDED YESTERDAY.
  FOG
  FOG W/VISIBILITY <= 1/4 MILE


RELATIVE HUMIDITY (PERCENT)
 HIGHEST   100           700 AM
 LOWEST     31           200 PM
 AVERAGE    66

..........................................................


THE SPRINGFIELD VT CLIMATE NORMALS FOR TODAY
                         NORMAL    RECORD    YEAR
 MAXIMUM TEMPERATURE (F)   78        87      2012
 MINIMUM TEMPERATURE (F)   55        44      2013


SUNRISE AND SUNSET
AUGUST 24 2016........SUNRISE   606 AM EDT   SUNSET   738 PM EDT
AUGUST 25 2016........SUNRISE   607 AM EDT   SUNSET   736 PM EDT


-  INDICATES NEGATIVE NUMBERS.
R  INDICATES RECORD WAS SET OR TIED.
MM INDICATES DATA IS MISSING.
T  INDICATES TRACE AMOUNT.




$$
