000
CDUS43 KLBF 050943 RRB
CLIVTN

CLIMATE REPORT
NATIONAL WEATHER SERVICE NORTH PLATTE
439 AM CDT WED AUG 5 2015


...................................

...THE VALENTINE NE CLIMATE SUMMARY FOR AUGUST 4 2015...

CLIMATE NORMAL PERIOD 1981 TO 2010
CLIMATE RECORD PERIOD 1885 TO 2015


WEATHER ITEM   OBSERVED TIME   RECORD YEAR NORMAL DEPARTURE LAST
                VALUE   (LST)  VALUE       VALUE  FROM      YEAR
                                                  NORMAL
..................................................................
TEMPERATURE (F)
 YESTERDAY
  MAXIMUM         86    140 PM 107    1934  89     -3       88
  MINIMUM         63    705 AM  38    1974  61      2       66
  AVERAGE         75                        75      0       77

PRECIPITATION (IN)
  YESTERDAY        0.03          2.32 1981   0.09  -0.06     0.14
  MONTH TO DATE    0.59                      0.37   0.22     0.43
  SINCE JUN 1      7.26                      7.14   0.12     9.64
  SINCE JAN 1     16.65                     14.30   2.35    16.85

SNOWFALL (IN)
  YESTERDAY        0.0           0.0    MM   0.0    0.0      0.0
  MONTH TO DATE    0.0                       0.0    0.0      0.0
  SINCE JUN 1      0.0                       0.0    0.0      0.0
  SINCE JUL 1      0.0                       0.0    0.0      0.0
  SNOW DEPTH       0

DEGREE DAYS
 HEATING
  YESTERDAY        0                         0      0        0
  MONTH TO DATE    0                         0      0        0
  SINCE JUN 1     10                        69    -59       73
  SINCE JUL 1      2                         8     -6       19

 COOLING
  YESTERDAY       10                        10      0       12
  MONTH TO DATE   36                        40     -4       43
  SINCE JUN 1    448                       481    -33      384
  SINCE JAN 1    454                       515    -61      445
..................................................................


WIND (MPH)
  HIGHEST WIND SPEED    25   HIGHEST WIND DIRECTION     S (180)
  HIGHEST GUST SPEED    32   HIGHEST GUST DIRECTION     S (160)
  AVERAGE WIND SPEED    11.2


SKY COVER
  POSSIBLE SUNSHINE  MM
  AVERAGE SKY COVER  MM


WEATHER CONDITIONS
 THE FOLLOWING WEATHER WAS RECORDED YESTERDAY.
  NO SIGNIFICANT WEATHER WAS OBSERVED.


RELATIVE HUMIDITY (PERCENT)
 HIGHEST    MM
 LOWEST     MM
 AVERAGE    MM

..........................................................


THE VALENTINE NE CLIMATE NORMALS FOR TODAY
                         NORMAL    RECORD    YEAR
 MAXIMUM TEMPERATURE (F)   89       104      1968
 MINIMUM TEMPERATURE (F)   61        42      1980


SUNRISE AND SUNSET
AUGUST  5 2015........SUNRISE   637 AM CDT   SUNSET   858 PM CDT
AUGUST  6 2015........SUNRISE   638 AM CDT   SUNSET   857 PM CDT


-  INDICATES NEGATIVE NUMBERS.
R  INDICATES RECORD WAS SET OR TIED.
MM INDICATES DATA IS MISSING.
T  INDICATES TRACE AMOUNT.




$$
