000
CDUS43 KLBF 010928
CLIVTN

CLIMATE REPORT
NATIONAL WEATHER SERVICE NORTH PLATTE
427 AM CDT WED OCT 1 2014

...................................

...THE VALENTINE NE CLIMATE SUMMARY FOR SEPTEMBER 30 2014...

CLIMATE NORMAL PERIOD 1981 TO 2010
CLIMATE RECORD PERIOD 1885 TO 2014


WEATHER ITEM   OBSERVED TIME   RECORD YEAR NORMAL DEPARTURE LAST
                VALUE   (LST)  VALUE       VALUE  FROM      YEAR
                                                  NORMAL
..................................................................
TEMPERATURE (F)
 YESTERDAY
  MAXIMUM         74    407 PM  94    1989  70      4       89
                                      1980
                                      1967
  MINIMUM         50   1157 PM  21    1984  40     10       52
  AVERAGE         62                        55      7       71

PRECIPITATION (IN)
  YESTERDAY        0.06          0.73 1918   0.06   0.00     0.00
  MONTH TO DATE    0.74                      1.64  -0.90     1.55
  SINCE SEP 1      0.74                      1.64  -0.90     1.55
  SINCE JAN 1     19.78                     17.75   2.03    19.19

SNOWFALL (IN)
  YESTERDAY        0.0           T    1985   0.0    0.0      0.0
                                      1961
                                      1944
  MONTH TO DATE    0.0                       0.7   -0.7      0.0
  SINCE SEP 1      0.0                       0.7   -0.7      0.0
  SINCE JUL 1      0.0                       0.7   -0.7      0.0
  SNOW DEPTH       0

DEGREE DAYS
 HEATING
  YESTERDAY        3                        10     -7        0
  MONTH TO DATE  133                       160    -27       63
  SINCE SEP 1    133                       160    -27       63
  SINCE JUL 1    154                       185    -31       66

 COOLING
  YESTERDAY        0                         1     -1        6
  MONTH TO DATE   89                        81      8      171
  SINCE SEP 1     89                        81      8      171
  SINCE JAN 1    724                       817    -93      964
..................................................................


WIND (MPH)
  HIGHEST WIND SPEED    40   HIGHEST WIND DIRECTION    SW (230)
  HIGHEST GUST SPEED    52   HIGHEST GUST DIRECTION    SW (240)
  AVERAGE WIND SPEED    19.5


SKY COVER
  POSSIBLE SUNSHINE  MM
  AVERAGE SKY COVER 0.2


WEATHER CONDITIONS
 THE FOLLOWING WEATHER WAS RECORDED YESTERDAY.
  LIGHT RAIN
  FOG


RELATIVE HUMIDITY (PERCENT)
 HIGHEST    90           300 AM
 LOWEST     35           400 PM
 AVERAGE    63

..........................................................


THE VALENTINE NE CLIMATE NORMALS FOR TODAY
                         NORMAL    RECORD    YEAR
 MAXIMUM TEMPERATURE (F)   70        95      1997
 MINIMUM TEMPERATURE (F)   40        20      1985


SUNRISE AND SUNSET
OCTOBER  1 2014.......SUNRISE   739 AM CDT   SUNSET   723 PM CDT
OCTOBER  2 2014.......SUNRISE   741 AM CDT   SUNSET   722 PM CDT


-  INDICATES NEGATIVE NUMBERS.
R  INDICATES RECORD WAS SET OR TIED.
MM INDICATES DATA IS MISSING.
T  INDICATES TRACE AMOUNT.

$$
