000
CDUS43 KLBF 242245
CLIVTN

CLIMATE REPORT
NATIONAL WEATHER SERVICE NORTH PLATTE
542 PM CDT SUN MAY 24 2015


...................................

...THE VALENTINE NE CLIMATE SUMMARY FOR MAY 24 2015...
VALID TODAY AS OF 0500 PM LOCAL TIME.

CLIMATE NORMAL PERIOD 1981 TO 2010
CLIMATE RECORD PERIOD 1885 TO 2015


WEATHER ITEM   OBSERVED TIME   RECORD YEAR NORMAL DEPARTURE LAST
                VALUE   (LST)  VALUE       VALUE  FROM      YEAR
                                                  NORMAL
..................................................................
TEMPERATURE (F)
 TODAY
  MAXIMUM         68    334 PM  96    1967  73     -5       79
                                      1926
  MINIMUM         54    645 AM  25    2002  47      7       61
  AVERAGE         61                        60      1       70

PRECIPITATION (IN)
  TODAY            0.18          1.56 1916   0.11   0.07     0.00
  MONTH TO DATE    5.62                      2.35   3.27     1.88
  SINCE MAR 1      7.27                      5.64   1.63     5.42
  SINCE JAN 1      7.89                      6.38   1.51     6.08

SNOWFALL (IN)
  TODAY            0.0           0.0    MM   0.0    0.0      0.0
  MONTH TO DATE    0.0                       0.1   -0.1      1.0
  SINCE MAR 1      0.8                      11.2  -10.4      9.3
  SINCE JUL 1     22.5                      33.3  -10.8     35.8
  SNOW DEPTH       0

DEGREE DAYS
 HEATING
  TODAY            4                         6     -2        0
  MONTH TO DATE  265                       225     40      271
  SINCE MAR 1   1400                      1672   -272     1766
  SINCE JUL 1   6526                      6908   -382     7244

 COOLING
  TODAY            0                         1     -1        5
  MONTH TO DATE    3                        21    -18       13
  SINCE MAR 1      5                        25    -20       13
  SINCE JAN 1      5                        25    -20       13
..................................................................


WIND (MPH)
  HIGHEST WIND SPEED    15   HIGHEST WIND DIRECTION     E (70)
  HIGHEST GUST SPEED    20   HIGHEST GUST DIRECTION     E (100)
  AVERAGE WIND SPEED    10.4


SKY COVER
  POSSIBLE SUNSHINE  MM
  AVERAGE SKY COVER 1.0


WEATHER CONDITIONS
 THE FOLLOWING WEATHER WAS RECORDED TODAY.
  LIGHT RAIN
  FOG


RELATIVE HUMIDITY (PERCENT)
 HIGHEST   100           100 AM
 LOWEST     78           400 PM
 AVERAGE    89

..........................................................


THE VALENTINE NE CLIMATE NORMALS FOR TOMORROW
                         NORMAL    RECORD    YEAR
 MAXIMUM TEMPERATURE (F)   74        97      1985
 MINIMUM TEMPERATURE (F)   47        32      1910


SUNRISE AND SUNSET
MAY 24 2015...........SUNRISE   611 AM CDT   SUNSET   907 PM CDT
MAY 25 2015...........SUNRISE   611 AM CDT   SUNSET   908 PM CDT


-  INDICATES NEGATIVE NUMBERS.
R  INDICATES RECORD WAS SET OR TIED.
MM INDICATES DATA IS MISSING.
T  INDICATES TRACE AMOUNT.

$$
