000
CDUS43 KLBF 312235 RRA
CLIVTN

CLIMATE REPORT
NATIONAL WEATHER SERVICE NORTH PLATTE
534 PM CDT MON AUG 31 2015


...................................

...THE VALENTINE NE CLIMATE SUMMARY FOR AUGUST 31 2015...
VALID TODAY AS OF 0500 PM LOCAL TIME.

CLIMATE NORMAL PERIOD 1981 TO 2010
CLIMATE RECORD PERIOD 1885 TO 2015


WEATHER ITEM   OBSERVED TIME   RECORD YEAR NORMAL DEPARTURE LAST
                VALUE   (LST)  VALUE       VALUE  FROM      YEAR
                                                  NORMAL
..................................................................
TEMPERATURE (F)
 TODAY
  MAXIMUM         88   1103 AM 103    1960  84      4       76
  MINIMUM         63    613 AM  37    1993  55      8       55
                                      1965
  AVERAGE         76                        69      7       66

PRECIPITATION (IN)
  TODAY            T             1.52 1966   0.05  -0.05     0.21
  MONTH TO DATE    1.89                      2.18  -0.29     2.62
  SINCE JUN 1      8.56                      8.95  -0.39    11.83
  SINCE JAN 1     17.95                     16.11   1.84    19.04

SNOWFALL (IN)
  TODAY            0.0           0.0    MM   0.0    0.0      0.0
  MONTH TO DATE    0.0                       0.0    0.0      0.0
  SINCE JUN 1      0.0                       0.0    0.0      0.0
  SINCE JUL 1      0.0                       0.0    0.0      0.0
  SNOW DEPTH       0

DEGREE DAYS
 HEATING
  TODAY            0                         2     -2        0
  MONTH TO DATE   29                        14     15        2
  SINCE JUN 1     39                        86    -47       75
  SINCE JUL 1     31                        25      6       21

 COOLING
  TODAY           11                         6      5        1
  MONTH TO DATE  242                       261    -19      233
  SINCE JUN 1    654                       702    -48      574
  SINCE JAN 1    660                       736    -76      635
..................................................................


WIND (MPH)
  HIGHEST WIND SPEED    24   HIGHEST WIND DIRECTION     S (200)
  HIGHEST GUST SPEED    30   HIGHEST GUST DIRECTION     S (190)
  AVERAGE WIND SPEED    12.4


SKY COVER
  POSSIBLE SUNSHINE  MM
  AVERAGE SKY COVER 0.1


WEATHER CONDITIONS
 THE FOLLOWING WEATHER WAS RECORDED TODAY.
  NO SIGNIFICANT WEATHER WAS OBSERVED.


RELATIVE HUMIDITY (PERCENT)
 HIGHEST    61          1200 AM
 LOWEST     30          1000 AM
 AVERAGE    46

..........................................................


THE VALENTINE NE CLIMATE NORMALS FOR TOMORROW
                         NORMAL    RECORD    YEAR
 MAXIMUM TEMPERATURE (F)   84       102      1983
                                             1964
 MINIMUM TEMPERATURE (F)   54        35      1965


SUNRISE AND SUNSET
AUGUST 31 2015........SUNRISE   705 AM CDT   SUNSET   819 PM CDT
SEPTEMBER  1 2015.....SUNRISE   707 AM CDT   SUNSET   817 PM CDT


-  INDICATES NEGATIVE NUMBERS.
R  INDICATES RECORD WAS SET OR TIED.
MM INDICATES DATA IS MISSING.
T  INDICATES TRACE AMOUNT.




$$
