000
CDUS43 KLBF 270938
CLIVTN

CLIMATE REPORT
NATIONAL WEATHER SERVICE NORTH PLATTE
437 AM CDT WED AUG 27 2014


...................................

...THE VALENTINE NE CLIMATE SUMMARY FOR AUGUST 26 2014...

CLIMATE NORMAL PERIOD 1981 TO 2010
CLIMATE RECORD PERIOD 1885 TO 2014


WEATHER ITEM   OBSERVED TIME   RECORD YEAR NORMAL DEPARTURE LAST
                VALUE   (LST)  VALUE       VALUE  FROM      YEAR
                                                  NORMAL
..................................................................
TEMPERATURE (F)
 YESTERDAY
  MAXIMUM         82    410 PM 106    1970  85     -3      100
  MINIMUM         52    308 AM  44    1992  57     -5       74
                                      1972
                                      1967
  AVERAGE         67                        71     -4       87

PRECIPITATION (IN)
  YESTERDAY        0.00          1.54 1963   0.05  -0.05     0.00
  MONTH TO DATE    2.06                      1.93   0.13     2.00
  SINCE JUN 1     11.27                      8.70   2.57     8.23
  SINCE JAN 1     18.48                     15.86   2.62    17.63

SNOWFALL (IN)
  YESTERDAY        0.0           0.0    MM   0.0    0.0      0.0
  MONTH TO DATE    0.0                       0.0    0.0      0.0
  SINCE JUN 1      0.0                       0.0    0.0      0.0
  SINCE JUL 1      0.0                       0.0    0.0      0.0
  SNOW DEPTH       0

DEGREE DAYS
 HEATING
  YESTERDAY        0                         1     -1        0
  MONTH TO DATE    2                         7     -5        0
  SINCE JUN 1     75                        76     -1       57
  SINCE JUL 1     21                        15      6        3

 COOLING
  YESTERDAY        2                         7     -5       22
  MONTH TO DATE  210                       228    -18      238
  SINCE JUN 1    551                       669   -118      676
  SINCE JAN 1    612                       703    -91      715
..................................................................


WIND (MPH)
  HIGHEST WIND SPEED    21   HIGHEST WIND DIRECTION    SE (150)
  HIGHEST GUST SPEED    25   HIGHEST GUST DIRECTION    SE (150)
  AVERAGE WIND SPEED     8.8


SKY COVER
  POSSIBLE SUNSHINE  MM
  AVERAGE SKY COVER 0.2


WEATHER CONDITIONS
 THE FOLLOWING WEATHER WAS RECORDED YESTERDAY.
  NO SIGNIFICANT WEATHER WAS OBSERVED.


RELATIVE HUMIDITY (PERCENT)
 HIGHEST    93           300 AM
 LOWEST     45           300 PM
 AVERAGE    69

..........................................................


THE VALENTINE NE CLIMATE NORMALS FOR TODAY
                         NORMAL    RECORD    YEAR
 MAXIMUM TEMPERATURE (F)   85       104      1962
 MINIMUM TEMPERATURE (F)   56        37      1992


SUNRISE AND SUNSET
AUGUST 27 2014........SUNRISE   701 AM CDT   SUNSET   825 PM CDT
AUGUST 28 2014........SUNRISE   702 AM CDT   SUNSET   823 PM CDT


-  INDICATES NEGATIVE NUMBERS.
R  INDICATES RECORD WAS SET OR TIED.
MM INDICATES DATA IS MISSING.
T  INDICATES TRACE AMOUNT.




$$
