000
CDUS43 KLBF 251029
CLIVTN

CLIMATE REPORT
NATIONAL WEATHER SERVICE NORTH PLATTE
428 AM CST TUE NOV 25 2014

...................................

...THE VALENTINE NE CLIMATE SUMMARY FOR NOVEMBER 24 2014...

CLIMATE NORMAL PERIOD 1981 TO 2010
CLIMATE RECORD PERIOD 1885 TO 2014


WEATHER ITEM   OBSERVED TIME   RECORD YEAR NORMAL DEPARTURE LAST
                VALUE   (LST)  VALUE       VALUE  FROM      YEAR
                                                  NORMAL
..................................................................
TEMPERATURE (F)
 YESTERDAY
  MAXIMUM         35    340 PM  75    2011  43     -8       42
  MINIMUM         16   1033 PM -13    2003  17     -1       13
  AVERAGE         26                        30     -4       28

PRECIPITATION (IN)
  YESTERDAY        0.00          1.14 1944   0.02  -0.02     0.00
  MONTH TO DATE    0.55                      0.56  -0.01     0.52
  SINCE SEP 1      1.85                      3.45  -1.60     5.28
  SINCE JAN 1     20.89                     19.56   1.33    22.92

SNOWFALL (IN)
  YESTERDAY        0.0           3.2  1895   0.2   -0.2      0.0
  MONTH TO DATE    6.4                       4.3    2.1      5.8
  SINCE SEP 1      6.4                       6.5   -0.1      6.8
  SINCE JUL 1      6.4                       6.5   -0.1      6.8
  SNOW DEPTH       T

DEGREE DAYS
 HEATING
  YESTERDAY       39                        35      4       37
  MONTH TO DATE  852                       697    155      699
  SINCE SEP 1   1386                      1374     12     1351
  SINCE JUL 1   1407                      1399      8     1354

 COOLING
  YESTERDAY        0                         0      0        0
  MONTH TO DATE    0                         0      0        0
  SINCE SEP 1     89                        85      4      171
  SINCE JAN 1    724                       821    -97      964
..................................................................


WIND (MPH)
  HIGHEST WIND SPEED    23   HIGHEST WIND DIRECTION    NW (330)
  HIGHEST GUST SPEED    31   HIGHEST GUST DIRECTION    NW (320)
  AVERAGE WIND SPEED    12.5


SKY COVER
  POSSIBLE SUNSHINE  MM
  AVERAGE SKY COVER 0.1


WEATHER CONDITIONS
 THE FOLLOWING WEATHER WAS RECORDED YESTERDAY.
  FOG


RELATIVE HUMIDITY (PERCENT)
 HIGHEST    92          1100 PM
 LOWEST     47           300 PM
 AVERAGE    70

..........................................................


THE VALENTINE NE CLIMATE NORMALS FOR TODAY
                         NORMAL    RECORD    YEAR
 MAXIMUM TEMPERATURE (F)   42        76      1960
 MINIMUM TEMPERATURE (F)   17        -8      2010


SUNRISE AND SUNSET
NOVEMBER 25 2014......SUNRISE   747 AM CST   SUNSET   512 PM CST
NOVEMBER 26 2014......SUNRISE   748 AM CST   SUNSET   511 PM CST


-  INDICATES NEGATIVE NUMBERS.
R  INDICATES RECORD WAS SET OR TIED.
MM INDICATES DATA IS MISSING.
T  INDICATES TRACE AMOUNT.

$$
