000
CDUS43 KLBF 142235
CLIVTN


CLIMATE REPORT
NATIONAL WEATHER SERVICE NORTH PLATTE
434 PM CST THU DEC 14 2017


...................................

...THE VALENTINE NE CLIMATE SUMMARY FOR DECEMBER 14 2017...
VALID TODAY AS OF 0400 PM LOCAL TIME.

CLIMATE NORMAL PERIOD 1981 TO 2010
CLIMATE RECORD PERIOD 1885 TO 2017


WEATHER ITEM   OBSERVED TIME   RECORD YEAR NORMAL DEPARTURE LAST
                VALUE   (LST)  VALUE       VALUE  FROM      YEAR
                                                  NORMAL
..................................................................
TEMPERATURE (F)
 TODAY
  MAXIMUM         37    334 AM  70    1998  36      1       20
  MINIMUM         33    131 AM -34    1901  11     22       -5
  AVERAGE         35                        23     12        8

PRECIPITATION (IN)
  TODAY            0.06          0.39 1902   0.01   0.05     0.00
  MONTH TO DATE    0.14                      0.18  -0.04     0.19
  SINCE DEC 1      0.14                      0.18  -0.04     0.19
  SINCE JAN 1     17.80                     19.83  -2.03    25.83

SNOWFALL (IN)
  TODAY            0.2           3.9  1902   0.2    0.0      0.0
  MONTH TO DATE    1.4                       2.3   -0.9      1.5
  SINCE DEC 1      1.4                       2.3   -0.9      1.5
  SINCE JUL 1      2.7                       9.9   -7.2      7.8
  SNOW DEPTH       0

DEGREE DAYS
 HEATING
  TODAY           30                        42    -12       57
  MONTH TO DATE  411                       561   -150      661
  SINCE DEC 1    411                       561   -150      661
  SINCE JUL 1   1710                      2179   -469     1767

 COOLING
  TODAY            0                         0      0        0
  MONTH TO DATE    0                         0      0        0
  SINCE DEC 1      0                         0      0        0
  SINCE JAN 1   1060                       821    239      880
..................................................................


WIND (MPH)
  HIGHEST WIND SPEED    24   HIGHEST WIND DIRECTION    NW (330)
  HIGHEST GUST SPEED    33   HIGHEST GUST DIRECTION    NW (320)
  AVERAGE WIND SPEED    13.0


SKY COVER
  POSSIBLE SUNSHINE  MM
  AVERAGE SKY COVER 0.9


WEATHER CONDITIONS
 THE FOLLOWING WEATHER WAS RECORDED TODAY.
  LIGHT SNOW
  FOG


RELATIVE HUMIDITY (PERCENT)
 HIGHEST    92           800 AM
 LOWEST     52          1200 AM
 AVERAGE    72

..........................................................


THE VALENTINE NE CLIMATE NORMALS FOR TOMORROW
                         NORMAL    RECORD    YEAR
 MAXIMUM TEMPERATURE (F)   36        65      2002
 MINIMUM TEMPERATURE (F)   11       -31      1901


SUNRISE AND SUNSET
DECEMBER 14 2017......SUNRISE   806 AM CST   SUNSET   508 PM CST
DECEMBER 15 2017......SUNRISE   806 AM CST   SUNSET   509 PM CST


-  INDICATES NEGATIVE NUMBERS.
R  INDICATES RECORD WAS SET OR TIED.
MM INDICATES DATA IS MISSING.
T  INDICATES TRACE AMOUNT.




$$
