000
CDUS46 KPQR 181143
CLIVUO


CLIMATE REPORT
NATIONAL WEATHER SERVICE PORTLAND OREGON
442 AM PDT THU SEP 18 2014


...................................

...THE VANCOUVER WA CLIMATE SUMMARY FOR SEPTEMBER 17 2014...

CLIMATE NORMAL PERIOD 1981 TO 2010
CLIMATE RECORD PERIOD 1891 TO 2014


WEATHER ITEM   OBSERVED TIME   RECORD YEAR NORMAL DEPARTURE LAST
                VALUE   (LST)  VALUE       VALUE  FROM      YEAR
                                                  NORMAL
..................................................................
TEMPERATURE (F)
 YESTERDAY
  MAXIMUM         77    227 PM  94    1938  76      1       68
  MINIMUM         57    231 AM  34    1965  51      6       57
  AVERAGE         67                        64      3       63

PRECIPITATION (IN)
  YESTERDAY        T                         0.06  -0.06     0.00
  MONTH TO DATE    T                         0.59  -0.59     1.52
  SINCE OCT 1     27.76                     38.17 -10.41    36.61
  SINCE JAN 1     22.29                     22.42  -0.13    17.35

DEGREE DAYS
 HEATING
  YESTERDAY        0                                         2
  MONTH TO DATE    2                                         4
  SINCE JUL 1      5                                        17

 COOLING
  YESTERDAY        2                                         0
  MONTH TO DATE   42                                        74
  SINCE JAN 1    494                                       450
..................................................................


WIND (MPH)
  HIGHEST WIND SPEED     9   HIGHEST WIND DIRECTION     N (360)
  HIGHEST GUST SPEED    13   HIGHEST GUST DIRECTION     N (360)
  AVERAGE WIND SPEED     3.0


SKY COVER
  POSSIBLE SUNSHINE  MM
  AVERAGE SKY COVER 0.1


WEATHER CONDITIONS
 THE FOLLOWING WEATHER WAS RECORDED YESTERDAY.
  NO SIGNIFICANT WEATHER WAS OBSERVED.


RELATIVE HUMIDITY (PERCENT)
 HIGHEST    86           200 AM
 LOWEST     46           100 PM
 AVERAGE    66

..........................................................




SUNRISE AND SUNSET
SEPTEMBER 18 2014.....SUNRISE   653 AM PDT   SUNSET   716 PM PDT
SEPTEMBER 19 2014.....SUNRISE   654 AM PDT   SUNSET   714 PM PDT


-  INDICATES NEGATIVE NUMBERS.
R  INDICATES RECORD WAS SET OR TIED.
MM INDICATES DATA IS MISSING.
T  INDICATES TRACE AMOUNT.




$$
