000
CDUS46 KPQR 301141
CLIVUO


CLIMATE REPORT
NATIONAL WEATHER SERVICE PORTLAND OREGON
440 AM PDT TUE SEP 30 2014


...................................

...THE VANCOUVER WA CLIMATE SUMMARY FOR SEPTEMBER 29 2014...

CLIMATE NORMAL PERIOD 1981 TO 2010
CLIMATE RECORD PERIOD 1891 TO 2014


WEATHER ITEM   OBSERVED TIME   RECORD YEAR NORMAL DEPARTURE LAST
                VALUE   (LST)  VALUE       VALUE  FROM      YEAR
                                                  NORMAL
..................................................................
TEMPERATURE (F)
 YESTERDAY
  MAXIMUM         63    106 PM  92    2008  71     -8       58
  MINIMUM         51    417 AM  34    1919  48      3       52
  AVERAGE         57                        59     -2       55

PRECIPITATION (IN)
  YESTERDAY        0.13                      0.08   0.05     1.28
  MONTH TO DATE    1.01                      1.47  -0.46     4.98
  SINCE OCT 1     28.77                     39.05 -10.28    40.07
  SINCE JAN 1     23.30                     23.30   0.00    20.81

DEGREE DAYS
 HEATING
  YESTERDAY        8                                        10
  MONTH TO DATE   19                                        81
  SINCE JUL 1     22                                        94

 COOLING
  YESTERDAY        0                                         0
  MONTH TO DATE   69                                        74
  SINCE JAN 1    521                                       450
..................................................................


WIND (MPH)
  HIGHEST WIND SPEED     9   HIGHEST WIND DIRECTION    NW (310)
  HIGHEST GUST SPEED    15   HIGHEST GUST DIRECTION    NW (320)
  AVERAGE WIND SPEED     2.1


SKY COVER
  POSSIBLE SUNSHINE  MM
  AVERAGE SKY COVER 0.8


WEATHER CONDITIONS
 THE FOLLOWING WEATHER WAS RECORDED YESTERDAY.
  LIGHT RAIN
  FOG


RELATIVE HUMIDITY (PERCENT)
 HIGHEST    96           300 AM
 LOWEST     72          1200 PM
 AVERAGE    84

..........................................................




SUNRISE AND SUNSET
SEPTEMBER 30 2014.....SUNRISE   708 AM PDT   SUNSET   652 PM PDT
OCTOBER  1 2014.......SUNRISE   709 AM PDT   SUNSET   651 PM PDT


-  INDICATES NEGATIVE NUMBERS.
R  INDICATES RECORD WAS SET OR TIED.
MM INDICATES DATA IS MISSING.
T  INDICATES TRACE AMOUNT.




$$
