000
CDUS46 KPQR 040224
CLIVUO


CLIMATE REPORT
NATIONAL WEATHER SERVICE PORTLAND OREGON
623 PM PST TUE MAR 3 2015


...................................

...THE VANCOUVER WA CLIMATE SUMMARY FOR MARCH 3 2015...
VALID TODAY AS OF 0600 PM LOCAL TIME.

CLIMATE NORMAL PERIOD 1981 TO 2010
CLIMATE RECORD PERIOD 1891 TO 2015


WEATHER ITEM   OBSERVED TIME   RECORD YEAR NORMAL DEPARTURE LAST
                VALUE   (LST)  VALUE       VALUE  FROM      YEAR
                                                  NORMAL
..................................................................
TEMPERATURE (F)
 TODAY
  MAXIMUM         56    350 PM  70    1928  55      1       61
  MINIMUM         28    632 AM  19    1989  37     -9       40
  AVERAGE         42                        46     -4       51

PRECIPITATION (IN)
  TODAY            0.00                      0.12  -0.12     0.24
  MONTH TO DATE    0.01                      0.35  -0.34     0.71
  SINCE OCT 1     22.32                     25.63  -3.31    13.07
  SINCE JAN 1      7.43                      9.88  -2.45     7.60

DEGREE DAYS
 HEATING
  TODAY           23                                        14
  MONTH TO DATE   63                                        62
  SINCE MAR 1     63                                        62
  SINCE JUL 1   2715                                      3525

 COOLING
  TODAY            0                                         0
  MONTH TO DATE    0                                         0
  SINCE MAR 1      0                                         0
  SINCE JAN 1      0                                         0
..................................................................


WIND (MPH)
  HIGHEST WIND SPEED    12   HIGHEST WIND DIRECTION     W (280)
  HIGHEST GUST SPEED    16   HIGHEST GUST DIRECTION     W (290)
  AVERAGE WIND SPEED     3.3


SKY COVER
  POSSIBLE SUNSHINE  MM
  AVERAGE SKY COVER 0.0


WEATHER CONDITIONS
 THE FOLLOWING WEATHER WAS RECORDED TODAY.
  NO SIGNIFICANT WEATHER WAS OBSERVED.


RELATIVE HUMIDITY (PERCENT)
 HIGHEST    85           300 AM
 LOWEST     30           400 PM
 AVERAGE    58

..........................................................


THE VANCOUVER WA CLIMATE NORMALS FOR TOMORROW
                         NORMAL    RECORD    YEAR
 MAXIMUM TEMPERATURE (F)   55        70      1987
 MINIMUM TEMPERATURE (F)   37        19      1896


SUNRISE AND SUNSET
MARCH  3 2015.........SUNRISE   646 AM PST   SUNSET   600 PM PST
MARCH  4 2015.........SUNRISE   644 AM PST   SUNSET   601 PM PST


-  INDICATES NEGATIVE NUMBERS.
R  INDICATES RECORD WAS SET OR TIED.
MM INDICATES DATA IS MISSING.
T  INDICATES TRACE AMOUNT.




$$
