000
CDUS46 KPQR 061142
CLIVUO


CLIMATE REPORT
NATIONAL WEATHER SERVICE PORTLAND OREGON
441 AM PDT FRI MAY 6 2016


...................................

...THE VANCOUVER WA CLIMATE SUMMARY FOR MAY 5 2016...

CLIMATE NORMAL PERIOD 1981 TO 2010
CLIMATE RECORD PERIOD 1891 TO 2016


WEATHER ITEM   OBSERVED TIME   RECORD YEAR NORMAL DEPARTURE LAST
                VALUE   (LST)  VALUE       VALUE  FROM      YEAR
                                                  NORMAL
..................................................................
TEMPERATURE (F)
 YESTERDAY
  MAXIMUM         71    535 PM  87    1953  66      5       64
  MINIMUM         52    610 AM  30    1978  46      6       45
  AVERAGE         62                        56      6       55

PRECIPITATION (IN)
  YESTERDAY        0.00                      0.10  -0.10     0.04
  MONTH TO DATE    0.11                      0.47  -0.36     0.04
  SINCE OCT 1     41.83                     32.33   9.50    28.92
  SINCE JAN 1     17.98                     16.58   1.40    14.03

DEGREE DAYS
 HEATING
  YESTERDAY        3                                        10
  MONTH TO DATE   15                                        38
  SINCE JUL 1   3606                                      3528

 COOLING
  YESTERDAY        0                                         0
  MONTH TO DATE    8                                         0
  SINCE JAN 1     14                                         0
..................................................................


WIND (MPH)
  HIGHEST WIND SPEED    14   HIGHEST WIND DIRECTION    NW (310)
  HIGHEST GUST SPEED    20   HIGHEST GUST DIRECTION    NW (310)
  AVERAGE WIND SPEED     6.9


SKY COVER
  POSSIBLE SUNSHINE  MM
  AVERAGE SKY COVER 0.6


WEATHER CONDITIONS
 THE FOLLOWING WEATHER WAS RECORDED YESTERDAY.
  NO SIGNIFICANT WEATHER WAS OBSERVED.


RELATIVE HUMIDITY (PERCENT)
 HIGHEST    77          1200 AM
 LOWEST     36           600 PM
 AVERAGE    57

..........................................................




SUNRISE AND SUNSET
MAY  6 2016...........SUNRISE   550 AM PDT   SUNSET   825 PM PDT
MAY  7 2016...........SUNRISE   549 AM PDT   SUNSET   826 PM PDT


-  INDICATES NEGATIVE NUMBERS.
R  INDICATES RECORD WAS SET OR TIED.
MM INDICATES DATA IS MISSING.
T  INDICATES TRACE AMOUNT.




$$
