000
CDUS46 KPQR 251143
CLIVUO


CLIMATE REPORT
NATIONAL WEATHER SERVICE PORTLAND OREGON
442 AM PDT TUE APR 25 2017


...................................

...THE VANCOUVER WA CLIMATE SUMMARY FOR APRIL 24 2017...

CLIMATE NORMAL PERIOD 1981 TO 2010
CLIMATE RECORD PERIOD 1891 TO 2017


WEATHER ITEM   OBSERVED TIME   RECORD YEAR NORMAL DEPARTURE LAST
                VALUE   (LST)  VALUE       VALUE  FROM      YEAR
                                                  NORMAL
..................................................................
TEMPERATURE (F)
 YESTERDAY
  MAXIMUM         54    225 PM  87    1910  63     -9       57
  MINIMUM         45    929 AM  29    1986  43      2       41
  AVERAGE         50                        53     -3       49

PRECIPITATION (IN)
  YESTERDAY        0.83                      0.10   0.73     0.09
  MONTH TO DATE    3.78                      2.48   1.30     1.56
  SINCE OCT 1     45.38                     31.33  14.05    41.51
  SINCE JAN 1     25.52                     15.58   9.94    17.66

DEGREE DAYS
 HEATING
  YESTERDAY       15                                        16
  MONTH TO DATE  324                                       195
  SINCE JUL 1   4147                                      3513

 COOLING
  YESTERDAY        0                                         0
  MONTH TO DATE    0                                         6
  SINCE JAN 1      0                                         6
..................................................................


WIND (MPH)
  HIGHEST WIND SPEED    15   HIGHEST WIND DIRECTION    NW (300)
  HIGHEST GUST SPEED    21   HIGHEST GUST DIRECTION     W (290)
  AVERAGE WIND SPEED     6.8


SKY COVER
  POSSIBLE SUNSHINE  MM
  AVERAGE SKY COVER 1.0


WEATHER CONDITIONS
 THE FOLLOWING WEATHER WAS RECORDED YESTERDAY.
  RAIN
  LIGHT RAIN
  FOG


RELATIVE HUMIDITY (PERCENT)
 HIGHEST   100           100 AM
 LOWEST     71           400 PM
 AVERAGE    86

..........................................................




SUNRISE AND SUNSET
APRIL 25 2017.........SUNRISE   607 AM PDT   SUNSET   810 PM PDT
APRIL 26 2017.........SUNRISE   606 AM PDT   SUNSET   812 PM PDT


-  INDICATES NEGATIVE NUMBERS.
R  INDICATES RECORD WAS SET OR TIED.
MM INDICATES DATA IS MISSING.
T  INDICATES TRACE AMOUNT.




$$
