000
CDUS46 KPQR 191146
CLIVUO


CLIMATE REPORT
NATIONAL WEATHER SERVICE PORTLAND OREGON
345 AM PST FRI DEC 19 2014


...................................

...THE VANCOUVER WA CLIMATE SUMMARY FOR DECEMBER 18 2014...

CLIMATE NORMAL PERIOD 1981 TO 2010
CLIMATE RECORD PERIOD 1891 TO 2014


WEATHER ITEM   OBSERVED TIME   RECORD YEAR NORMAL DEPARTURE LAST
                VALUE   (LST)  VALUE       VALUE  FROM      YEAR
                                                  NORMAL
..................................................................
TEMPERATURE (F)
 YESTERDAY
  MAXIMUM         49   1159 PM  60    1931  46      3       43
  MINIMUM         42    540 AM   0    1924  34      8       27
  AVERAGE         46                        40      6       35

PRECIPITATION (IN)
  YESTERDAY        0.26                      0.23   0.03     0.05
  MONTH TO DATE    3.40                      3.79  -0.39     1.07
  SINCE OCT 1     12.35                     12.77  -0.42     5.02
  SINCE JAN 1     35.79                     36.16  -0.37    26.09

DEGREE DAYS
 HEATING
  YESTERDAY       19                                        30
  MONTH TO DATE  386                                       569
  SINCE JUL 1   1194                                      1670

 COOLING
  YESTERDAY        0                                         0
  MONTH TO DATE    0                                         0
  SINCE JAN 1    531                                       450
..................................................................


WIND (MPH)
  HIGHEST WIND SPEED    16   HIGHEST WIND DIRECTION    SE (120)
  HIGHEST GUST SPEED    27   HIGHEST GUST DIRECTION     E (110)
  AVERAGE WIND SPEED     9.1


SKY COVER
  POSSIBLE SUNSHINE  MM
  AVERAGE SKY COVER 1.0


WEATHER CONDITIONS
 THE FOLLOWING WEATHER WAS RECORDED YESTERDAY.
  LIGHT RAIN
  FOG


RELATIVE HUMIDITY (PERCENT)
 HIGHEST    89           900 PM
 LOWEST     76           900 AM
 AVERAGE    83

..........................................................




SUNRISE AND SUNSET
DECEMBER 19 2014......SUNRISE   747 AM PST   SUNSET   429 PM PST
DECEMBER 20 2014......SUNRISE   748 AM PST   SUNSET   429 PM PST


-  INDICATES NEGATIVE NUMBERS.
R  INDICATES RECORD WAS SET OR TIED.
MM INDICATES DATA IS MISSING.
T  INDICATES TRACE AMOUNT.




$$
