133
CDUS46 KPQR 191141
CLIVUO


CLIMATE REPORT
NATIONAL WEATHER SERVICE PORTLAND OREGON
441 AM PDT THU OCT 19 2017


...................................

...THE VANCOUVER WA CLIMATE SUMMARY FOR OCTOBER 18 2017...

CLIMATE NORMAL PERIOD 1981 TO 2010
CLIMATE RECORD PERIOD 1891 TO 2017


WEATHER ITEM   OBSERVED TIME   RECORD YEAR NORMAL DEPARTURE LAST
                VALUE   (LST)  VALUE       VALUE  FROM      YEAR
                                                  NORMAL
..................................................................
TEMPERATURE (F)
 YESTERDAY
  MAXIMUM         65    441 PM  81    1940  62      3       59
  MINIMUM         49    118 AM  27    1905  43      6       47
  AVERAGE         57                        53      4       53

PRECIPITATION (IN)
  YESTERDAY        0.07                      0.11  -0.04     0.04
  MONTH TO DATE    1.07                      1.62  -0.55     6.06
  SINCE OCT 1      1.07                      1.62  -0.55     6.06
  SINCE JAN 1     32.75                     25.01   7.74    28.79

DEGREE DAYS
 HEATING
  YESTERDAY        8                                        12
  MONTH TO DATE  210                                       146
  SINCE JUL 1    292                                       273

 COOLING
  YESTERDAY        0                                         0
  MONTH TO DATE    0                                         0
  SINCE JAN 1    639                                       407
..................................................................


WIND (MPH)
  HIGHEST WIND SPEED    15   HIGHEST WIND DIRECTION     S (170)
  HIGHEST GUST SPEED    22   HIGHEST GUST DIRECTION    SE (150)
  AVERAGE WIND SPEED     6.2


SKY COVER
  POSSIBLE SUNSHINE  MM
  AVERAGE SKY COVER 1.0


WEATHER CONDITIONS
 THE FOLLOWING WEATHER WAS RECORDED YESTERDAY.
  LIGHT RAIN
  FOG


RELATIVE HUMIDITY (PERCENT)
 HIGHEST   100          1200 AM
 LOWEST     67           500 PM
 AVERAGE    84

..........................................................




SUNRISE AND SUNSET
OCTOBER 19 2017.......SUNRISE   733 AM PDT   SUNSET   617 PM PDT
OCTOBER 20 2017.......SUNRISE   734 AM PDT   SUNSET   616 PM PDT


-  INDICATES NEGATIVE NUMBERS.
R  INDICATES RECORD WAS SET OR TIED.
MM INDICATES DATA IS MISSING.
T  INDICATES TRACE AMOUNT.




$$
