000
CDUS46 KPQR 251147
CLIVUO


CLIMATE REPORT
NATIONAL WEATHER SERVICE PORTLAND OREGON
346 AM PST SUN FEB 25 2018


...................................

...THE VANCOUVER WA CLIMATE SUMMARY FOR FEBRUARY 24 2018...

CLIMATE NORMAL PERIOD 1981 TO 2010
CLIMATE RECORD PERIOD 1891 TO 2018


WEATHER ITEM   OBSERVED TIME   RECORD YEAR NORMAL DEPARTURE LAST
                VALUE   (LST)  VALUE       VALUE  FROM      YEAR
                                                  NORMAL
..................................................................
TEMPERATURE (F)
 YESTERDAY
  MAXIMUM         49    304 PM  69    1905  53     -4       41
  MINIMUM         37    756 AM  22    1962  36      1       34
  AVERAGE         43                        44     -1       38

PRECIPITATION (IN)
  YESTERDAY        0.04                      0.12  -0.08     0.08
  MONTH TO DATE    1.21                      3.41  -2.20    10.02
  SINCE OCT 1     20.99                     24.66  -3.67    34.19
  SINCE JAN 1      6.80                      8.91  -2.11    14.33

DEGREE DAYS
 HEATING
  YESTERDAY       22                                        27
  MONTH TO DATE  549                                       570
  SINCE JUL 1   2936                                      3203

 COOLING
  YESTERDAY        0                                         0
  MONTH TO DATE    0                                         0
  SINCE JAN 1      0                                         0
..................................................................


WIND (MPH)
  HIGHEST WIND SPEED    18   HIGHEST WIND DIRECTION     W (280)
  HIGHEST GUST SPEED    25   HIGHEST GUST DIRECTION     W (280)
  AVERAGE WIND SPEED     6.7


SKY COVER
  POSSIBLE SUNSHINE  MM
  AVERAGE SKY COVER 0.8


WEATHER CONDITIONS
 THE FOLLOWING WEATHER WAS RECORDED YESTERDAY.
  LIGHT RAIN


RELATIVE HUMIDITY (PERCENT)
 HIGHEST    92           200 AM
 LOWEST     61           100 PM
 AVERAGE    77

..........................................................




SUNRISE AND SUNSET
FEBRUARY 25 2018......SUNRISE   656 AM PST   SUNSET   552 PM PST
FEBRUARY 26 2018......SUNRISE   654 AM PST   SUNSET   553 PM PST


-  INDICATES NEGATIVE NUMBERS.
R  INDICATES RECORD WAS SET OR TIED.
MM INDICATES DATA IS MISSING.
T  INDICATES TRACE AMOUNT.




$$
