000
CDUS46 KPQR 071144
CLIVUO


CLIMATE REPORT
NATIONAL WEATHER SERVICE PORTLAND OREGON
343 AM PST SUN FEB 7 2016


...................................

...THE VANCOUVER WA CLIMATE SUMMARY FOR FEBRUARY 6 2016...

CLIMATE NORMAL PERIOD 1981 TO 2010
CLIMATE RECORD PERIOD 1891 TO 2016


WEATHER ITEM   OBSERVED TIME   RECORD YEAR NORMAL DEPARTURE LAST
                VALUE   (LST)  VALUE       VALUE  FROM      YEAR
                                                  NORMAL
..................................................................
TEMPERATURE (F)
 YESTERDAY
  MAXIMUM         51    333 PM  63    1991  50      1       57
  MINIMUM         37    727 AM   9    1899  35      2       47
  AVERAGE         44                        43      1       52

PRECIPITATION (IN)
  YESTERDAY        0.00                      0.18  -0.18     0.75
  MONTH TO DATE    0.81                      1.07  -0.26     2.34
  SINCE OCT 1     31.76                     22.32   9.44    20.58
  SINCE JAN 1      7.91                      6.57   1.34     5.69

DEGREE DAYS
 HEATING
  YESTERDAY       21                                        13
  MONTH TO DATE  121                                       110
  SINCE JUL 1   2454                                      2289

 COOLING
  YESTERDAY        0                                         0
  MONTH TO DATE    0                                         0
  SINCE JAN 1      0                                         0
..................................................................


WIND (MPH)
  HIGHEST WIND SPEED     9   HIGHEST WIND DIRECTION     S (170)
  HIGHEST GUST SPEED    14   HIGHEST GUST DIRECTION     S (170)
  AVERAGE WIND SPEED     1.9


SKY COVER
  POSSIBLE SUNSHINE  MM
  AVERAGE SKY COVER 0.3


WEATHER CONDITIONS
 THE FOLLOWING WEATHER WAS RECORDED YESTERDAY.
  FOG


RELATIVE HUMIDITY (PERCENT)
 HIGHEST   100           600 AM
 LOWEST     71           200 PM
 AVERAGE    86

..........................................................




SUNRISE AND SUNSET
FEBRUARY  7 2016......SUNRISE   725 AM PST   SUNSET   525 PM PST
FEBRUARY  8 2016......SUNRISE   723 AM PST   SUNSET   527 PM PST


-  INDICATES NEGATIVE NUMBERS.
R  INDICATES RECORD WAS SET OR TIED.
MM INDICATES DATA IS MISSING.
T  INDICATES TRACE AMOUNT.




$$
