000
CDUS41 KAKQ 180827
CLIWAL


CLIMATE REPORT
NATIONAL WEATHER SERVICE WAKEFIELD, VA
426 AM EDT FRI APR 18 2014


...................................

...THE WALLOPS ISLAND VA CLIMATE SUMMARY FOR APRIL 17 2014...

CLIMATE NORMAL PERIOD 1981 TO 2010
CLIMATE RECORD PERIOD 1963 TO 2014


WEATHER ITEM   OBSERVED TIME   RECORD YEAR NORMAL DEPARTURE
                VALUE   (LST)  VALUE       VALUE  FROM
                                                  NORMAL
...............................................................
TEMPERATURE (F)
 YESTERDAY
  MAXIMUM         52   1130 AM  91    2002  63    -11
  MINIMUM         41   1159 PM  32    2009  45     -4
  AVERAGE         47                        54     -7

PRECIPITATION (IN)
  YESTERDAY        0.00          0.44        0.10  -0.10
  MONTH TO DATE    2.20                      1.88   0.32
  SINCE MAR 1      5.35                      5.88  -0.53
  SINCE JAN 1     10.92                     11.68  -0.76

SNOWFALL (IN)
  YESTERDAY        0.0           0.0    MM   0.0    0.0
  MONTH TO DATE    0.0                       0.1   -0.1
  SINCE NOV 1     13.1                       7.9    5.2
  SINCE JUL 1     13.1                       7.9    5.2

DEGREE DAYS
 HEATING
  YESTERDAY       18                                7
  MONTH TO DATE  178                              -47
  SINCE MAR 1    848                                4
  SINCE JUL 1   3841                              -83

 COOLING
  YESTERDAY        0                                0
  MONTH TO DATE    0                                0
  SINCE MAR 1      0                               -1
  SINCE JAN 1      0                               -1
...............................................................


WIND (MPH)
  HIGHEST WIND SPEED    26   HIGHEST WIND DIRECTION    NE (60)
  HIGHEST GUST SPEED    31   HIGHEST GUST DIRECTION    NE (60)
  AVERAGE WIND SPEED    18.0




RELATIVE HUMIDITY (PERCENT)
 HIGHEST    76
 LOWEST     52
 AVERAGE    64

..........................................................


THE WALLOPS ISLAND VA CLIMATE NORMALS FOR TODAY
                         NORMAL    RECORD    YEAR
 MAXIMUM TEMPERATURE (F)   64        88      2002
 MINIMUM TEMPERATURE (F)   46        33      1983


SUNRISE AND SUNSET
APRIL 18 2014.........SUNRISE   622 AM EDT   SUNSET   741 PM EDT
APRIL 19 2014.........SUNRISE   621 AM EDT   SUNSET   741 PM EDT


-  INDICATES NEGATIVE NUMBERS.
R  INDICATES RECORD WAS SET OR TIED.
MM INDICATES DATA IS MISSING.
T  INDICATES TRACE AMOUNT.




$$
