000
CDUS41 KAKQ 210626
CLIWAL


CLIMATE REPORT
NATIONAL WEATHER SERVICE WAKEFIELD, VA
125 AM EST SUN JAN 21 2018


...................................

...THE WALLOPS ISLAND VA CLIMATE SUMMARY FOR JANUARY 20 2018...

CLIMATE NORMAL PERIOD 1981 TO 2010
CLIMATE RECORD PERIOD 1963 TO 2018


WEATHER ITEM   OBSERVED TIME   RECORD YEAR NORMAL DEPARTURE
                VALUE   (LST)  VALUE       VALUE  FROM
                                                  NORMAL
...............................................................
TEMPERATURE (F)
 YESTERDAY
  MAXIMUM         57    352 PM  62    2006  45     12
  MINIMUM         29   1252 AM   0    1985  28      1
  AVERAGE         43                        36      7

PRECIPITATION (IN)
  YESTERDAY        0.00          1.03        0.09  -0.09
  MONTH TO DATE    1.41                      1.96  -0.55
  SINCE DEC 1      3.30                      5.39  -2.09
  SINCE JAN 1      1.41                      1.96  -0.55

SNOWFALL (IN)
  YESTERDAY        0.0           2.8  1985   0.1   -0.1
  MONTH TO DATE   10.5                       1.1    9.4
  SINCE NOV 1     11.8                       3.1    8.7
  SINCE JUL 1     11.8                       3.1    8.7

DEGREE DAYS
 HEATING
  YESTERDAY       22                               -7
  MONTH TO DATE  676                              105
  SINCE DEC 1   1467                              138
  SINCE JUL 1   2070                               37

 COOLING
  YESTERDAY        0                                0
  MONTH TO DATE    0                                0
  SINCE DEC 1      0                                0
  SINCE JAN 1      0                                0
...............................................................


WIND (MPH)
  HIGHEST WIND SPEED    15   HIGHEST WIND DIRECTION     W (280)
  HIGHEST GUST SPEED    19   HIGHEST GUST DIRECTION     W (280)
  AVERAGE WIND SPEED     6.4




RELATIVE HUMIDITY (PERCENT)
 HIGHEST    89
 LOWEST     26
 AVERAGE    58

..........................................................


THE WALLOPS ISLAND VA CLIMATE NORMALS FOR TODAY
                         NORMAL    RECORD    YEAR
 MAXIMUM TEMPERATURE (F)   45        64      1990
 MINIMUM TEMPERATURE (F)   28         0      1985


SUNRISE AND SUNSET
JANUARY 21 2018.......SUNRISE   714 AM EST   SUNSET   513 PM EST
JANUARY 22 2018.......SUNRISE   713 AM EST   SUNSET   514 PM EST


-  INDICATES NEGATIVE NUMBERS.
R  INDICATES RECORD WAS SET OR TIED.
MM INDICATES DATA IS MISSING.
T  INDICATES TRACE AMOUNT.




$$
