477
CDUS41 KAKQ 172227
CLIWAL


CLIMATE REPORT
NATIONAL WEATHER SERVICE WAKEFIELD, VA
527 PM EST FRI NOV 17 2017


...................................

...THE WALLOPS ISLAND VA CLIMATE SUMMARY FOR NOVEMBER 17 2017...
VALID TODAY AS OF 0500 PM LOCAL TIME.

CLIMATE NORMAL PERIOD 1981 TO 2010
CLIMATE RECORD PERIOD 1963 TO 2017


WEATHER ITEM   OBSERVED TIME   RECORD YEAR NORMAL DEPARTURE
                VALUE   (LST)  VALUE       VALUE  FROM
                                                  NORMAL
...............................................................
TEMPERATURE (F)
 TODAY
  MAXIMUM         54    201 PM  68    2013  58     -4
                                      1998
                                      1993
  MINIMUM         40    652 AM  27    1996  40      0
                                      1992
  AVERAGE         47

PRECIPITATION (IN)
  TODAY            0.00          0.55 1980   0.09  -0.09
  MONTH TO DATE    1.09                      1.60  -0.51
  SINCE SEP 1     10.97                      8.75   2.22
  SINCE JAN 1     46.49                     36.14  10.35

SNOWFALL (IN)
  TODAY            0.0           T    1967
  MONTH TO DATE    0.0
  SINCE NOV 1      0.0
  SINCE JUL 1      0.0
  SNOW DEPTH       0

DEGREE DAYS
 HEATING
  TODAY           18

 COOLING
  TODAY            0
...............................................................


WIND (MPH)
  HIGHEST WIND SPEED    20   HIGHEST WIND DIRECTION    NW (330)
  HIGHEST GUST SPEED    29   HIGHEST GUST DIRECTION     N (340)




RELATIVE HUMIDITY (PERCENT)
 HIGHEST    73
 LOWEST     45
 AVERAGE    59

..........................................................


THE WALLOPS ISLAND VA CLIMATE NORMALS FOR TOMORROW
                         NORMAL    RECORD    YEAR
 MAXIMUM TEMPERATURE (F)   58        73      1978
 MINIMUM TEMPERATURE (F)   40        25      2014


SUNRISE AND SUNSET
NOVEMBER 17 2017......SUNRISE   645 AM EST   SUNSET   449 PM EST
NOVEMBER 18 2017......SUNRISE   646 AM EST   SUNSET   448 PM EST


-  INDICATES NEGATIVE NUMBERS.
R  INDICATES RECORD WAS SET OR TIED.
MM INDICATES DATA IS MISSING.
T  INDICATES TRACE AMOUNT.




$$
