000
CDUS41 KAKQ 060638
CLIWAL


CLIMATE REPORT
NATIONAL WEATHER SERVICE WAKEFIELD, VA
138 AM EST TUE DEC 6 2016


...................................

...THE WALLOPS ISLAND VA CLIMATE SUMMARY FOR DECEMBER 5 2016...

CLIMATE NORMAL PERIOD 1981 TO 2010
CLIMATE RECORD PERIOD 1963 TO 2016


WEATHER ITEM   OBSERVED TIME   RECORD YEAR NORMAL DEPARTURE
                VALUE   (LST)  VALUE       VALUE  FROM
                                                  NORMAL
...............................................................
TEMPERATURE (F)
 YESTERDAY
  MAXIMUM         53    306 PM  75    1998  52      1
  MINIMUM         40    717 PM  20    2000  35      5
  AVERAGE         47                        43      4

PRECIPITATION (IN)
  YESTERDAY        0.36          1.45        0.12   0.24
  MONTH TO DATE    0.43                      0.57  -0.14
  SINCE DEC 1      0.43                      0.57  -0.14
  SINCE JAN 1     52.88                     37.98  14.90

SNOWFALL (IN)
  YESTERDAY       MM             2.1  2005   0.0   MM
  MONTH TO DATE    0.0                       0.2   -0.2
  SINCE NOV 1      0.0                       0.3   -0.3
  SINCE JUL 1      0.0                       0.3   -0.3

DEGREE DAYS
 HEATING
  YESTERDAY       18                               -4
  MONTH TO DATE   94                              -11
  SINCE DEC 1     94                              -11
  SINCE JUL 1    680                             -129

 COOLING
  YESTERDAY        0                                0
  MONTH TO DATE    0                                0
  SINCE DEC 1      0                                0
  SINCE JAN 1   1644                              447
...............................................................


WIND (MPH)
  HIGHEST WIND SPEED    15   HIGHEST WIND DIRECTION     N (340)
  HIGHEST GUST SPEED    21   HIGHEST GUST DIRECTION     N (340)
  AVERAGE WIND SPEED     6.3




RELATIVE HUMIDITY (PERCENT)
 HIGHEST   100
 LOWEST     66
 AVERAGE    83

..........................................................


THE WALLOPS ISLAND VA CLIMATE NORMALS FOR TODAY
                         NORMAL    RECORD    YEAR
 MAXIMUM TEMPERATURE (F)   52        75      1998
 MINIMUM TEMPERATURE (F)   35        23      2007
                                             1990


SUNRISE AND SUNSET
DECEMBER  6 2016......SUNRISE   704 AM EST   SUNSET   442 PM EST
DECEMBER  7 2016......SUNRISE   705 AM EST   SUNSET   442 PM EST


-  INDICATES NEGATIVE NUMBERS.
R  INDICATES RECORD WAS SET OR TIED.
MM INDICATES DATA IS MISSING.
T  INDICATES TRACE AMOUNT.




$$
