000
CDUS46 KLOX 011055
CLIWJF


CLIMATE REPORT
NATIONAL WEATHER SERVICE LOS ANGELES/OXNARD CA
355 AM PDT FRI AUG 1 2014


...................................

...THE LANCASTER FOX FIELD CA CLIMATE SUMMARY FOR JULY 31 2014...

CLIMATE NORMAL PERIOD 1981 TO 2010
CLIMATE RECORD PERIOD 1948 TO 2014


WEATHER ITEM   OBSERVED TIME   RECORD YEAR NORMAL DEPARTURE
                VALUE   (LST)  VALUE       VALUE  FROM
                                                  NORMAL
...............................................................
TEMPERATURE (F)
 YESTERDAY
  MAXIMUM        104    249 PM 107    1951  99      5
  MINIMUM         68    543 AM  52    1956  67      1
  AVERAGE         86                        83      3

PRECIPITATION (IN)
  YESTERDAY        0.00          T    1991   0.00   0.00
  MONTH TO DATE    T                         0.09  -0.09
  SINCE JUL 1      T                         0.09  -0.09
  SINCE JAN 1      2.32                      5.00  -2.68

SNOWFALL (IN)
  YESTERDAY        0.0           0.0    MM
  MONTH TO DATE    0.0
  SINCE JUN 1      0.0
  SINCE JUL 1      0.0
  SNOW DEPTH       0

DEGREE DAYS
 HEATING
  YESTERDAY        0                                0
  MONTH TO DATE    0                                0
  SINCE JUN 1      0                               -8
  SINCE JUL 1      0                                0

 COOLING
  YESTERDAY       21                                3
  MONTH TO DATE  587                               51
  SINCE JUN 1    987                              110
  SINCE JAN 1   1187                              121
...............................................................


WIND (MPH)
  HIGHEST WIND SPEED    23   HIGHEST WIND DIRECTION    SW (240)
  HIGHEST GUST SPEED    28   HIGHEST GUST DIRECTION    SW (240)
  AVERAGE WIND SPEED     6.6




RELATIVE HUMIDITY (PERCENT)
 HIGHEST    44
 LOWEST     14
 AVERAGE    29

..........................................................


THE LANCASTER FOX FIELD CA CLIMATE NORMALS FOR TODAY
                         NORMAL    RECORD    YEAR
 MAXIMUM TEMPERATURE (F)   99       107      1969
 MINIMUM TEMPERATURE (F)   67        53      1975


SUNRISE AND SUNSET
AUGUST  1 2014........SUNRISE   603 AM PDT   SUNSET   755 PM PDT
AUGUST  2 2014........SUNRISE   604 AM PDT   SUNSET   754 PM PDT


-  INDICATES NEGATIVE NUMBERS.
R  INDICATES RECORD WAS SET OR TIED.
MM INDICATES DATA IS MISSING.
T  INDICATES TRACE AMOUNT.




$$
