000
CDUS46 KLOX 210858
CLIWJF


CLIMATE REPORT
NATIONAL WEATHER SERVICE LOS ANGELES/OXNARD CA
1258 AM PST TUE NOV 21 2017


...................................

...THE LANCASTER FOX FIELD CA CLIMATE SUMMARY FOR NOVEMBER 20 2017...

CLIMATE NORMAL PERIOD 1981 TO 2010
CLIMATE RECORD PERIOD 1948 TO 2017


WEATHER ITEM   OBSERVED TIME   RECORD YEAR NORMAL DEPARTURE
                VALUE   (LST)  VALUE       VALUE  FROM
                                                  NORMAL
...............................................................
TEMPERATURE (F)
 YESTERDAY
  MAXIMUM         76    201 PM  78    2008  65     11
                                      1949
  MINIMUM         28    127 AM  15    1958  34     -6
  AVERAGE         52                        50      2

PRECIPITATION (IN)
  YESTERDAY        0.00          0.76 1967   0.02  -0.02
  MONTH TO DATE    0.02                      0.33  -0.31
  SINCE OCT 1      0.02                      0.77  -0.75
  SINCE JAN 1      4.64                      6.02  -1.38

SNOWFALL (IN)
  YESTERDAY        0.0           0.0    MM
  MONTH TO DATE    0.0
  SINCE SEP 1      0.0
  SINCE JUL 1      0.0
  SNOW DEPTH       0

DEGREE DAYS
 HEATING
  YESTERDAY       13                               -2
  MONTH TO DATE  157                              -78
  SINCE SEP 1    265                             -106
  SINCE JUL 1    265                             -106

 COOLING
  YESTERDAY        0                                0
  MONTH TO DATE    0                                0
  SINCE SEP 1    310                              -12
  SINCE JAN 1   2214                              333
...............................................................


WIND (MPH)
  HIGHEST WIND SPEED    24   HIGHEST WIND DIRECTION     W (270)
  HIGHEST GUST SPEED    29   HIGHEST GUST DIRECTION     W (280)
  AVERAGE WIND SPEED     5.8




RELATIVE HUMIDITY (PERCENT)
 HIGHEST    39
 LOWEST      6
 AVERAGE    23

..........................................................


THE LANCASTER FOX FIELD CA CLIMATE NORMALS FOR TODAY
                         NORMAL    RECORD    YEAR
 MAXIMUM TEMPERATURE (F)   64        78      1995
                                             1962
 MINIMUM TEMPERATURE (F)   34        15      1979


SUNRISE AND SUNSET
NOVEMBER 21 2017......SUNRISE   633 AM PST   SUNSET   445 PM PST
NOVEMBER 22 2017......SUNRISE   634 AM PST   SUNSET   444 PM PST


-  INDICATES NEGATIVE NUMBERS.
R  INDICATES RECORD WAS SET OR TIED.
MM INDICATES DATA IS MISSING.
T  INDICATES TRACE AMOUNT.




$$
