000
CDUS46 KLOX 290900
CLIWJF


CLIMATE REPORT
NATIONAL WEATHER SERVICE LOS ANGELES/OXNARD CA
200 AM PDT WED JUL 29 2015


...................................

...THE LANCASTER FOX FIELD CA CLIMATE SUMMARY FOR JULY 28 2015...

CLIMATE NORMAL PERIOD 1981 TO 2010
CLIMATE RECORD PERIOD 1948 TO 2015


WEATHER ITEM   OBSERVED TIME   RECORD YEAR NORMAL DEPARTURE
                VALUE   (LST)  VALUE       VALUE  FROM
                                                  NORMAL
...............................................................
TEMPERATURE (F)
 YESTERDAY
  MAXIMUM        100    242 PM 107    2009  99      1
                                      1995
  MINIMUM         58    526 AM  49    1965  67     -9
  AVERAGE         79                        83     -4

PRECIPITATION (IN)
  YESTERDAY        0.00          0.05 1968   0.01  -0.01
  MONTH TO DATE    2.34                      0.09   2.25
  SINCE OCT 1      6.99                      7.13  -0.14
  SINCE JAN 1      4.07                      5.00  -0.93

SNOWFALL (IN)
  YESTERDAY        0.0           0.0    MM
  MONTH TO DATE    0.0
  SINCE JUN 1      0.0
  SINCE JUL 1      0.0
  SNOW DEPTH       0

DEGREE DAYS
 HEATING
  YESTERDAY        0                                0
  MONTH TO DATE    0                                0
  SINCE JUN 1      2                               -6
  SINCE JUL 1      0                                0

 COOLING
  YESTERDAY       14                               -4
  MONTH TO DATE  395                              -89
  SINCE JUN 1    870                               45
  SINCE JAN 1    968                              -46
...............................................................


WIND (MPH)
  HIGHEST WIND SPEED    23   HIGHEST WIND DIRECTION    SW (240)
  HIGHEST GUST SPEED    26   HIGHEST GUST DIRECTION    SW (240)
  AVERAGE WIND SPEED     7.9




RELATIVE HUMIDITY (PERCENT)
 HIGHEST    60
 LOWEST     12
 AVERAGE    36

..........................................................


THE LANCASTER FOX FIELD CA CLIMATE NORMALS FOR TODAY
                         NORMAL    RECORD    YEAR
 MAXIMUM TEMPERATURE (F)   99       109      1995
 MINIMUM TEMPERATURE (F)   67        52      1956


SUNRISE AND SUNSET
JULY 29 2015..........SUNRISE   600 AM PDT   SUNSET   758 PM PDT
JULY 30 2015..........SUNRISE   601 AM PDT   SUNSET   757 PM PDT


-  INDICATES NEGATIVE NUMBERS.
R  INDICATES RECORD WAS SET OR TIED.
MM INDICATES DATA IS MISSING.
T  INDICATES TRACE AMOUNT.




$$
