000
CDUS46 KLOX 170856
CLIWJF


CLIMATE REPORT
NATIONAL WEATHER SERVICE LOS ANGELES/OXNARD CA
1256 AM PST SAT FEB 17 2018


...................................

...THE LANCASTER FOX FIELD CA CLIMATE SUMMARY FOR FEBRUARY 16 2018...

CLIMATE NORMAL PERIOD 1981 TO 2010
CLIMATE RECORD PERIOD 1948 TO 2018


WEATHER ITEM   OBSERVED TIME   RECORD YEAR NORMAL DEPARTURE
                VALUE   (LST)  VALUE       VALUE  FROM
                                                  NORMAL
...............................................................
TEMPERATURE (F)
 YESTERDAY
  MAXIMUM         63    404 PM  82    2015  62      1
  MINIMUM         23    702 AM  21    2006  35    -12
  AVERAGE         43                        48     -5

PRECIPITATION (IN)
  YESTERDAY        0.00          2.75 1980   0.07  -0.07
  MONTH TO DATE    0.01                      1.02  -1.01
  SINCE OCT 1      0.98                      4.65  -3.67
  SINCE JAN 1      0.96                      2.52  -1.56

SNOWFALL (IN)
  YESTERDAY        0.0           0.0    MM
  MONTH TO DATE    0.0
  SINCE DEC 1      0.0
  SINCE JUL 1      0.0
  SNOW DEPTH       0

DEGREE DAYS
 HEATING
  YESTERDAY       22                                5
  MONTH TO DATE  213                              -71
  SINCE DEC 1   1337                             -227
  SINCE JUL 1   1699                             -410

 COOLING
  YESTERDAY        0                                0
  MONTH TO DATE    0                                0
  SINCE DEC 1      0                                0
  SINCE JAN 1      0                                0
...............................................................


WIND (MPH)
  HIGHEST WIND SPEED    12   HIGHEST WIND DIRECTION    NE (50)
  HIGHEST GUST SPEED    15   HIGHEST GUST DIRECTION     E (90)
  AVERAGE WIND SPEED     4.9




RELATIVE HUMIDITY (PERCENT)
 HIGHEST    63
 LOWEST      9
 AVERAGE    36

..........................................................


THE LANCASTER FOX FIELD CA CLIMATE NORMALS FOR TODAY
                         NORMAL    RECORD    YEAR
 MAXIMUM TEMPERATURE (F)   62        77      1977
 MINIMUM TEMPERATURE (F)   35        21      1956


SUNRISE AND SUNSET
FEBRUARY 17 2018......SUNRISE   636 AM PST   SUNSET   538 PM PST
FEBRUARY 18 2018......SUNRISE   635 AM PST   SUNSET   539 PM PST


-  INDICATES NEGATIVE NUMBERS.
R  INDICATES RECORD WAS SET OR TIED.
MM INDICATES DATA IS MISSING.
T  INDICATES TRACE AMOUNT.




$$
