000
CDUS46 KLOX 240116
CLIWJF


CLIMATE REPORT
NATIONAL WEATHER SERVICE LOS ANGELES/OXNARD CA
516 PM PST SUN NOV 23 2014


...................................

...THE LANCASTER CLIMATE SUMMARY FOR NOVEMBER 23 2014...
VALID TODAY AS OF 0500 PM LOCAL TIME.

CLIMATE NORMAL PERIOD 1981 TO 2010
CLIMATE RECORD PERIOD 1948 TO 2014


WEATHER ITEM   OBSERVED TIME   RECORD YEAR NORMAL DEPARTURE LAST
                VALUE   (LST)  VALUE       VALUE  FROM      YEAR
                                                  NORMAL
..................................................................
TEMPERATURE (F)
 TODAY
  MAXIMUM         64    226 PM  81    1949  64      0       47
  MINIMUM         41    716 AM  13    1958  33      8       39
  AVERAGE         53                        48      5       43

PRECIPITATION (IN)
  TODAY            0.00          0.50 1965   0.02  -0.02     0.06
  MONTH TO DATE    0.16                      0.39  -0.23     1.45
  SINCE JUL 1      0.33                      1.17  -0.84     1.52
  SINCE JAN 1      2.65                      6.08  -3.43     2.62

SNOWFALL (IN)
  TODAY            0.0           0.0    MM   0.0            MM
  MONTH TO DATE    0.0                       0.0             0.0
  SINCE SEP 1      0.0                       0.0             0.0
  SINCE JUL 1      0.0                       0.0             0.0
  SNOW DEPTH       0

DEGREE DAYS
 HEATING
  TODAY           12                        17     -5       22
  MONTH TO DATE  242                       284    -42      301
  SINCE SEP 1    291                       420   -129      543
  SINCE JUL 1    291                       420   -129      543

 COOLING
  TODAY            0                         0      0        0
  MONTH TO DATE    2                         0      2        0
  SINCE SEP 1    404                       322     82      333
  SINCE JAN 1   2055                      1881    174     2204
..................................................................


WIND (MPH)
  HIGHEST WIND SPEED    35   HIGHEST WIND DIRECTION     W (280)
  HIGHEST GUST SPEED    40   HIGHEST GUST DIRECTION     W (250)
  AVERAGE WIND SPEED    13.1


SKY COVER
  POSSIBLE SUNSHINE  MM
  AVERAGE SKY COVER 0.0


WEATHER CONDITIONS
 THE FOLLOWING WEATHER WAS RECORDED TODAY.
  NO SIGNIFICANT WEATHER WAS OBSERVED.


RELATIVE HUMIDITY (PERCENT)
 HIGHEST    79           700 AM
 LOWEST     14           300 PM
 AVERAGE    47

..........................................................


THE LANCASTER CLIMATE NORMALS FOR TOMORROW
                         NORMAL    RECORD    YEAR
 MAXIMUM TEMPERATURE (F)   63        81      1949
 MINIMUM TEMPERATURE (F)   33        20      2003


SUNRISE AND SUNSET
NOVEMBER 23 2014......SUNRISE   635 AM PST   SUNSET   444 PM PST
NOVEMBER 24 2014......SUNRISE   635 AM PST   SUNSET   443 PM PST


-  INDICATES NEGATIVE NUMBERS.
R  INDICATES RECORD WAS SET OR TIED.
MM INDICATES DATA IS MISSING.
T  INDICATES TRACE AMOUNT.




$$
