000
CDUS45 KLKN 210030
CLIWMC


CLIMATE REPORT
NATIONAL WEATHER SERVICE ELKO NV
528 PM PDT SUN AUG 20 2017


...................................

...THE WINNEMUCCA AIRPORT NV CLIMATE SUMMARY FOR AUGUST 20 2017...
VALID TODAY AS OF 0500 PM LOCAL TIME.

CLIMATE NORMAL PERIOD 1981 TO 2010
CLIMATE RECORD PERIOD 1877 TO 2017


WEATHER ITEM   OBSERVED TIME   RECORD YEAR NORMAL DEPARTURE LAST
                VALUE   (LST)  VALUE       VALUE  FROM      YEAR
                                                  NORMAL
..................................................................
TEMPERATURE (F)
 TODAY
  MAXIMUM         95    342 PM 101    2009  91      4       97
  MINIMUM         57    547 AM  30    1974  48      9       45
  AVERAGE         76                        69      7       71

PRECIPITATION (IN)
  TODAY            0.00          0.58 1990   0.00   0.00     0.00
  MONTH TO DATE    0.31                      0.11   0.20      T
  SINCE OCT 1     11.37                      7.77   3.60     8.86
  SINCE JAN 1      6.83                      5.29   1.54     4.58

SNOWFALL (IN)
  TODAY            0.0           0.0  1877   0.0    0.0      0.0
  MONTH TO DATE    0.0                       0.0    0.0      0.0
  SINCE JUN 1      0.0                       T      0.0      0.0
  SINCE JUL 1      0.0                       0.0    0.0      0.0
  SNOW DEPTH       0

DEGREE DAYS
 HEATING
  TODAY            0                         1     -1        0
  MONTH TO DATE    0                         4     -4        0
  SINCE JUN 1     73                       119    -46       71
  SINCE JUL 1      0                        14    -14       17

 COOLING
  TODAY           11                         5      6        6
  MONTH TO DATE  193                       136     57      156
  SINCE JUN 1    695                       458    237      520
  SINCE JAN 1    702                       469    233      520
..................................................................


WIND (MPH)
  HIGHEST WIND SPEED    17   HIGHEST WIND DIRECTION    NE (30)
  HIGHEST GUST SPEED    22   HIGHEST GUST DIRECTION     N (20)



WEATHER CONDITIONS
 THE FOLLOWING WEATHER WAS RECORDED TODAY.
  NO SIGNIFICANT WEATHER WAS OBSERVED.


RELATIVE HUMIDITY (PERCENT)
 HIGHEST    39           600 AM
 LOWEST     10           100 PM
 AVERAGE    25

..........................................................


THE WINNEMUCCA AIRPORT NV CLIMATE NORMALS FOR TOMORROW
                         NORMAL    RECORD    YEAR
 MAXIMUM TEMPERATURE (F)   90       101      2009
                                             1969
 MINIMUM TEMPERATURE (F)   48        33      1974
                                             1918


SUNRISE AND SUNSET
AUGUST 20 2017........SUNRISE   606 AM PDT   SUNSET   742 PM PDT
AUGUST 21 2017........SUNRISE   607 AM PDT   SUNSET   740 PM PDT


-  INDICATES NEGATIVE NUMBERS.
R  INDICATES RECORD WAS SET OR TIED.
MM INDICATES DATA IS MISSING.
T  INDICATES TRACE AMOUNT.




$$
