000
CDUS45 KLKN 240931
CLIWMC


CLIMATE REPORT
NATIONAL WEATHER SERVICE ELKO NV
227 AM PDT TUE OCT 24 2017


...................................

...THE WINNEMUCCA AIRPORT NV CLIMATE SUMMARY FOR OCTOBER 23 2017...

CLIMATE NORMAL PERIOD 1981 TO 2010
CLIMATE RECORD PERIOD 1877 TO 2017


WEATHER ITEM   OBSERVED TIME   RECORD YEAR NORMAL DEPARTURE LAST
                VALUE   (LST)  VALUE       VALUE  FROM      YEAR
                                                  NORMAL
..................................................................
TEMPERATURE (F)
 YESTERDAY
  MAXIMUM         69    301 PM  80    1937  64      5       74
  MINIMUM         32    440 AM  12    1935  28      4       32
  AVERAGE         51                        46      5       53

PRECIPITATION (IN)
  YESTERDAY        0.00          0.38 2004   0.02  -0.02     0.00
                                      1983
  MONTH TO DATE    0.08                      0.48  -0.40     0.47
  SINCE OCT 1      0.08                      0.48  -0.40     0.47
  SINCE JAN 1      7.16                      6.28   0.88     5.29

SNOWFALL (IN)
  YESTERDAY        0.0           0.9  2012   0.0    0.0      0.0
  MONTH TO DATE    0.0                       0.3   -0.3       T
  SINCE SEP 1      0.0                       0.3   -0.3       T
  SINCE JUL 1      0.0                       0.3   -0.3       T
  SNOW DEPTH       0

DEGREE DAYS
 HEATING
  YESTERDAY       14                        19     -5       12
  MONTH TO DATE  458                       351    107      356
  SINCE SEP 1    686                       525    161      525
  SINCE JUL 1    686                       555    131      545

 COOLING
  YESTERDAY        0                         0      0        0
  MONTH TO DATE    0                         0      0        0
  SINCE SEP 1    120                        31     89       12
  SINCE JAN 1    927                       541    386      577
..................................................................


WIND (MPH)
  HIGHEST WIND SPEED    22   HIGHEST WIND DIRECTION    NE (30)
  HIGHEST GUST SPEED    30   HIGHEST GUST DIRECTION     N (10)
  AVERAGE WIND SPEED     9.1



WEATHER CONDITIONS
 THE FOLLOWING WEATHER WAS RECORDED YESTERDAY.
  HAZE


RELATIVE HUMIDITY (PERCENT)
 HIGHEST    89           400 AM
 LOWEST     35           300 PM
 AVERAGE    62

..........................................................


THE WINNEMUCCA AIRPORT NV CLIMATE NORMALS FOR TODAY
                         NORMAL    RECORD    YEAR
 MAXIMUM TEMPERATURE (F)   63        85      1959
 MINIMUM TEMPERATURE (F)   27        11      2001
                                             1935


SUNRISE AND SUNSET
OCTOBER 24 2017.......SUNRISE   713 AM PDT   SUNSET   557 PM PDT
OCTOBER 25 2017.......SUNRISE   714 AM PDT   SUNSET   556 PM PDT


-  INDICATES NEGATIVE NUMBERS.
R  INDICATES RECORD WAS SET OR TIED.
MM INDICATES DATA IS MISSING.
T  INDICATES TRACE AMOUNT.




$$
