000
CDUS45 KLKN 140048
CLIWMC


CLIMATE REPORT
NATIONAL WEATHER SERVICE ELKO NV
548 PM PDT SUN JUL 13 2014


...................................

...THE WINNEMUCCA AIRPORT NV CLIMATE SUMMARY FOR JULY 13 2014...
VALID TODAY AS OF 0500 PM LOCAL TIME.

CLIMATE NORMAL PERIOD 1981 TO 2010
CLIMATE RECORD PERIOD 1877 TO 2014


WEATHER ITEM   OBSERVED TIME   RECORD YEAR NORMAL DEPARTURE LAST
                VALUE   (LST)  VALUE       VALUE  FROM      YEAR
                                                  NORMAL
..................................................................
TEMPERATURE (F)
 TODAY
  MAXIMUM        103    430 PM 106    2002  93     10       92
  MINIMUM         68    447 AM  32    1995  52     16       47
  AVERAGE         86                        73     13       70

PRECIPITATION (IN)
  TODAY            0.00          0.22 1908   0.00   0.00     0.00
  MONTH TO DATE    T                         0.10  -0.10     0.27
  SINCE OCT 1      6.65                      7.51  -0.86     4.64
  SINCE JAN 1      3.99                      5.03  -1.04     2.23

SNOWFALL (IN)
  TODAY            0.0           0.0  1877   0.0    0.0      0.0
  MONTH TO DATE    0.0                       0.0    0.0       T
  SINCE JUN 1      0.0                       T      0.0       T
  SINCE JUL 1      0.0                       0.0    0.0       T
  SNOW DEPTH       0

DEGREE DAYS
 HEATING
  TODAY            0                         0      0        0
  MONTH TO DATE    0                         6     -6        0
  SINCE JUN 1     74                       111    -37       70
  SINCE JUL 1      0                         6     -6        0

 COOLING
  TODAY           21                         8     13        5
  MONTH TO DATE  186                        88     98      163
  SINCE JUN 1    260                       167     93      291
  SINCE JAN 1    269                       178     91      292
..................................................................


WIND (MPH)
  HIGHEST WIND SPEED    22   HIGHEST WIND DIRECTION    NE (40)
  HIGHEST GUST SPEED    29   HIGHEST GUST DIRECTION    NE (40)



WEATHER CONDITIONS
 THE FOLLOWING WEATHER WAS RECORDED TODAY.
  NO SIGNIFICANT WEATHER WAS OBSERVED.


RELATIVE HUMIDITY (PERCENT)
 HIGHEST    MM
 LOWEST     MM
 AVERAGE    MM

..........................................................


THE WINNEMUCCA AIRPORT NV CLIMATE NORMALS FOR TOMORROW
                         NORMAL    RECORD    YEAR
 MAXIMUM TEMPERATURE (F)   94       105      1935
 MINIMUM TEMPERATURE (F)   52        37      1962


SUNRISE AND SUNSET
JULY 13 2014..........SUNRISE   531 AM PDT   SUNSET   823 PM PDT
JULY 14 2014..........SUNRISE   532 AM PDT   SUNSET   822 PM PDT


-  INDICATES NEGATIVE NUMBERS.
R  INDICATES RECORD WAS SET OR TIED.
MM INDICATES DATA IS MISSING.
T  INDICATES TRACE AMOUNT.




$$
