415
CDUS45 KLKN 290934
CLIWMC


CLIMATE REPORT
NATIONAL WEATHER SERVICE ELKO NV
233 AM PDT SAT APR 29 2017


...................................

...THE WINNEMUCCA AIRPORT NV CLIMATE SUMMARY FOR APRIL 28 2017...

CLIMATE NORMAL PERIOD 1981 TO 2010
CLIMATE RECORD PERIOD 1877 TO 2017


WEATHER ITEM   OBSERVED TIME   RECORD YEAR NORMAL DEPARTURE LAST
                VALUE   (LST)  VALUE       VALUE  FROM      YEAR
                                                  NORMAL
..................................................................
TEMPERATURE (F)
 YESTERDAY
  MAXIMUM         52    500 PM  84    2007  66    -14       60
  MINIMUM         25   1159 PM  19    1984  33     -8       35
                                      1976
  AVERAGE         39                        50    -11       48

PRECIPITATION (IN)
  YESTERDAY        T             0.47 1951   0.03  -0.03      T
  MONTH TO DATE    0.93                      0.82   0.11     0.92
  SINCE OCT 1      9.34                      5.66   3.68     8.05
  SINCE JAN 1      4.80                      3.18   1.62     3.77

SNOWFALL (IN)
  YESTERDAY       MM             3.5  1894   0.0   MM        0.0
  MONTH TO DATE    T                         1.5   -1.5       T
  SINCE MAR 1      2.2                       4.7   -2.5      1.7
  SINCE JUL 1     18.3                      20.7   -2.4     21.1
  SNOW DEPTH       0

DEGREE DAYS
 HEATING
  YESTERDAY       26                        15     11       17
  MONTH TO DATE  527                       521      6      429
  SINCE MAR 1   1153                      1260   -107     1088
  SINCE JUL 1   5592                      5849   -257     5265

 COOLING
  YESTERDAY        0                         0      0        0
  MONTH TO DATE    0                         0      0        0
  SINCE MAR 1      0                         0      0        0
  SINCE JAN 1      0                         0      0        0
..................................................................


WIND (MPH)
  HIGHEST WIND SPEED    22   HIGHEST WIND DIRECTION     N (340)
  HIGHEST GUST SPEED    29   HIGHEST GUST DIRECTION     N (340)
  AVERAGE WIND SPEED    11.4



WEATHER CONDITIONS
 THE FOLLOWING WEATHER WAS RECORDED YESTERDAY.
  LIGHT SNOW
  FOG


RELATIVE HUMIDITY (PERCENT)
 HIGHEST    89           100 AM
 LOWEST     30           400 PM
 AVERAGE    60

..........................................................


THE WINNEMUCCA AIRPORT NV CLIMATE NORMALS FOR TODAY
                         NORMAL    RECORD    YEAR
 MAXIMUM TEMPERATURE (F)   67        87      1992
 MINIMUM TEMPERATURE (F)   34        19      1972
                                             1950


SUNRISE AND SUNSET
APRIL 29 2017.........SUNRISE   552 AM PDT   SUNSET   746 PM PDT
APRIL 30 2017.........SUNRISE   550 AM PDT   SUNSET   747 PM PDT


-  INDICATES NEGATIVE NUMBERS.
R  INDICATES RECORD WAS SET OR TIED.
MM INDICATES DATA IS MISSING.
T  INDICATES TRACE AMOUNT.




$$
