479
CDUS45 KLKN 010927
CLIWMC


CLIMATE REPORT
NATIONAL WEATHER SERVICE ELKO NV
227 AM PDT SUN MAY 1 2016


...................................

...THE WINNEMUCCA AIRPORT NV CLIMATE SUMMARY FOR APRIL 30 2016...

CLIMATE NORMAL PERIOD 1981 TO 2010
CLIMATE RECORD PERIOD 1877 TO 2016


WEATHER ITEM   OBSERVED TIME   RECORD YEAR NORMAL DEPARTURE LAST
                VALUE   (LST)  VALUE       VALUE  FROM      YEAR
                                                  NORMAL
..................................................................
TEMPERATURE (F)
 YESTERDAY
  MAXIMUM         62    417 PM  90    1981  67     -5       72
  MINIMUM         37    420 AM   6    1972  34      3       40
  AVERAGE         50                        50      0       56

PRECIPITATION (IN)
  YESTERDAY        T             0.71 1935   0.03  -0.03     0.00
  MONTH TO DATE    1.07                      0.89   0.18     1.83
  SINCE OCT 1      8.20                      5.73   2.47     5.74
  SINCE JAN 1      3.92                      3.25   0.67     3.17

SNOWFALL (IN)
  YESTERDAY        0.0           5.0  1915   0.0    0.0      0.0
  MONTH TO DATE    T                         1.6   -1.6      2.4
  SINCE MAR 1      1.7                       4.8   -3.1      2.4
  SINCE JUL 1     21.1                      20.8    0.3      5.3
  SNOW DEPTH       0

DEGREE DAYS
 HEATING
  YESTERDAY       15                        15      0        9
  MONTH TO DATE  463                       551    -88      578
  SINCE MAR 1   1122                      1291   -169     1175
  SINCE JUL 1   5299                      5880   -581     4957

 COOLING
  YESTERDAY        0                         0      0        0
  MONTH TO DATE    0                         0      0        0
  SINCE MAR 1      0                         0      0        0
  SINCE JAN 1      0                         0      0        0
..................................................................


WIND (MPH)
  HIGHEST WIND SPEED    26   HIGHEST WIND DIRECTION     N (20)
  HIGHEST GUST SPEED    35   HIGHEST GUST DIRECTION     N (20)
  AVERAGE WIND SPEED    13.2



WEATHER CONDITIONS
 THE FOLLOWING WEATHER WAS RECORDED YESTERDAY.
  NO SIGNIFICANT WEATHER WAS OBSERVED.


RELATIVE HUMIDITY (PERCENT)
 HIGHEST    86           200 AM
 LOWEST     33           500 PM
 AVERAGE    60

..........................................................


THE WINNEMUCCA AIRPORT NV CLIMATE NORMALS FOR TODAY
                         NORMAL    RECORD    YEAR
 MAXIMUM TEMPERATURE (F)   67        89      1947
 MINIMUM TEMPERATURE (F)   34        13      2008


SUNRISE AND SUNSET
MAY  1 2016...........SUNRISE   549 AM PDT   SUNSET   748 PM PDT
MAY  2 2016...........SUNRISE   547 AM PDT   SUNSET   749 PM PDT


-  INDICATES NEGATIVE NUMBERS.
R  INDICATES RECORD WAS SET OR TIED.
MM INDICATES DATA IS MISSING.
T  INDICATES TRACE AMOUNT.




$$
