000
CDUS45 KLKN 270930
CLIWMC


CLIMATE REPORT
NATIONAL WEATHER SERVICE ELKO NV
226 AM PDT WED AUG 27 2014


...................................

...THE WINNEMUCCA AIRPORT NV CLIMATE SUMMARY FOR AUGUST 26 2014...

CLIMATE NORMAL PERIOD 1981 TO 2010
CLIMATE RECORD PERIOD 1877 TO 2014


WEATHER ITEM   OBSERVED TIME   RECORD YEAR NORMAL DEPARTURE LAST
                VALUE   (LST)  VALUE       VALUE  FROM      YEAR
                                                  NORMAL
..................................................................
TEMPERATURE (F)
 YESTERDAY
  MAXIMUM         82    448 PM 101    2001  89     -7       87
  MINIMUM         42    449 AM  28    1992  46     -4       43
  AVERAGE         62                        68     -6       65

PRECIPITATION (IN)
  YESTERDAY        0.00          0.48 1917   0.00   0.00     0.00
  MONTH TO DATE    0.49                      0.14   0.35     0.13
  SINCE OCT 1      7.24                      7.80  -0.56     4.80
  SINCE JAN 1      4.58                      5.32  -0.74     2.39

SNOWFALL (IN)
  YESTERDAY        0.0           0.0  1877   0.0    0.0      0.0
  MONTH TO DATE    0.0                       0.0    0.0      0.0
  SINCE JUN 1      0.0                       T      0.0       T
  SINCE JUL 1      0.0                       0.0    0.0       T
  SNOW DEPTH       0

DEGREE DAYS
 HEATING
  YESTERDAY        3                         1      2        0
  MONTH TO DATE   16                        10      6        0
  SINCE JUN 1     90                       125    -35       70
  SINCE JUL 1     16                        20     -4        0

 COOLING
  YESTERDAY        0                         4     -4        0
  MONTH TO DATE  132                       161    -29      151
  SINCE JUN 1    600                       483    117      652
  SINCE JAN 1    609                       494    115      653
..................................................................


WIND (MPH)
  HIGHEST WIND SPEED    16   HIGHEST WIND DIRECTION    NE (30)
  HIGHEST GUST SPEED    20   HIGHEST GUST DIRECTION    NE (50)
  AVERAGE WIND SPEED     7.4



WEATHER CONDITIONS
 THE FOLLOWING WEATHER WAS RECORDED YESTERDAY.
  NO SIGNIFICANT WEATHER WAS OBSERVED.


RELATIVE HUMIDITY (PERCENT)
 HIGHEST    71           300 AM
 LOWEST     15           400 PM
 AVERAGE    43

..........................................................


THE WINNEMUCCA AIRPORT NV CLIMATE NORMALS FOR TODAY
                         NORMAL    RECORD    YEAR
 MAXIMUM TEMPERATURE (F)   88       102      1924
 MINIMUM TEMPERATURE (F)   46        30      1954


SUNRISE AND SUNSET
AUGUST 27 2014........SUNRISE   613 AM PDT   SUNSET   731 PM PDT
AUGUST 28 2014........SUNRISE   614 AM PDT   SUNSET   730 PM PDT


-  INDICATES NEGATIVE NUMBERS.
R  INDICATES RECORD WAS SET OR TIED.
MM INDICATES DATA IS MISSING.
T  INDICATES TRACE AMOUNT.




$$
