784
CDUS45 KLKN 250926
CLIWMC


CLIMATE REPORT
NATIONAL WEATHER SERVICE ELKO NV
226 AM PDT SUN SEP 25 2016


...................................

...THE WINNEMUCCA AIRPORT NV CLIMATE SUMMARY FOR SEPTEMBER 24 2016...

CLIMATE NORMAL PERIOD 1981 TO 2010
CLIMATE RECORD PERIOD 1877 TO 2016


WEATHER ITEM   OBSERVED TIME   RECORD YEAR NORMAL DEPARTURE LAST
                VALUE   (LST)  VALUE       VALUE  FROM      YEAR
                                                  NORMAL
..................................................................
TEMPERATURE (F)
 YESTERDAY
  MAXIMUM         73    408 PM  93    2011  77     -4       88
  MINIMUM         40   1159 PM  12    1958  37      3       37
  AVERAGE         57                        57      0       63

PRECIPITATION (IN)
  YESTERDAY        0.00          0.34 1986   0.02  -0.02     0.00
  MONTH TO DATE    0.24                      0.33  -0.09     0.06
  SINCE OCT 1      9.10                      8.17   0.93     9.19
  SINCE JAN 1      4.82                      5.69  -0.87     6.62

SNOWFALL (IN)
  YESTERDAY        0.0           0.0  1877   0.0    0.0      0.0
  MONTH TO DATE    0.0                       0.0    0.0      0.0
  SINCE SEP 1      0.0                       0.0    0.0      0.0
  SINCE JUL 1      0.0                       0.0    0.0      0.0
  SNOW DEPTH       0

DEGREE DAYS
 HEATING
  YESTERDAY        8                         8      0        2
  MONTH TO DATE  153                       116     37      110
  SINCE SEP 1    153                       116     37      110
  SINCE JUL 1    173                       146     27      120

 COOLING
  YESTERDAY        0                         0      0        0
  MONTH TO DATE    7                        29    -22       22
  SINCE SEP 1      7                        29    -22       22
  SINCE JAN 1    572                       539     33      609
..................................................................


WIND (MPH)
  HIGHEST WIND SPEED    13   HIGHEST WIND DIRECTION     N (350)
  HIGHEST GUST SPEED    16   HIGHEST GUST DIRECTION    NW (320)
  AVERAGE WIND SPEED     4.5



WEATHER CONDITIONS
 THE FOLLOWING WEATHER WAS RECORDED YESTERDAY.
  NO SIGNIFICANT WEATHER WAS OBSERVED.


RELATIVE HUMIDITY (PERCENT)
 HIGHEST    79           600 AM
 LOWEST     15           400 PM
 AVERAGE    47

..........................................................


THE WINNEMUCCA AIRPORT NV CLIMATE NORMALS FOR TODAY
                         NORMAL    RECORD    YEAR
 MAXIMUM TEMPERATURE (F)   77        92      2015
                                             2009
 MINIMUM TEMPERATURE (F)   36        18      1972


SUNRISE AND SUNSET
SEPTEMBER 25 2016.....SUNRISE   642 AM PDT   SUNSET   642 PM PDT
SEPTEMBER 26 2016.....SUNRISE   643 AM PDT   SUNSET   641 PM PDT


-  INDICATES NEGATIVE NUMBERS.
R  INDICATES RECORD WAS SET OR TIED.
MM INDICATES DATA IS MISSING.
T  INDICATES TRACE AMOUNT.




$$
