000
CDUS45 KRIW 140037
CLIWRL


CLIMATE REPORT
NATIONAL WEATHER SERVICE RIVERTON WY
537 PM MST SAT FEB 13 2016


...................................

...THE WORLAND WY CLIMATE SUMMARY FOR FEBRUARY 13 2016...
VALID TODAY AS OF 0500 PM LOCAL TIME.

CLIMATE NORMAL PERIOD 1981 TO 2010
CLIMATE RECORD PERIOD 1947 TO 2016


WEATHER ITEM   OBSERVED TIME   RECORD YEAR NORMAL DEPARTURE LAST
                VALUE   (LST)  VALUE       VALUE  FROM      YEAR
                                                  NORMAL
..................................................................
TEMPERATURE (F)
 TODAY
  MAXIMUM         56        MM  58    1967  36     20       57
                                      1994
  MINIMUM         24        MM -13    2004   9     15       25
  AVERAGE         40                        23     17       41

PRECIPITATION (IN)
  TODAY            0.00          0.20 1967   0.01  -0.01     0.00
  MONTH TO DATE    T                         0.08  -0.08     0.08
  SINCE DEC 1      0.31                      0.54  -0.23     1.01
  SINCE JAN 1      0.03                      0.31  -0.28     0.31

DEGREE DAYS
 HEATING
  TODAY           25                        42    -17       24
  MONTH TO DATE  473                       575   -102      428
  SINCE DEC 1   3368                      3531   -163     3427
  SINCE JUL 1   4952                      5423   -471     5343

 COOLING
  TODAY            0                         0      0        0
  MONTH TO DATE    0                         0      0        0
  SINCE DEC 1      0                         0      0        0
  SINCE JAN 1      0                         0      0        0
..................................................................


WIND (MPH)
  HIGHEST WIND SPEED    41   HIGHEST WIND DIRECTION     N (340)
  HIGHEST GUST SPEED    55   HIGHEST GUST DIRECTION     N (340)
  AVERAGE WIND SPEED     8.2


SKY COVER
  POSSIBLE SUNSHINE  MM
  AVERAGE SKY COVER 0.1


WEATHER CONDITIONS
 THE FOLLOWING WEATHER WAS RECORDED TODAY.
  NO SIGNIFICANT WEATHER WAS OBSERVED.


RELATIVE HUMIDITY (PERCENT)
 HIGHEST    92           100 AM
 LOWEST     52           100 PM
 AVERAGE    72

..........................................................


THE WORLAND WY CLIMATE NORMALS FOR TOMORROW
                         NORMAL    RECORD    YEAR
 MAXIMUM TEMPERATURE (F)   37        58      1981
 MINIMUM TEMPERATURE (F)   10       -11      2001


SUNRISE AND SUNSET
FEBRUARY 13 2016......SUNRISE   714 AM MST   SUNSET   538 PM MST
FEBRUARY 14 2016......SUNRISE   713 AM MST   SUNSET   540 PM MST


-  INDICATES NEGATIVE NUMBERS.
R  INDICATES RECORD WAS SET OR TIED.
MM INDICATES DATA IS MISSING.
T  INDICATES TRACE AMOUNT.




$$
