000
CDUS45 KRIW 020735
CLIWRL


CLIMATE REPORT
NATIONAL WEATHER SERVICE RIVERTON WY
135 AM MDT MON MAY 2 2016


...................................

...THE WORLAND WY CLIMATE SUMMARY FOR MAY 1 2016...

CLIMATE NORMAL PERIOD 1981 TO 2010
CLIMATE RECORD PERIOD 1947 TO 2016


WEATHER ITEM   OBSERVED TIME   RECORD YEAR NORMAL DEPARTURE LAST
                VALUE   (LST)  VALUE       VALUE  FROM      YEAR
                                                  NORMAL
..................................................................
TEMPERATURE (F)
 YESTERDAY
  MAXIMUM         58    404 PM  86    1981  65     -7       75
  MINIMUM         34    555 AM  24    2014  36     -2       34
                                      2011
                                      1972
  AVERAGE         46                        50     -4       55

PRECIPITATION (IN)
  YESTERDAY        0.00          0.62 1964   0.04  -0.04     0.00
  MONTH TO DATE    0.00                      0.04  -0.04     0.00
  SINCE MAR 1      2.31                      1.36   0.95     0.35
  SINCE JAN 1      2.34                      1.78   0.56     1.12

DEGREE DAYS
 HEATING
  YESTERDAY       19                        15      4       10
  MONTH TO DATE   19                        15      4       10
  SINCE MAR 1   1312                      1481   -169     1275
  SINCE JUL 1   6697                      7482   -785     7184

 COOLING
  YESTERDAY        0                         0      0        0
  MONTH TO DATE    0                         0      0        0
  SINCE MAR 1      0                         1     -1        0
  SINCE JAN 1      0                         1     -1        0
..................................................................


WIND (MPH)
  HIGHEST WIND SPEED    12   HIGHEST WIND DIRECTION     S (170)
  HIGHEST GUST SPEED    16   HIGHEST GUST DIRECTION     W (260)
  AVERAGE WIND SPEED     5.8


SKY COVER
  POSSIBLE SUNSHINE  MM
  AVERAGE SKY COVER 0.3


WEATHER CONDITIONS
 THE FOLLOWING WEATHER WAS RECORDED YESTERDAY.
  NO SIGNIFICANT WEATHER WAS OBSERVED.


RELATIVE HUMIDITY (PERCENT)
 HIGHEST   100           600 AM
 LOWEST     30           300 PM
 AVERAGE    65

..........................................................


THE WORLAND WY CLIMATE NORMALS FOR TODAY
                         NORMAL    RECORD    YEAR
 MAXIMUM TEMPERATURE (F)   65        91      1985
 MINIMUM TEMPERATURE (F)   36        26      1972


SUNRISE AND SUNSET
MAY  2 2016...........SUNRISE   601 AM MDT   SUNSET   817 PM MDT
MAY  3 2016...........SUNRISE   600 AM MDT   SUNSET   818 PM MDT


-  INDICATES NEGATIVE NUMBERS.
R  INDICATES RECORD WAS SET OR TIED.
MM INDICATES DATA IS MISSING.
T  INDICATES TRACE AMOUNT.




$$
