056
CDUS45 KRIW 220735
CLIWRL


CLIMATE REPORT
NATIONAL WEATHER SERVICE RIVERTON WY
135 AM MDT FRI MAY 22 2015


...................................

...THE WORLAND WY CLIMATE SUMMARY FOR MAY 21 2015...

CLIMATE NORMAL PERIOD 1981 TO 2010
CLIMATE RECORD PERIOD 1947 TO 2015


WEATHER ITEM   OBSERVED TIME   RECORD YEAR NORMAL DEPARTURE LAST
                VALUE   (LST)  VALUE       VALUE  FROM      YEAR
                                                  NORMAL
..................................................................
TEMPERATURE (F)
 YESTERDAY
  MAXIMUM         69    420 PM  90    1964  72     -3       73
  MINIMUM         40    520 AM  31    2001  43     -3       43
  AVERAGE         55                        57     -2       58

PRECIPITATION (IN)
  YESTERDAY        0.00          0.28 1975   0.04  -0.04     0.00
  MONTH TO DATE    1.81                      0.94   0.87     0.66
  SINCE MAR 1      2.16                      2.26  -0.10     1.35
  SINCE JAN 1      2.93                      2.68   0.25     1.73

DEGREE DAYS
 HEATING
  YESTERDAY       10                         8      2        7
  MONTH TO DATE  278                       239     39      280
  SINCE MAR 1   1543                      1705   -162     1802
  SINCE JUL 1   7452                      7706   -254     8182

 COOLING
  YESTERDAY        0                         0      0        0
  MONTH TO DATE    0                         0      0        0
  SINCE MAR 1      0                         1     -1        0
  SINCE JAN 1      0                         1     -1        0
..................................................................


WIND (MPH)
  HIGHEST WIND SPEED    21   HIGHEST WIND DIRECTION    SE (120)
  HIGHEST GUST SPEED    25   HIGHEST GUST DIRECTION    SE (130)
  AVERAGE WIND SPEED     7.8


SKY COVER
  POSSIBLE SUNSHINE  MM
  AVERAGE SKY COVER 0.1


WEATHER CONDITIONS
 THE FOLLOWING WEATHER WAS RECORDED YESTERDAY.
  NO SIGNIFICANT WEATHER WAS OBSERVED.


RELATIVE HUMIDITY (PERCENT)
 HIGHEST    83          1100 PM
 LOWEST     39           500 PM
 AVERAGE    61

..........................................................


THE WORLAND WY CLIMATE NORMALS FOR TODAY
                         NORMAL    RECORD    YEAR
 MAXIMUM TEMPERATURE (F)   72        93      1980
 MINIMUM TEMPERATURE (F)   43        29      1974


SUNRISE AND SUNSET
MAY 22 2015...........SUNRISE   539 AM MDT   SUNSET   838 PM MDT
MAY 23 2015...........SUNRISE   538 AM MDT   SUNSET   839 PM MDT


-  INDICATES NEGATIVE NUMBERS.
R  INDICATES RECORD WAS SET OR TIED.
MM INDICATES DATA IS MISSING.
T  INDICATES TRACE AMOUNT.




$$
