000
CDUS45 KRIW 300738
CLIWRL


CLIMATE REPORT
NATIONAL WEATHER SERVICE RIVERTON WY
128 AM MDT MON MAY 30 2016


...................................

...THE WORLAND WY CLIMATE SUMMARY FOR MAY 29 2016...

CLIMATE NORMAL PERIOD 1981 TO 2010
CLIMATE RECORD PERIOD 1947 TO 2016


WEATHER ITEM   OBSERVED TIME   RECORD YEAR NORMAL DEPARTURE LAST
                VALUE   (LST)  VALUE       VALUE  FROM      YEAR
                                                  NORMAL
..................................................................
TEMPERATURE (F)
 YESTERDAY
  MAXIMUM         78    434 PM  94    2003  74      4       68
  MINIMUM         44    435 AM  33    1979  45     -1       50
  AVERAGE         61                        59      2       59

PRECIPITATION (IN)
  YESTERDAY        0.00          0.88 1979   0.05  -0.05     0.01
  MONTH TO DATE    1.42                      1.32   0.10     3.01
  SINCE MAR 1      3.73                      2.64   1.09     3.36
  SINCE JAN 1      3.76                      3.06   0.70     4.13

DEGREE DAYS
 HEATING
  YESTERDAY        4                         6     -2        6
  MONTH TO DATE  303                       296      7      339
  SINCE MAR 1   1596                      1762   -166     1604
  SINCE JUL 1   6981                      7763   -782     7513

 COOLING
  YESTERDAY        0                         1     -1        0
  MONTH TO DATE    2                         3     -1        0
  SINCE MAR 1      2                         4     -2        0
  SINCE JAN 1      2                         4     -2        0
..................................................................


WIND (MPH)
  HIGHEST WIND SPEED    20   HIGHEST WIND DIRECTION    SW (230)
  HIGHEST GUST SPEED    25   HIGHEST GUST DIRECTION    SW (230)
  AVERAGE WIND SPEED     5.3


SKY COVER
  POSSIBLE SUNSHINE  MM
  AVERAGE SKY COVER 0.0


WEATHER CONDITIONS
 THE FOLLOWING WEATHER WAS RECORDED YESTERDAY.
  NO SIGNIFICANT WEATHER WAS OBSERVED.


RELATIVE HUMIDITY (PERCENT)
 HIGHEST    92           400 AM
 LOWEST     15           600 PM
 AVERAGE    54

..........................................................


THE WORLAND WY CLIMATE NORMALS FOR TODAY
                         NORMAL    RECORD    YEAR
 MAXIMUM TEMPERATURE (F)   74        94      1966
 MINIMUM TEMPERATURE (F)   45        32      1982


SUNRISE AND SUNSET
MAY 30 2016...........SUNRISE   533 AM MDT   SUNSET   847 PM MDT
MAY 31 2016...........SUNRISE   532 AM MDT   SUNSET   847 PM MDT


-  INDICATES NEGATIVE NUMBERS.
R  INDICATES RECORD WAS SET OR TIED.
MM INDICATES DATA IS MISSING.
T  INDICATES TRACE AMOUNT.




$$
