000
CDUS45 KRIW 250729
CLIWRL


CLIMATE REPORT
NATIONAL WEATHER SERVICE RIVERTON WY
129 AM MDT MON SEP 25 2017


...................................

...THE WORLAND WY CLIMATE SUMMARY FOR SEPTEMBER 24 2017...

CLIMATE NORMAL PERIOD 1981 TO 2010
CLIMATE RECORD PERIOD 1947 TO 2017


WEATHER ITEM   OBSERVED TIME   RECORD YEAR NORMAL DEPARTURE LAST
                VALUE   (LST)  VALUE       VALUE  FROM      YEAR
                                                  NORMAL
..................................................................
TEMPERATURE (F)
 YESTERDAY
  MAXIMUM         46    248 PM  90    2015  70    -24       50
  MINIMUM         41    826 AM  24    1984  39      2       43
  AVERAGE         44                        54    -10       47

PRECIPITATION (IN)
  YESTERDAY        0.14          0.98 2016   0.03   0.11     0.98
  MONTH TO DATE    2.06                      0.65   1.41     1.97
  SINCE SEP 1      2.06                      0.65   1.41     1.97
  SINCE JAN 1      7.56                      6.10   1.46     6.44

DEGREE DAYS
 HEATING
  YESTERDAY       21                        11     10       18
  MONTH TO DATE  189                       148     41      150
  SINCE SEP 1    189                       148     41      150
  SINCE JUL 1    190                       184      6      181

 COOLING
  YESTERDAY        0                         0      0        0
  MONTH TO DATE   52                        28     24       25
  SINCE SEP 1     52                        28     24       25
  SINCE JAN 1    588                       534     54      690
..................................................................


WIND (MPH)
  HIGHEST WIND SPEED    12   HIGHEST WIND DIRECTION    NW (320)
  HIGHEST GUST SPEED    15   HIGHEST GUST DIRECTION    NW (320)
  AVERAGE WIND SPEED     4.9


SKY COVER
  POSSIBLE SUNSHINE  MM
  AVERAGE SKY COVER 1.0


WEATHER CONDITIONS
 THE FOLLOWING WEATHER WAS RECORDED YESTERDAY.
  LIGHT RAIN
  FOG


RELATIVE HUMIDITY (PERCENT)
 HIGHEST   100           200 AM
 LOWEST     89           400 AM
 AVERAGE    95

..........................................................


THE WORLAND WY CLIMATE NORMALS FOR TODAY
                         NORMAL    RECORD    YEAR
 MAXIMUM TEMPERATURE (F)   69        94      2014
 MINIMUM TEMPERATURE (F)   39        15      1984


SUNRISE AND SUNSET
SEPTEMBER 25 2017.....SUNRISE   703 AM MDT   SUNSET   703 PM MDT
SEPTEMBER 26 2017.....SUNRISE   704 AM MDT   SUNSET   701 PM MDT


-  INDICATES NEGATIVE NUMBERS.
R  INDICATES RECORD WAS SET OR TIED.
MM INDICATES DATA IS MISSING.
T  INDICATES TRACE AMOUNT.




$$
