000
CDUS45 KRIW 040740
CLIWRL


CLIMATE REPORT
NATIONAL WEATHER SERVICE RIVERTON WY
138 AM MDT SAT JUL 4 2015


...................................

...THE WORLAND WY CLIMATE SUMMARY FOR JULY 3 2015...

CLIMATE NORMAL PERIOD 1981 TO 2010
CLIMATE RECORD PERIOD 1947 TO 2015


WEATHER ITEM   OBSERVED TIME   RECORD YEAR NORMAL DEPARTURE LAST
                VALUE   (LST)  VALUE       VALUE  FROM      YEAR
                                                  NORMAL
..................................................................
TEMPERATURE (F)
 YESTERDAY
  MAXIMUM         95    352 PM 103    2012  87      8       97
  MINIMUM         58    340 AM  42    1972  53      5       52
  AVERAGE         77                        70      7       75

PRECIPITATION (IN)
  YESTERDAY        0.01          0.56 1993   0.02  -0.01     0.00
  MONTH TO DATE    0.08                      0.06   0.02     0.00
  SINCE JUN 1      1.14                      1.21  -0.07     1.62
  SINCE JAN 1      5.32                      4.37   0.95     3.83

DEGREE DAYS
 HEATING
  YESTERDAY        0                         1     -1        0
  MONTH TO DATE    0                         3     -3        1
  SINCE JUN 1      4                        96    -92       91
  SINCE JUL 1      0                         3     -3        1

 COOLING
  YESTERDAY       12                         6      6       10
  MONTH TO DATE   35                        17     18       14
  SINCE JUN 1    214                       101    113       43
  SINCE JAN 1    216                       113    103       73
..................................................................


WIND (MPH)
  HIGHEST WIND SPEED    22   HIGHEST WIND DIRECTION    NW (320)
  HIGHEST GUST SPEED    28   HIGHEST GUST DIRECTION    NW (330)
  AVERAGE WIND SPEED     6.0


SKY COVER
  POSSIBLE SUNSHINE  MM
  AVERAGE SKY COVER 0.0


WEATHER CONDITIONS
 THE FOLLOWING WEATHER WAS RECORDED YESTERDAY.
  THUNDERSTORM
  LIGHT RAIN


RELATIVE HUMIDITY (PERCENT)
 HIGHEST    78           200 AM
 LOWEST     19           300 PM
 AVERAGE    49

..........................................................


THE WORLAND WY CLIMATE NORMALS FOR TODAY
                         NORMAL    RECORD    YEAR
 MAXIMUM TEMPERATURE (F)   87       105      1989
 MINIMUM TEMPERATURE (F)   54        38      1972


SUNRISE AND SUNSET
JULY  4 2015..........SUNRISE   535 AM MDT   SUNSET   858 PM MDT
JULY  5 2015..........SUNRISE   535 AM MDT   SUNSET   857 PM MDT


-  INDICATES NEGATIVE NUMBERS.
R  INDICATES RECORD WAS SET OR TIED.
MM INDICATES DATA IS MISSING.
T  INDICATES TRACE AMOUNT.




$$
