000
CDUS45 KRIW 270741
CLIWRL


CLIMATE REPORT
NATIONAL WEATHER SERVICE RIVERTON WY
1241 AM MST FRI FEB 27 2015


...................................

...THE WORLAND WY CLIMATE SUMMARY FOR FEBRUARY 26 2015...

CLIMATE NORMAL PERIOD 1981 TO 2010
CLIMATE RECORD PERIOD 1947 TO 2015


WEATHER ITEM   OBSERVED TIME   RECORD YEAR NORMAL DEPARTURE LAST
                VALUE   (LST)  VALUE       VALUE  FROM      YEAR
                                                  NORMAL
..................................................................
TEMPERATURE (F)
 YESTERDAY
  MAXIMUM         20    335 PM  63    1988  43    -23       20
  MINIMUM         13   1159 PM -17    2014  15     -2      -17
  AVERAGE         17                        29    -12        2

PRECIPITATION (IN)
  YESTERDAY        0.01          0.08 1974   0.00   0.01      T
  MONTH TO DATE    0.54                      0.17   0.37     0.13
  SINCE DEC 1      1.47                      0.63   0.84     0.50
  SINCE JAN 1      0.77                      0.40   0.37     0.38

DEGREE DAYS
 HEATING
  YESTERDAY       48                        36     12       63
  MONTH TO DATE  899                      1083   -184     1366
  SINCE DEC 1   3898                      4039   -141     4419
  SINCE JUL 1   5814                      5931   -117     6275

 COOLING
  YESTERDAY        0                         0      0        0
  MONTH TO DATE    0                         0      0        0
  SINCE DEC 1      0                         0      0        0
  SINCE JAN 1      0                         0      0        0
..................................................................


WIND (MPH)
  HIGHEST WIND SPEED    14   HIGHEST WIND DIRECTION     N (350)
  HIGHEST GUST SPEED    16   HIGHEST GUST DIRECTION     N (350)
  AVERAGE WIND SPEED     5.6


SKY COVER
  POSSIBLE SUNSHINE  MM
  AVERAGE SKY COVER 1.0


WEATHER CONDITIONS
 THE FOLLOWING WEATHER WAS RECORDED YESTERDAY.
  SNOW
  LIGHT SNOW
  FOG
  HAZE


RELATIVE HUMIDITY (PERCENT)
 HIGHEST    88           300 AM
 LOWEST     56           400 PM
 AVERAGE    72

..........................................................


THE WORLAND WY CLIMATE NORMALS FOR TODAY
                         NORMAL    RECORD    YEAR
 MAXIMUM TEMPERATURE (F)   43        67      1972
 MINIMUM TEMPERATURE (F)   15       -20      1962


SUNRISE AND SUNSET
FEBRUARY 27 2015......SUNRISE   652 AM MST   SUNSET   557 PM MST
FEBRUARY 28 2015......SUNRISE   651 AM MST   SUNSET   559 PM MST


-  INDICATES NEGATIVE NUMBERS.
R  INDICATES RECORD WAS SET OR TIED.
MM INDICATES DATA IS MISSING.
T  INDICATES TRACE AMOUNT.




$$
