000
CDUS45 KRIW 220738
CLIWRL


CLIMATE REPORT
NATIONAL WEATHER SERVICE RIVERTON WY
1236 AM MST SUN JAN 22 2017


...................................

...THE WORLAND WY CLIMATE SUMMARY FOR JANUARY 21 2017...

CLIMATE NORMAL PERIOD 1981 TO 2010
CLIMATE RECORD PERIOD 1947 TO 2017


WEATHER ITEM   OBSERVED TIME   RECORD YEAR NORMAL DEPARTURE LAST
                VALUE   (LST)  VALUE       VALUE  FROM      YEAR
                                                  NORMAL
..................................................................
TEMPERATURE (F)
 YESTERDAY
  MAXIMUM         24    404 PM  54    2005  31     -7       36
  MINIMUM          1    732 AM -28    2008   4     -3       12
  AVERAGE         13                        17     -4       24

PRECIPITATION (IN)
  YESTERDAY        0.00          0.18 1960   0.01  -0.01     0.00
  MONTH TO DATE    0.04                      0.16  -0.12     0.03
  SINCE DEC 1      0.23                      0.39  -0.16     0.31
  SINCE JAN 1      0.04                      0.16  -0.12     0.03

DEGREE DAYS
 HEATING
  YESTERDAY       52                        48      4       41
  MONTH TO DATE 1066                      1018     48     1045
  SINCE DEC 1   2723                      2489    234     2507
  SINCE JUL 1   4262                      4381   -119     4091

 COOLING
  YESTERDAY        0                         0      0        0
  MONTH TO DATE    0                         0      0        0
  SINCE DEC 1      0                         0      0        0
  SINCE JAN 1      0                         0      0        0
..................................................................


WIND (MPH)
  HIGHEST WIND SPEED     8   HIGHEST WIND DIRECTION    SW (210)
  HIGHEST GUST SPEED     9   HIGHEST GUST DIRECTION     S (200)
  AVERAGE WIND SPEED     2.0


SKY COVER
  POSSIBLE SUNSHINE  MM
  AVERAGE SKY COVER 0.6


WEATHER CONDITIONS
 THE FOLLOWING WEATHER WAS RECORDED YESTERDAY.
  FOG
  FOG W/VISIBILITY <= 1/4 MILE


RELATIVE HUMIDITY (PERCENT)
 HIGHEST   100          1200 AM
 LOWEST     80           500 PM
 AVERAGE    90

..........................................................


THE WORLAND WY CLIMATE NORMALS FOR TODAY
                         NORMAL    RECORD    YEAR
 MAXIMUM TEMPERATURE (F)   31        61      1981
 MINIMUM TEMPERATURE (F)    4       -38      1962


SUNRISE AND SUNSET
JANUARY 22 2017.......SUNRISE   738 AM MST   SUNSET   509 PM MST
JANUARY 23 2017.......SUNRISE   738 AM MST   SUNSET   510 PM MST


-  INDICATES NEGATIVE NUMBERS.
R  INDICATES RECORD WAS SET OR TIED.
MM INDICATES DATA IS MISSING.
T  INDICATES TRACE AMOUNT.




$$
