000
CDUS45 KRIW 090034
CLIWRL


CLIMATE REPORT
NATIONAL WEATHER SERVICE RIVERTON WY
533 PM MST THU DEC 8 2016


...................................

...THE WORLAND WY CLIMATE SUMMARY FOR DECEMBER 8 2016...
VALID TODAY AS OF 0500 PM LOCAL TIME.

CLIMATE NORMAL PERIOD 1981 TO 2010
CLIMATE RECORD PERIOD 1947 TO 2016


WEATHER ITEM   OBSERVED TIME   RECORD YEAR NORMAL DEPARTURE LAST
                VALUE   (LST)  VALUE       VALUE  FROM      YEAR
                                                  NORMAL
..................................................................
TEMPERATURE (F)
 TODAY
  MAXIMUM         12        MM  54    1979  32    -20       47
  MINIMUM        -11        MM -34    1972   6    -17       22
  AVERAGE          1                        19    -18       35

PRECIPITATION (IN)
  TODAY            0.00          0.10 2007   0.01  -0.01     0.00
  MONTH TO DATE    0.02                      0.07  -0.05      T
  SINCE DEC 1      0.02                      0.07  -0.05      T
  SINCE JAN 1      9.77                      7.41   2.36     7.26

DEGREE DAYS
 HEATING
  TODAY           64                        46     18       30
  MONTH TO DATE  375                       358     17      360
  SINCE DEC 1    375                       358     17      360
  SINCE JUL 1   1914                      2250   -336     1944

 COOLING
  TODAY            0                         0      0        0
  MONTH TO DATE    0                         0      0        0
  SINCE DEC 1      0                         0      0        0
  SINCE JAN 1    690                       535    155      631
..................................................................


WIND (MPH)
  HIGHEST WIND SPEED     5   HIGHEST WIND DIRECTION     N (10)
  HIGHEST GUST SPEED    MM   HIGHEST GUST DIRECTION    MM
  AVERAGE WIND SPEED     1.2


SKY COVER
  POSSIBLE SUNSHINE  MM
  AVERAGE SKY COVER 0.0


WEATHER CONDITIONS
 THE FOLLOWING WEATHER WAS RECORDED TODAY.
  NO SIGNIFICANT WEATHER WAS OBSERVED.


RELATIVE HUMIDITY (PERCENT)
 HIGHEST    83           400 AM
 LOWEST     66           200 PM
 AVERAGE    75

..........................................................


THE WORLAND WY CLIMATE NORMALS FOR TOMORROW
                         NORMAL    RECORD    YEAR
 MAXIMUM TEMPERATURE (F)   31        53      1962
 MINIMUM TEMPERATURE (F)    6       -32      1972


SUNRISE AND SUNSET
DECEMBER  8 2016......SUNRISE   734 AM MST   SUNSET   434 PM MST
DECEMBER  9 2016......SUNRISE   735 AM MST   SUNSET   434 PM MST


-  INDICATES NEGATIVE NUMBERS.
R  INDICATES RECORD WAS SET OR TIED.
MM INDICATES DATA IS MISSING.
T  INDICATES TRACE AMOUNT.




$$
