000
CDUS45 KRIW 280743
CLIWRL


CLIMATE REPORT
NATIONAL WEATHER SERVICE RIVERTON WY
142 AM MDT FRI JUL 28 2017


...................................

...THE WORLAND WY CLIMATE SUMMARY FOR JULY 27 2017...

CLIMATE NORMAL PERIOD 1981 TO 2010
CLIMATE RECORD PERIOD 1947 TO 2017


WEATHER ITEM   OBSERVED TIME   RECORD YEAR NORMAL DEPARTURE LAST
                VALUE   (LST)  VALUE       VALUE  FROM      YEAR
                                                  NORMAL
..................................................................
TEMPERATURE (F)
 YESTERDAY
  MAXIMUM         93    223 PM 104    1975  90      3       92
  MINIMUM         59    512 AM  44    1993  56      3       57
  AVERAGE         76                        73      3       75

PRECIPITATION (IN)
  YESTERDAY        0.00          0.03 2012   0.03  -0.03     0.02
                                      2012
                                      2015
  MONTH TO DATE    0.05                      0.62  -0.57     0.08
  SINCE JUN 1      0.41                      1.77  -1.36     0.37
  SINCE JAN 1      5.21                      4.93   0.28     4.13

DEGREE DAYS
 HEATING
  YESTERDAY        0                         0      0        0
  MONTH TO DATE    0                        10    -10        4
  SINCE JUN 1     46                       103    -57       10
  SINCE JUL 1      0                        10    -10        4

 COOLING
  YESTERDAY       11                         8      3       10
  MONTH TO DATE  273                       196     77      222
  SINCE JUN 1    363                       280     83      417
  SINCE JAN 1    363                       292     71      419
..................................................................


WIND (MPH)
  HIGHEST WIND SPEED    32   HIGHEST WIND DIRECTION    NW (300)
  HIGHEST GUST SPEED    40   HIGHEST GUST DIRECTION    NW (300)
  AVERAGE WIND SPEED     5.2


SKY COVER
  POSSIBLE SUNSHINE  MM
  AVERAGE SKY COVER 0.1


WEATHER CONDITIONS
 THE FOLLOWING WEATHER WAS RECORDED YESTERDAY.
  NO SIGNIFICANT WEATHER WAS OBSERVED.


RELATIVE HUMIDITY (PERCENT)
 HIGHEST    84           300 AM
 LOWEST     21           200 PM
 AVERAGE    53

..........................................................


THE WORLAND WY CLIMATE NORMALS FOR TODAY
                         NORMAL    RECORD    YEAR
 MAXIMUM TEMPERATURE (F)   90       106      1975
 MINIMUM TEMPERATURE (F)   56        43      2015


SUNRISE AND SUNSET
JULY 28 2017..........SUNRISE   556 AM MDT   SUNSET   840 PM MDT
JULY 29 2017..........SUNRISE   557 AM MDT   SUNSET   839 PM MDT


-  INDICATES NEGATIVE NUMBERS.
R  INDICATES RECORD WAS SET OR TIED.
MM INDICATES DATA IS MISSING.
T  INDICATES TRACE AMOUNT.




$$
