000
CDAK47 PAYA 180934
CLIYAK

CLIMATE REPORT
NATIONAL WEATHER SERVICE YAKUTAT, AK
135 AM AKDT THU SEP 18 2014

...................................
...THE YAKUTAT AP CLIMATE SUMMARY FOR SEPTEMBER 17 2014...

CLIMATE NORMAL PERIOD  1981 TO  2010
CLIMATE RECORD PERIOD  1948 TO  2014

WEATHER ITEM   OBSERVED TIME    RECORD YEAR NORMAL DEPARTURE LAST
               VALUE    (LST)   VALUE       VALUE  FROM      YEAR
                                                   NORMAL
...................................................................
TEMPERATURE
YESTERDAY
 MAXIMUM            54  0221 PM    72  1995     55      -1     51
 MINIMUM            47  0615 AM    29  2003     41       6     45
 AVERAGE            51                          48       3     48

PRECIPITATION
(INCHES)
 YESTERDAY        0.45           4.18  1991   0.73   -0.28   0.57
 MONTH TO DATE   12.12                       10.96    1.16  13.38
 SINCE SEP 1     12.12                       10.96    1.16  13.38
 SINCE JAN 1     90.92                       92.26   -1.34  91.01

SNOWFALL
(INCHES)
 YESTERDAY         0.0            0.0  2014    0.0     0.0    0.0
 MONTH TO DATE     0.0                         0.0     0.0    0.0
 SINCE SEP 1       0.0                         0.0     0.0    0.0
 SINCE JUL 1       0.0                         0.0     0.0    0.0
 SNOW DEPTH (IN)     0                                          0

DEGREE DAYS
 HEATING
  YESTERDAY         14                          17      -3     17
  MONTH TO DATE    189                         262     -73    197
  SINCE SEP 1      189                         262     -73    197
  SINCE JUL 1      816                         940    -124    761

 COOLING
  YESTERDAY          0                           0       0      0
  MONTH TO DATE      0                           0       0      0
  SINCE SEP 1        0                           0       0      0
  SINCE JAN 1        0                           0       0      0
...................................................................

WIND (MPH)
 HIGHEST WIND SPEED    12     HIGHEST WIND DIRECTION     70
 HIGHEST GUST SPEED    17     HIGHEST GUST DIRECTION     80
 AVERAGE WIND SPEED   4.7

SKY COVER
  POSSIBLE SUNSHINE    MM          AVERAGE SKY COVER     MM

WEATHER CONDITIONS
 THE FOLLOWING WEATHER WAS RECORDED YESTERDAY.
  FOG
RAIN


RELATIVE HUMIDITY
 HIGHEST RH     MM PERCENT       MM
 LOWEST  RH     MM PERCENT       MM
 AVERAGE RH     MM PERCENT       MM
...................................................................

THE YAKUTAT CLIMATE NORMALS FOR TODAY
                           NORMAL    RECORD   YEAR
 MAXIMUM TEMPERATURE (F)     55        72     2010
 MINIMUM TEMPERATURE (F)     41        26     1983

SUNRISE AND SUNSET
 SEP 18 2014..........SUNRISE  6:55 AM      SUNSET  7:30 PM
 SEP 19 2014..........SUNRISE  6:57 AM      SUNSET  7:27 PM

-  INDICATES NEGATIVE NUMBERS.
R  INDICATES RECORD HAS BEEN SET OR TIED.
MM INDICATES DATA IS MISSING.
T  INDICATES TRACE OF PRECIPITATION.

&&
-------------------------------------------------------------------

AMOUNT OF DAYLIGHT TODAY  (HOUR:MIN)........12 HOURS 35 MINUTES
GAIN/LOSS SINCE YESTERDAY (HOUR:MIN:SEC)....-0:05:17

$$
*** SEP 14
