000
CDAK47 PAYA 191201
CLIYAK

CLIMATE REPORT
NATIONAL WEATHER SERVICE YAKUTAT, AK
402 AM AKDT SAT APR 19 2014

...................................
...THE YAKUTAT AP CLIMATE SUMMARY FOR APRIL 18 2014...

CLIMATE NORMAL PERIOD  1981 TO  2010
CLIMATE RECORD PERIOD  1948 TO  2014

WEATHER ITEM   OBSERVED TIME    RECORD YEAR NORMAL DEPARTURE LAST
               VALUE    (LST)   VALUE       VALUE  FROM      YEAR
                                                   NORMAL
...................................................................
TEMPERATURE
YESTERDAY
 MAXIMUM            45  0531 PM    58  1993     46      -1     39
 MINIMUM            29  1151 PM    12  1963     30      -1     25
 AVERAGE            37                          38      -1     32

PRECIPITATION
(INCHES)
 YESTERDAY        0.21           2.02  2005   0.29   -0.08   0.07
 MONTH TO DATE    3.15                        5.70   -2.55   5.68
 SINCE MAR 1      7.20                       16.74   -9.54  11.61
 SINCE JAN 1     34.26                       41.26   -7.00  38.26

SNOWFALL
(INCHES)
 YESTERDAY         0.0            8.9  1971    0.3    -0.3    1.2
 MONTH TO DATE     5.8                         8.2    -2.4   19.7
 SINCE MAR 1      13.6                        35.4   -21.8   55.0
 SINCE JUL 1     109.0                       137.6   -28.6  170.9
 SNOW DEPTH (IN)     T                                         27

DEGREE DAYS
 HEATING
  YESTERDAY         28                          27       1     33
  MONTH TO DATE    529                         515      14    586
  SINCE MAR 1     1608                        1537      71   1697
  SINCE JUL 1     7421                        7666    -245   7942

 COOLING
  YESTERDAY          0                           0       0      0
  MONTH TO DATE      0                           0       0      0
  SINCE MAR 1        0                           0       0      0
  SINCE JAN 1        0                           0       0      0
...................................................................

WIND (MPH)
 HIGHEST WIND SPEED    13     HIGHEST WIND DIRECTION    170
 HIGHEST GUST SPEED    18     HIGHEST GUST DIRECTION    170
 AVERAGE WIND SPEED   4.7

WEATHER CONDITIONS
 THE FOLLOWING WEATHER WAS RECORDED YESTERDAY.
  FOG
RAIN

...................................................................

THE YAKUTAT CLIMATE NORMALS FOR TODAY
                           NORMAL    RECORD   YEAR
 MAXIMUM TEMPERATURE (F)     47        59     1994
 MINIMUM TEMPERATURE (F)     31        18     1963

SUNRISE AND SUNSET
 APR 19 2014..........SUNRISE  5:52 AM      SUNSET  8:46 PM
 APR 20 2014..........SUNRISE  5:49 AM      SUNSET  8:49 PM

-  INDICATES NEGATIVE NUMBERS.
R  INDICATES RECORD HAS BEEN SET OR TIED.
MM INDICATES DATA IS MISSING.
T  INDICATES TRACE OF PRECIPITATION.

&&
-------------------------------------------------------------------

AMOUNT OF DAYLIGHT TODAY  (HOUR:MIN)........14 HOURS 54 MINUTES
GAIN/LOSS SINCE YESTERDAY (HOUR:MIN:SEC)....+0:05:15

$$
TR APR 14
