000
CDAK47 PAYA 300926
CLIYAK

CLIMATE REPORT
NATIONAL WEATHER SERVICE YAKUTAT, AK
126 AM AKDT TUE JUN 30 2015

...................................
...THE YAKUTAT AP CLIMATE SUMMARY FOR JUNE 29 2015...

CLIMATE NORMAL PERIOD  1981 TO  2010
CLIMATE RECORD PERIOD  1948 TO  2015

WEATHER ITEM   OBSERVED TIME    RECORD YEAR NORMAL DEPARTURE LAST
               VALUE    (LST)   VALUE       VALUE  FROM      YEAR
                                                   NORMAL
...................................................................
TEMPERATURE
YESTERDAY
 MAXIMUM            60  0530 PM    79  1985     59       1     64
 MINIMUM            47  0311 AM    34  1965     47       0     52
 AVERAGE            54                          53       1     58

PRECIPITATION
(INCHES)
 YESTERDAY        0.01           1.69  1991   0.21   -0.20   0.21
 MONTH TO DATE    8.51                        6.19    2.32   9.70
 SINCE JUN 1      8.51                        6.19    2.32   9.70
 SINCE JAN 1     59.09                       59.15   -0.06  48.81

SNOWFALL
(INCHES)
 YESTERDAY         0.0            0.0  2015    0.0     0.0    0.0
 MONTH TO DATE     0.0                         0.0     0.0    0.0
 SINCE JUN 1       0.0                         0.0     0.0    0.0
 SINCE JUL 1      47.1                       140.0   -92.9  109.0
 SNOW DEPTH (IN)     0                                          0

DEGREE DAYS
 HEATING
  YESTERDAY         11                          12      -1      7
  MONTH TO DATE    324                         414     -90    437
  SINCE JUN 1      324                         414     -90    437
  SINCE JUL 1     7986                        9009   -1023   8701

 COOLING
  YESTERDAY          0                           0       0      0
  MONTH TO DATE      0                           0       0      0
  SINCE JUN 1        0                           0       0      0
  SINCE JAN 1        0                           0       0      0
...................................................................

WIND (MPH)
 HIGHEST WIND SPEED    10     HIGHEST WIND DIRECTION    250
 HIGHEST GUST SPEED    14     HIGHEST GUST DIRECTION    220
 AVERAGE WIND SPEED   3.2

SKY COVER
  POSSIBLE SUNSHINE    MM          AVERAGE SKY COVER     MM

WEATHER CONDITIONS
 THE FOLLOWING WEATHER WAS RECORDED YESTERDAY.
  RAIN


RELATIVE HUMIDITY
 HIGHEST RH     MM PERCENT       MM
 LOWEST  RH     MM PERCENT       MM
 AVERAGE RH     MM PERCENT       MM
...................................................................

THE YAKUTAT CLIMATE NORMALS FOR TODAY
                           NORMAL    RECORD   YEAR
 MAXIMUM TEMPERATURE (F)     59        76     1985
 MINIMUM TEMPERATURE (F)     47        34     2008

SUNRISE AND SUNSET
 JUN 30 2015..........SUNRISE  4:06 AM      SUNSET 10:40 PM
 JUL 1 2015..........SUNRISE  4:06 AM      SUNSET 10:39 PM

-  INDICATES NEGATIVE NUMBERS.
R  INDICATES RECORD HAS BEEN SET OR TIED.
MM INDICATES DATA IS MISSING.
T  INDICATES TRACE OF PRECIPITATION.

&&
-------------------------------------------------------------------

AMOUNT OF DAYLIGHT TODAY  (HOUR:MIN)........18 HOURS 34 MINUTES
GAIN/LOSS SINCE YESTERDAY (HOUR:MIN:SEC)....-0:01:29

$$
*** JUN 15
