000
CDAK47 PAYA 040908
CLIYAK

CLIMATE REPORT
NATIONAL WEATHER SERVICE YAKUTAT, AK
108 AM AKDT TUE AUG 4 2015

...................................
...THE YAKUTAT AP CLIMATE SUMMARY FOR AUGUST 3 2015...

CLIMATE NORMAL PERIOD  1981 TO  2010
CLIMATE RECORD PERIOD  1917 TO  2015

WEATHER ITEM   OBSERVED TIME    RECORD YEAR NORMAL DEPARTURE LAST
               VALUE    (LST)   VALUE       VALUE  FROM      YEAR
                                                   NORMAL
...................................................................
TEMPERATURE
YESTERDAY
 MAXIMUM            69  0335 PM    75  2004     61       8     60
 MINIMUM            43  0455 AM    31  1936     49      -6     53
 AVERAGE            56                          55       1     57

PRECIPITATION
(INCHES)
 YESTERDAY        0.00           2.84  1986   0.38   -0.38   0.56
 MONTH TO DATE       T                        1.11   -1.11   0.56
 SINCE JUN 1     20.46                       15.38    5.08  17.08
 SINCE JAN 1     71.04                       68.34    2.70  56.19

SNOWFALL
(INCHES)
 YESTERDAY         0.0            0.0  2015    0.0     0.0    0.0
 MONTH TO DATE     0.0                         0.0     0.0    0.0
 SINCE JUN 1       0.0                         0.0     0.0    0.0
 SINCE JUL 1       0.0                         0.0     0.0    0.0
 SNOW DEPTH (IN)     0                                          0

DEGREE DAYS
 HEATING
  YESTERDAY          9                          10      -1      8
  MONTH TO DATE     25                          30      -5     31
  SINCE JUN 1      627                         788    -161    790
  SINCE JUL 1      293                         362     -69    344

 COOLING
  YESTERDAY          0                           0       0      0
  MONTH TO DATE      0                           0       0      0
  SINCE JUN 1        0                           0       0      0
  SINCE JAN 1        0                           0       0      0
...................................................................

WIND (MPH)
 HIGHEST WIND SPEED     9     HIGHEST WIND DIRECTION    310
 HIGHEST GUST SPEED    15     HIGHEST GUST DIRECTION    300
 AVERAGE WIND SPEED   2.9

SKY COVER
  POSSIBLE SUNSHINE    MM          AVERAGE SKY COVER     MM

WEATHER CONDITIONS
 THE FOLLOWING WEATHER WAS RECORDED YESTERDAY.
  FOG


RELATIVE HUMIDITY
 HIGHEST RH     MM PERCENT       MM
 LOWEST  RH     MM PERCENT       MM
 AVERAGE RH     MM PERCENT       MM
...................................................................

THE YAKUTAT CLIMATE NORMALS FOR TODAY
                           NORMAL    RECORD   YEAR
 MAXIMUM TEMPERATURE (F)     61        76     1975
 MINIMUM TEMPERATURE (F)     49        37     1996

SUNRISE AND SUNSET
 AUG 4 2015..........SUNRISE  5:10 AM      SUNSET  9:39 PM
 AUG 5 2015..........SUNRISE  5:12 AM      SUNSET  9:36 PM

-  INDICATES NEGATIVE NUMBERS.
R  INDICATES RECORD HAS BEEN SET OR TIED.
MM INDICATES DATA IS MISSING.
T  INDICATES TRACE OF PRECIPITATION.

&&
-------------------------------------------------------------------

AMOUNT OF DAYLIGHT TODAY  (HOUR:MIN)........16 HOURS 29 MINUTES
GAIN/LOSS SINCE YESTERDAY (HOUR:MIN:SEC)....-0:04:47

$$
*** AUG 15
