000
CDAK47 PAYA 030905
CLIYAK

CLIMATE REPORT
NATIONAL WEATHER SERVICE YAKUTAT, AK
105 AM AKDT THU SEP 3 2015

...................................
...THE YAKUTAT AP CLIMATE SUMMARY FOR SEPTEMBER 2 2015...

CLIMATE NORMAL PERIOD  1981 TO  2010
CLIMATE RECORD PERIOD  1948 TO  2015

WEATHER ITEM   OBSERVED TIME    RECORD YEAR NORMAL DEPARTURE LAST
               VALUE    (LST)   VALUE       VALUE  FROM      YEAR
                                                   NORMAL
...................................................................
TEMPERATURE
YESTERDAY
 MAXIMUM            63  0107 PM    68  1996     59       4     60
 MINIMUM            32R 0538 AM    32  2015     43     -11     38
 AVERAGE            48                          51      -3     49

PRECIPITATION
(INCHES)
 YESTERDAY        0.00           4.47  1960   0.58   -0.58      T
 MONTH TO DATE    0.00                        1.15   -1.15   0.03
 SINCE SEP 1      0.00                        1.15   -1.15   0.03
 SINCE JAN 1     84.95                       82.45    2.50  78.83

SNOWFALL
(INCHES)
 YESTERDAY         0.0            0.0  2015    0.0     0.0    0.0
 MONTH TO DATE     0.0                         0.0     0.0    0.0
 SINCE SEP 1       0.0                         0.0     0.0    0.0
 SINCE JUL 1       0.0                         0.0     0.0    0.0
 SNOW DEPTH (IN)     0                                          0

DEGREE DAYS
 HEATING
  YESTERDAY         17                          14       3     16
  MONTH TO DATE     33                          28       5     31
  SINCE SEP 1       33                          28       5     31
  SINCE JUL 1      601                         706    -105    658

 COOLING
  YESTERDAY          0                           0       0      0
  MONTH TO DATE      0                           0       0      0
  SINCE SEP 1        0                           0       0      0
  SINCE JAN 1        0                           0       0      0
...................................................................

WIND (MPH)
 HIGHEST WIND SPEED    10     HIGHEST WIND DIRECTION    330
 HIGHEST GUST SPEED    15     HIGHEST GUST DIRECTION    310
 AVERAGE WIND SPEED   2.4

SKY COVER
  POSSIBLE SUNSHINE    MM          AVERAGE SKY COVER     MM

WEATHER CONDITIONS
 THE FOLLOWING WEATHER WAS RECORDED YESTERDAY.
  NO SIGNIFICANT WEATHER WAS OBSERVED.

RELATIVE HUMIDITY
 HIGHEST RH     MM PERCENT       MM
 LOWEST  RH     MM PERCENT       MM
 AVERAGE RH     MM PERCENT       MM
...................................................................

THE YAKUTAT CLIMATE NORMALS FOR TODAY
                           NORMAL    RECORD   YEAR
 MAXIMUM TEMPERATURE (F)     58        72     2002
 MINIMUM TEMPERATURE (F)     43        31     1922

SUNRISE AND SUNSET
 SEP 3 2015..........SUNRISE  6:20 AM      SUNSET  8:16 PM
 SEP 4 2015..........SUNRISE  6:22 AM      SUNSET  8:13 PM

-  INDICATES NEGATIVE NUMBERS.
R  INDICATES RECORD HAS BEEN SET OR TIED.
MM INDICATES DATA IS MISSING.
T  INDICATES TRACE OF PRECIPITATION.

&&
-------------------------------------------------------------------

AMOUNT OF DAYLIGHT TODAY  (HOUR:MIN)........13 HOURS 56 MINUTES
GAIN/LOSS SINCE YESTERDAY (HOUR:MIN:SEC)....-0:05:15

$$
DC SEP 15
