000
CDAK47 PAYA 280906
CLIYAK

CLIMATE REPORT
NATIONAL WEATHER SERVICE YAKUTAT, AK
107 AM AKDT THU APR 28 2016

...................................
...THE YAKUTAT AP CLIMATE SUMMARY FOR APRIL 27 2016...

CLIMATE NORMAL PERIOD  1981 TO  2010
CLIMATE RECORD PERIOD  1948 TO  2016

WEATHER ITEM   OBSERVED TIME    RECORD YEAR NORMAL DEPARTURE LAST
               VALUE    (LST)   VALUE       VALUE  FROM      YEAR
                                                   NORMAL
...................................................................
TEMPERATURE
YESTERDAY
 MAXIMUM            50  0127 PM    68  1995     49       1     48
 MINIMUM            34  0433 AM     0  1995     32       2     30
 AVERAGE            42                          41       1     39

PRECIPITATION
(INCHES)
 YESTERDAY        0.32           2.10  1988   0.30    0.02   0.10
 MONTH TO DATE    8.22                        8.34   -0.12  13.73
 SINCE MAR 1     17.85                       19.38   -1.53  24.15
 SINCE JAN 1     43.14                       43.90   -0.76  48.52

SNOWFALL
(INCHES)
 YESTERDAY         0.0            5.5  1975    0.1    -0.1      T
 MONTH TO DATE     0.0                         9.8    -9.8    6.8
 SINCE MAR 1       0.7                        37.0   -36.3   34.3
 SINCE JUL 1      49.9                       139.2   -89.3   47.1
 SNOW DEPTH (IN)     0                                          0

DEGREE DAYS
 HEATING
  YESTERDAY         23                          25      -2     26
  MONTH TO DATE    602                         744    -142    699
  SINCE MAR 1     1402                        1766    -364   1622
  SINCE JUL 1     6740                        7895   -1155   7054

 COOLING
  YESTERDAY          0                           0       0      0
  MONTH TO DATE      0                           0       0      0
  SINCE MAR 1        0                           0       0      0
  SINCE JAN 1        0                           0       0      0
...................................................................

WIND (MPH)
 HIGHEST WIND SPEED    16     HIGHEST WIND DIRECTION    130
 HIGHEST GUST SPEED    25     HIGHEST GUST DIRECTION    140
 AVERAGE WIND SPEED   7.8

SKY COVER
  POSSIBLE SUNSHINE    MM          AVERAGE SKY COVER     MM

WEATHER CONDITIONS
 THE FOLLOWING WEATHER WAS RECORDED YESTERDAY.
  RAIN


RELATIVE HUMIDITY
 HIGHEST RH     MM PERCENT       MM
 LOWEST  RH     MM PERCENT       MM
 AVERAGE RH     MM PERCENT       MM
...................................................................

THE YAKUTAT CLIMATE NORMALS FOR TODAY
                           NORMAL    RECORD   YEAR
 MAXIMUM TEMPERATURE (F)     49        65     2005
 MINIMUM TEMPERATURE (F)     33        19     1955

SUNRISE AND SUNSET
 APR 28 2016..........SUNRISE  5:26 AM      SUNSET  9:09 PM
 APR 29 2016..........SUNRISE  5:23 AM      SUNSET  9:12 PM

-  INDICATES NEGATIVE NUMBERS.
R  INDICATES RECORD HAS BEEN SET OR TIED.
MM INDICATES DATA IS MISSING.
T  INDICATES TRACE OF PRECIPITATION.

&&
-------------------------------------------------------------------

AMOUNT OF DAYLIGHT TODAY  (HOUR:MIN)........15 HOURS 43 MINUTES
GAIN/LOSS SINCE YESTERDAY (HOUR:MIN:SEC)....+0:05:07

$$
DC APR 16
