000
CDUS46 KPDT 280035
CLIYKM

CLIMATE REPORT
NATIONAL WEATHER SERVICE PENDLETON OR
432 PM PST MON FEB 27 2017


...................................

...THE YAKIMA WA CLIMATE SUMMARY FOR FEBRUARY 27 2017...
VALID TODAY AS OF 0400 PM LOCAL TIME.

CLIMATE NORMAL PERIOD 1981 TO 2010
CLIMATE RECORD PERIOD 1946 TO 2017


WEATHER ITEM   OBSERVED TIME   RECORD YEAR NORMAL DEPARTURE LAST
                VALUE   (LST)  VALUE       VALUE  FROM      YEAR
                                                  NORMAL
..................................................................
TEMPERATURE (F)
 TODAY
  MAXIMUM         42    315 PM  65    2016  50     -8       65
                                      1972
  MINIMUM         24    638 AM   7    1960  27     -3       36
  AVERAGE         33                        39     -6       51

PRECIPITATION (IN)
  TODAY            0.00          0.54 2015   0.02  -0.02     0.01
  MONTH TO DATE    2.40                      0.75   1.65     0.41
  SINCE OCT 1      8.48                      5.01   3.47     7.37
  SINCE JAN 1      4.56                      1.89   2.67     2.72

SNOWFALL (IN)
  TODAY            0.0           4.0  1976   0.0    0.0      0.0
  MONTH TO DATE    9.9                       2.5    7.4      0.8
  SINCE JAN 1     29.0                       7.8   21.2     12.5
  SINCE JUL 1     36.4                      20.8   15.6     31.4
  SNOW DEPTH       0

DEGREE DAYS
 HEATING
  TODAY           32                        26      6       14
  MONTH TO DATE  888                       783    105      601
  SINCE DEC 1   3378                      2968    410     2599
  SINCE JUL 1   4397                      4501   -104     3713

 COOLING
  TODAY            0                         0      0        0
  MONTH TO DATE    0                         0      0        0
  SINCE DEC 1      0                         0      0        0
  SINCE JAN 1      0                         0      0        0
..................................................................


WIND (MPH)
  HIGHEST WIND SPEED     9   HIGHEST WIND DIRECTION     W (260)
  HIGHEST GUST SPEED    11   HIGHEST GUST DIRECTION     W (260)
  AVERAGE WIND SPEED     2.3


SKY COVER
  POSSIBLE SUNSHINE  MM
  AVERAGE SKY COVER 0.8


WEATHER CONDITIONS
 THE FOLLOWING WEATHER WAS RECORDED TODAY.
  FOG
  FOG W/VISIBILITY <= 1/4 MILE


RELATIVE HUMIDITY (PERCENT)
 HIGHEST    92           300 AM
 LOWEST     70           300 PM
 AVERAGE    81

..........................................................


THE YAKIMA WA CLIMATE NORMALS FOR TOMORROW
                         NORMAL    RECORD    YEAR
 MAXIMUM TEMPERATURE (F)   51        65      1988
                                             1972
 MINIMUM TEMPERATURE (F)   27        10      1993
                                             1960


SUNRISE AND SUNSET
FEBRUARY 27 2017......SUNRISE   644 AM PST   SUNSET   546 PM PST
FEBRUARY 28 2017......SUNRISE   643 AM PST   SUNSET   547 PM PST


-  INDICATES NEGATIVE NUMBERS.
R  INDICATES RECORD WAS SET OR TIED.
MM INDICATES DATA IS MISSING.
T  INDICATES TRACE AMOUNT.




$$
