000
CDUS46 KPDT 170829
CLIYKM

CLIMATE REPORT
NATIONAL WEATHER SERVICE PENDLETON OR
1226 AM PST TUE JAN 17 2017


...................................

...THE YAKIMA WA CLIMATE SUMMARY FOR JANUARY 16 2017...

CLIMATE NORMAL PERIOD 1981 TO 2010
CLIMATE RECORD PERIOD 1946 TO 2017


WEATHER ITEM   OBSERVED TIME   RECORD YEAR NORMAL DEPARTURE LAST
                VALUE   (LST)  VALUE       VALUE  FROM      YEAR
                                                  NORMAL
..................................................................
TEMPERATURE (F)
 YESTERDAY
  MAXIMUM         20   1231 PM  60    2011  39    -19       39
  MINIMUM         11   1050 PM -14    1950  23    -12       34
  AVERAGE         16                        31    -15       37

PRECIPITATION (IN)
  YESTERDAY        T             0.67 1954   0.03  -0.03     0.15
  MONTH TO DATE    1.08                      0.65   0.43     0.93
  SINCE OCT 1      5.00                      3.77   1.23     5.58
  SINCE JAN 1      1.08                      0.65   0.43     0.93

SNOWFALL (IN)
  YESTERDAY        T             6.9  1954   0.2   -0.2      1.0
  MONTH TO DATE   13.3                       3.4    9.9      9.7
  SINCE JAN 1     13.3                       3.4    9.9      9.7
  SINCE JUL 1     20.7                      16.4    4.3     28.6
  SNOW DEPTH       0

DEGREE DAYS
 HEATING
  YESTERDAY       49                        34     15       28
  MONTH TO DATE  775                       568    207      550
  SINCE DEC 1   1976                      1698    278     1585
  SINCE JUL 1   2995                      3231   -236     2699

 COOLING
  YESTERDAY        0                         0      0        0
  MONTH TO DATE    0                         0      0        0
  SINCE DEC 1      0                         0      0        0
  SINCE JAN 1      0                         0      0        0
..................................................................


WIND (MPH)
  HIGHEST WIND SPEED     7   HIGHEST WIND DIRECTION    NW (320)
  HIGHEST GUST SPEED     9   HIGHEST GUST DIRECTION     S (170)
  AVERAGE WIND SPEED     1.5


SKY COVER
  POSSIBLE SUNSHINE  MM
  AVERAGE SKY COVER 0.9


WEATHER CONDITIONS
 THE FOLLOWING WEATHER WAS RECORDED YESTERDAY.
  LIGHT SNOW
  FOG
  HAZE


RELATIVE HUMIDITY (PERCENT)
 HIGHEST    84          1100 PM
 LOWEST     67           100 PM
 AVERAGE    76

..........................................................


THE YAKIMA WA CLIMATE NORMALS FOR TODAY
                         NORMAL    RECORD    YEAR
 MAXIMUM TEMPERATURE (F)   39        61      2011
 MINIMUM TEMPERATURE (F)   24       -18      1950


SUNRISE AND SUNSET
JANUARY 17 2017.......SUNRISE   740 AM PST   SUNSET   445 PM PST
JANUARY 18 2017.......SUNRISE   740 AM PST   SUNSET   446 PM PST


-  INDICATES NEGATIVE NUMBERS.
R  INDICATES RECORD WAS SET OR TIED.
MM INDICATES DATA IS MISSING.
T  INDICATES TRACE AMOUNT.




$$
