878
CDUS46 KPDT 260847 RRA
CLIYKM

CLIMATE REPORT
NATIONAL WEATHER SERVICE PENDLETON OR
145 AM PDT MON JUN 26 2017


...................................

...THE YAKIMA WA CLIMATE SUMMARY FOR JUNE 25 2017...

CLIMATE NORMAL PERIOD 1981 TO 2010
CLIMATE RECORD PERIOD 1946 TO 2017


WEATHER ITEM   OBSERVED TIME   RECORD YEAR NORMAL DEPARTURE LAST
                VALUE   (LST)  VALUE       VALUE  FROM      YEAR
                                                  NORMAL
..................................................................
TEMPERATURE (F)
 YESTERDAY
  MAXIMUM        100    243 PM 101    1992  82     18       83
  MINIMUM         52    358 AM  36    2001  50      2       46
  AVERAGE         76                        66     10       65

PRECIPITATION (IN)
  YESTERDAY        0.00          0.32 1980   0.02  -0.02     0.00
  MONTH TO DATE    0.19                      0.55  -0.36     0.22
  SINCE OCT 1     11.49                      7.34   4.15    10.32
  SINCE JAN 1      7.57                      4.22   3.35     5.67

SNOWFALL (IN)
  YESTERDAY        0.0           0.0  2002   0.0    0.0      0.0
                                      2001
                                      2000
  MONTH TO DATE    0.0                       0.0    0.0      0.0
  SINCE JAN 1     29.1                       8.6   20.5     12.5
  SINCE JUL 1     36.5                      21.6   14.9     31.4
  SNOW DEPTH       0

DEGREE DAYS
 HEATING
  YESTERDAY        0                         2     -2        0
  MONTH TO DATE   51                        88    -37       68
  SINCE JUN 1     51                        88    -37       68
  SINCE JUL 1   5671                      6032   -361     4656

 COOLING
  YESTERDAY       11                         3      8        0
  MONTH TO DATE   89                        45     44      109
  SINCE JUN 1     89                        45     44      109
  SINCE JAN 1    146                        65     81      148
..................................................................


WIND (MPH)
  HIGHEST WIND SPEED    12   HIGHEST WIND DIRECTION     W (270)
  HIGHEST GUST SPEED    15   HIGHEST GUST DIRECTION     S (200)
  AVERAGE WIND SPEED     5.8


SKY COVER
  POSSIBLE SUNSHINE  MM
  AVERAGE SKY COVER 0.0


WEATHER CONDITIONS
 THE FOLLOWING WEATHER WAS RECORDED YESTERDAY.
  NO SIGNIFICANT WEATHER WAS OBSERVED.


RELATIVE HUMIDITY (PERCENT)
 HIGHEST    72           100 AM
 LOWEST     12           400 PM
 AVERAGE    42

..........................................................


THE YAKIMA WA CLIMATE NORMALS FOR TODAY
                         NORMAL    RECORD    YEAR
 MAXIMUM TEMPERATURE (F)   82       104      2015
 MINIMUM TEMPERATURE (F)   50        33      1976


SUNRISE AND SUNSET
JUNE 26 2017..........SUNRISE   511 AM PDT   SUNSET   859 PM PDT
JUNE 27 2017..........SUNRISE   511 AM PDT   SUNSET   859 PM PDT


-  INDICATES NEGATIVE NUMBERS.
R  INDICATES RECORD WAS SET OR TIED.
MM INDICATES DATA IS MISSING.
T  INDICATES TRACE AMOUNT.




$$
