000
CDUS46 KPDT 310830
CLIYKM

CLIMATE REPORT
NATIONAL WEATHER SERVICE PENDLETON OR
126 AM PDT MON AUG 31 2015


...................................

...THE YAKIMA WA CLIMATE SUMMARY FOR AUGUST 30 2015...

CLIMATE NORMAL PERIOD 1981 TO 2010
CLIMATE RECORD PERIOD 1946 TO 2015


WEATHER ITEM   OBSERVED TIME   RECORD YEAR NORMAL DEPARTURE LAST
                VALUE   (LST)  VALUE       VALUE  FROM      YEAR
                                                  NORMAL
..................................................................
TEMPERATURE (F)
 YESTERDAY
  MAXIMUM         78    308 PM  98    1967  83     -5       79
  MINIMUM         52   1114 PM  38    1964  49      3       52
  AVERAGE         65                        66     -1       66

PRECIPITATION (IN)
  YESTERDAY        0.01          0.31 1977   0.01   0.00     0.00
  MONTH TO DATE    0.01                      0.25  -0.24     0.90
  SINCE OCT 1      6.40                      7.88  -1.48     4.79
  SINCE JAN 1      4.30                      4.76  -0.46     3.96

SNOWFALL (IN)
  YESTERDAY        0.0           0.0  2002   0.0    0.0      0.0
                                      2001
                                      1999
  MONTH TO DATE    0.0                       0.0    0.0      0.0
  SINCE JAN 1      1.6                       8.6   -7.0     19.9
  SINCE JUL 1      0.0                       0.0    0.0      0.0
  SNOW DEPTH       0

DEGREE DAYS
 HEATING
  YESTERDAY        0                         2     -2        0
  MONTH TO DATE    1                        26    -25        0
  SINCE JUN 1      4                       145   -141       35
  SINCE JUL 1      1                        47    -46        5

 COOLING
  YESTERDAY        0                         3     -3        1
  MONTH TO DATE  276                       156    120      294
  SINCE JUN 1    965                       416    549      804
  SINCE JAN 1   1057                       436    621      827
..................................................................


WIND (MPH)
  HIGHEST WIND SPEED    26   HIGHEST WIND DIRECTION     S (190)
  HIGHEST GUST SPEED    37   HIGHEST GUST DIRECTION     S (190)
  AVERAGE WIND SPEED     8.7


SKY COVER
  POSSIBLE SUNSHINE  MM
  AVERAGE SKY COVER 0.5


WEATHER CONDITIONS
 THE FOLLOWING WEATHER WAS RECORDED YESTERDAY.
  LIGHT RAIN


RELATIVE HUMIDITY (PERCENT)
 HIGHEST    60           700 AM
 LOWEST     25           300 PM
 AVERAGE    43

..........................................................


THE YAKIMA WA CLIMATE NORMALS FOR TODAY
                         NORMAL    RECORD    YEAR
 MAXIMUM TEMPERATURE (F)   83        97      1998
                                             1949
 MINIMUM TEMPERATURE (F)   48        37      1999


SUNRISE AND SUNSET
AUGUST 31 2015........SUNRISE   621 AM PDT   SUNSET   743 PM PDT
SEPTEMBER  1 2015.....SUNRISE   622 AM PDT   SUNSET   741 PM PDT


-  INDICATES NEGATIVE NUMBERS.
R  INDICATES RECORD WAS SET OR TIED.
MM INDICATES DATA IS MISSING.
T  INDICATES TRACE AMOUNT.




$$
