000
CDUS46 KPDT 290837
CLIYKM

CLIMATE REPORT
NATIONAL WEATHER SERVICE PENDLETON OR
132 AM PDT SAT APR 29 2017


...................................

...THE YAKIMA WA CLIMATE SUMMARY FOR APRIL 28 2017...

CLIMATE NORMAL PERIOD 1981 TO 2010
CLIMATE RECORD PERIOD 1946 TO 2017


WEATHER ITEM   OBSERVED TIME   RECORD YEAR NORMAL DEPARTURE LAST
                VALUE   (LST)  VALUE       VALUE  FROM      YEAR
                                                  NORMAL
..................................................................
TEMPERATURE (F)
 YESTERDAY
  MAXIMUM         69    415 PM  89    1987  67      2       75
  MINIMUM         39    429 AM  27    1999  37      2       38
                                      1984
  AVERAGE         54                        52      2       57

PRECIPITATION (IN)
  YESTERDAY        0.00          0.80 1995   0.02  -0.02     0.00
  MONTH TO DATE    1.29                      0.51   0.78     0.27
  SINCE OCT 1     10.75                      6.17   4.58     9.46
  SINCE JAN 1      6.83                      3.05   3.78     4.81

SNOWFALL (IN)
  YESTERDAY        0.0           0.0  2002   0.0    0.0      0.0
                                      2001
                                      2000
  MONTH TO DATE    0.0                       0.0    0.0      0.0
  SINCE JAN 1     29.1                       8.6   20.5     12.5
  SINCE JUL 1     36.5                      21.6   14.9     31.4
  SNOW DEPTH       0

DEGREE DAYS
 HEATING
  YESTERDAY       11                        13     -2        8
  MONTH TO DATE  409                       451    -42      187
  SINCE MAR 1    999                      1128   -129      746
  SINCE JUL 1   5428                      5655   -227     4496

 COOLING
  YESTERDAY        0                         0      0        0
  MONTH TO DATE    0                         0      0        6
  SINCE MAR 1      0                         0      0        6
  SINCE JAN 1      0                         0      0        6
..................................................................


WIND (MPH)
  HIGHEST WIND SPEED    21   HIGHEST WIND DIRECTION    NW (320)
  HIGHEST GUST SPEED    28   HIGHEST GUST DIRECTION    NW (320)
  AVERAGE WIND SPEED     6.2


SKY COVER
  POSSIBLE SUNSHINE  MM
  AVERAGE SKY COVER 0.1


WEATHER CONDITIONS
 THE FOLLOWING WEATHER WAS RECORDED YESTERDAY.
  NO SIGNIFICANT WEATHER WAS OBSERVED.


RELATIVE HUMIDITY (PERCENT)
 HIGHEST    55           400 AM
 LOWEST     26           300 PM
 AVERAGE    41

..........................................................


THE YAKIMA WA CLIMATE NORMALS FOR TODAY
                         NORMAL    RECORD    YEAR
 MAXIMUM TEMPERATURE (F)   67        87      1957
 MINIMUM TEMPERATURE (F)   37        24      1952


SUNRISE AND SUNSET
APRIL 29 2017.........SUNRISE   550 AM PDT   SUNSET   809 PM PDT
APRIL 30 2017.........SUNRISE   549 AM PDT   SUNSET   811 PM PDT


-  INDICATES NEGATIVE NUMBERS.
R  INDICATES RECORD WAS SET OR TIED.
MM INDICATES DATA IS MISSING.
T  INDICATES TRACE AMOUNT.

$$
