000
CDUS46 KPDT 280927
CLIYKM

CLIMATE REPORT
NATIONAL WEATHER SERVICE PENDLETON OR
127 AM PST WED JAN 28 2015


...................................

...THE YAKIMA WA CLIMATE SUMMARY FOR JANUARY 27 2015...

CLIMATE NORMAL PERIOD 1981 TO 2010
CLIMATE RECORD PERIOD 1946 TO 2015


WEATHER ITEM   OBSERVED TIME   RECORD YEAR NORMAL DEPARTURE LAST
                VALUE   (LST)  VALUE       VALUE  FROM      YEAR
                                                  NORMAL
..................................................................
TEMPERATURE (F)
 YESTERDAY
  MAXIMUM         39    445 PM  59    1976  41     -2       35
  MINIMUM         32    848 AM -18    1957  25      7       29
  AVERAGE         36                        33      3       32

PRECIPITATION (IN)
  YESTERDAY        0.00          0.60 1954   0.03  -0.03     0.00
  MONTH TO DATE    0.70                      1.02  -0.32     0.10
  SINCE OCT 1      2.80                      4.14  -1.34     0.93
  SINCE JAN 1      0.70                      1.02  -0.32     0.10

SNOWFALL (IN)
  YESTERDAY        0.0           7.9  1954   0.1   -0.1      0.0
  MONTH TO DATE    1.6                       4.8   -3.2      0.5
  SINCE JAN 1      1.6                       4.8   -3.2      0.5
  SINCE JUL 1      1.6                      17.8  -16.2      0.5
  SNOW DEPTH       0

DEGREE DAYS
 HEATING
  YESTERDAY       29                        32     -3       33
  MONTH TO DATE  817                       930   -113      818
  SINCE DEC 1   1711                      2060   -349     1973
  SINCE JUL 1   2895                      3593   -698     3389

 COOLING
  YESTERDAY        0                         0      0        0
  MONTH TO DATE    0                         0      0        0
  SINCE DEC 1      0                         0      0        0
  SINCE JAN 1      0                         0      0        0
..................................................................


WIND (MPH)
  HIGHEST WIND SPEED     7   HIGHEST WIND DIRECTION     E (90)
  HIGHEST GUST SPEED     7   HIGHEST GUST DIRECTION     E (90)
  AVERAGE WIND SPEED     1.9


SKY COVER
  POSSIBLE SUNSHINE  MM
  AVERAGE SKY COVER 1.0


WEATHER CONDITIONS
THE FOLLOWING WEATHER WAS RECORDED YESTERDAY.
  FOG
  FOG W/VISIBILITY <= 1/4 MILE


RELATIVE HUMIDITY (PERCENT)
 HIGHEST   100           300 AM
 LOWEST     79           400 PM
 AVERAGE    90

..........................................................


THE YAKIMA WA CLIMATE NORMALS FOR TODAY
                         NORMAL    RECORD    YEAR
 MAXIMUM TEMPERATURE (F)   42        57      1974
 MINIMUM TEMPERATURE (F)   25       -12      1980


SUNRISE AND SUNSET
JANUARY 28 2015.......SUNRISE   731 AM PST   SUNSET   500 PM PST
JANUARY 29 2015.......SUNRISE   730 AM PST   SUNSET   501 PM PST


-  INDICATES NEGATIVE NUMBERS.
R  INDICATES RECORD WAS SET OR TIED.
MM INDICATES DATA IS MISSING.
T  INDICATES TRACE AMOUNT.

$$
