000
CDUS41 KCLE 230535
CLIYNG


CLIMATE REPORT
NATIONAL WEATHER SERVICE CLEVELAND OH
1234 AM EST FRI FEB 23 2018


...................................

...THE YOUNGSTOWN OH CLIMATE SUMMARY FOR FEBRUARY 22 2018...

CLIMATE NORMAL PERIOD 1981 TO 2010
CLIMATE RECORD PERIOD 1897 TO 2018


WEATHER ITEM   OBSERVED TIME   RECORD YEAR NORMAL DEPARTURE LAST
                VALUE   (LST)  VALUE       VALUE  FROM      YEAR
                                                  NORMAL
..................................................................
TEMPERATURE (F)
 YESTERDAY
  MAXIMUM         45    508 PM  64    1983  38      7       59
  MINIMUM         33    826 AM -10    1963  22     11       52
  AVERAGE         39                        30      9       56

PRECIPITATION (IN)
  YESTERDAY        0.44                      0.08   0.36     0.17
  MONTH TO DATE    3.52                      1.65   1.87     1.82
  SINCE DEC 1      8.77                      7.19   1.58    10.74
  SINCE JAN 1      6.66                      4.20   2.46     7.17

SNOWFALL (IN)
  YESTERDAY        0.1                       0.5   -0.4      0.0
  MONTH TO DATE   15.0                      10.0    5.0      6.0
  SINCE DEC 1     57.1                      41.6   15.5     42.9
  SINCE JUL 1     58.1                      46.0   12.1     47.3
  SNOW DEPTH       0

DEGREE DAYS
 HEATING
  YESTERDAY       26                        35     -9        9
  MONTH TO DATE  708                       819   -111      631
  SINCE DEC 1   3108                      3113     -5     2712
  SINCE JUL 1   4206                      4442   -236     3684

 COOLING
  YESTERDAY        0                         0      0        0
  MONTH TO DATE    2                         0      2        0
  SINCE DEC 1      2                         0      2        0
  SINCE JAN 1      2                         0      2        0
..................................................................


WIND (MPH)
  HIGHEST WIND SPEED    18   HIGHEST WIND DIRECTION     E (110)
  HIGHEST GUST SPEED    23   HIGHEST GUST DIRECTION     E (110)
  AVERAGE WIND SPEED    10.4


SKY COVER
  POSSIBLE SUNSHINE  MM
  AVERAGE SKY COVER 0.9


WEATHER CONDITIONS
 THE FOLLOWING WEATHER WAS RECORDED YESTERDAY.
  RAIN
  LIGHT RAIN
  LT FREEZING RAIN
  SLEET
  FOG


RELATIVE HUMIDITY (PERCENT)
 HIGHEST    92          1100 AM
 LOWEST     76           500 PM
 AVERAGE    84

..........................................................


THE YOUNGSTOWN OH CLIMATE NORMALS FOR TODAY
                         NORMAL    RECORD    YEAR
 MAXIMUM TEMPERATURE (F)   38        69      2017
 MINIMUM TEMPERATURE (F)   22       -11      2015


SUNRISE AND SUNSET
FEBRUARY 23 2018......SUNRISE   706 AM EST   SUNSET   606 PM EST
FEBRUARY 24 2018......SUNRISE   705 AM EST   SUNSET   608 PM EST


-  INDICATES NEGATIVE NUMBERS.
R  INDICATES RECORD WAS SET OR TIED.
MM INDICATES DATA IS MISSING.
T  INDICATES TRACE AMOUNT.




$$
