000
CDUS41 KCLE 230536
CLIYNG


CLIMATE REPORT
NATIONAL WEATHER SERVICE CLEVELAND OH
126 AM EDT THU OCT 23 2014


...................................

...THE YOUNGSTOWN OH CLIMATE SUMMARY FOR OCTOBER 22 2014...

CLIMATE NORMAL PERIOD 1981 TO 2010
CLIMATE RECORD PERIOD 1897 TO 2014


WEATHER ITEM   OBSERVED TIME   RECORD YEAR NORMAL DEPARTURE LAST
                VALUE   (LST)  VALUE       VALUE  FROM      YEAR
                                                  NORMAL
..................................................................
TEMPERATURE (F)
 YESTERDAY
  MAXIMUM         52   1259 PM  80    1979  59     -7       49
                                      1947
  MINIMUM         41    805 PM  28    1992  40      1       35
  AVERAGE         47                        49     -2       42

PRECIPITATION (IN)
  YESTERDAY        0.01                      0.09  -0.08     0.12
  MONTH TO DATE    2.92                      1.99   0.93     2.39
  SINCE SEP 1      4.82                      5.74  -0.92     4.60
  SINCE JAN 1     34.38                     31.96   2.42    31.82

SNOWFALL (IN)
  YESTERDAY        0.0                       0.1   -0.1      0.0
  MONTH TO DATE    T                         0.4   -0.4      0.0
  SINCE SEP 1      T                         0.4   -0.4      0.0
  SINCE JUL 1      T                         0.4   -0.4      0.0
  SNOW DEPTH       0

DEGREE DAYS
 HEATING
  YESTERDAY       18                        16      2       23
  MONTH TO DATE  261                       284    -23      180
  SINCE SEP 1    402                       429    -27      331
  SINCE JUL 1    454                       467    -13      369

 COOLING
  YESTERDAY        0                         0      0        0
  MONTH TO DATE    3                         3      0       21
  SINCE SEP 1     56                        55      1       78
  SINCE JAN 1    533                       541     -8      630
..................................................................


WIND (MPH)
  HIGHEST WIND SPEED    17   HIGHEST WIND DIRECTION     N (360)
  HIGHEST GUST SPEED    23   HIGHEST GUST DIRECTION     N (340)
  AVERAGE WIND SPEED    10.4


SKY COVER
  POSSIBLE SUNSHINE  MM
  AVERAGE SKY COVER 0.9


WEATHER CONDITIONS
 THE FOLLOWING WEATHER WAS RECORDED YESTERDAY.
  LIGHT RAIN
  FOG


RELATIVE HUMIDITY (PERCENT)
 HIGHEST   100           600 AM
 LOWEST     74           100 PM
 AVERAGE    87

..........................................................


THE YOUNGSTOWN OH CLIMATE NORMALS FOR TODAY
                         NORMAL    RECORD    YEAR
 MAXIMUM TEMPERATURE (F)   58        78      1931
 MINIMUM TEMPERATURE (F)   40        23      1969


SUNRISE AND SUNSET
OCTOBER 23 2014.......SUNRISE   743 AM EDT   SUNSET   630 PM EDT
OCTOBER 24 2014.......SUNRISE   745 AM EDT   SUNSET   629 PM EDT


-  INDICATES NEGATIVE NUMBERS.
R  INDICATES RECORD WAS SET OR TIED.
MM INDICATES DATA IS MISSING.
T  INDICATES TRACE AMOUNT.




$$
