000
CDUS41 KPBZ 171320
CLIZZV


CLIMATE REPORT
NATIONAL WEATHER SERVICE PITTSBURGH PA
820 AM EST SAT FEB 17 2018


...................................

...THE ZANESVILLE OH CLIMATE SUMMARY FOR FEBRUARY 17 2018...
VALID AS OF 0800 AM LOCAL TIME.

CLIMATE NORMAL PERIOD 1981 TO 2010
CLIMATE RECORD PERIOD 1895 TO 2018


WEATHER ITEM   OBSERVED TIME   RECORD YEAR NORMAL DEPARTURE LAST
                VALUE   (LST)  VALUE       VALUE  FROM      YEAR
                                                  NORMAL
..................................................................
TEMPERATURE (F)
 TODAY
  MAXIMUM         33   1235 AM  66    2011
                                      1911
  MINIMUM         27    339 AM -10    2015  23      4       30

PRECIPITATION (IN)
  TODAY            0.00          1.24 1910   0.07  -0.07     0.00
  MONTH TO DATE    3.21                      1.30   1.91     1.23
  SINCE JUN 1     28.18                     26.36   1.82    22.76
  SINCE JAN 1      5.32                      3.96   1.36     4.14

DEGREE DAYS
 HEATING
  TODAY           35

 COOLING
  TODAY            0
..................................................................







THE ZANESVILLE OH CLIMATE NORMALS FOR TOMORROW
                         NORMAL    RECORD    YEAR
 MAXIMUM TEMPERATURE (F)   42        69      2017
 MINIMUM TEMPERATURE (F)   23        -4      1903


SUNRISE AND SUNSET
FEBRUARY 17 2018......SUNRISE   718 AM EST   SUNSET   606 PM EST
FEBRUARY 18 2018......SUNRISE   716 AM EST   SUNSET   607 PM EST


-  INDICATES NEGATIVE NUMBERS.
R  INDICATES RECORD WAS SET OR TIED.
MM INDICATES DATA IS MISSING.
T  INDICATES TRACE AMOUNT.




$$
