000
CDUS41 KPBZ 212217
CLIZZV


CLIMATE REPORT
NATIONAL WEATHER SERVICE PITTSBURGH PA
517 PM EST TUE NOV 21 2017


...................................

...THE ZANESVILLE OH CLIMATE SUMMARY FOR NOVEMBER 21 2017...
VALID TODAY AS OF 0500 PM LOCAL TIME.

CLIMATE NORMAL PERIOD 1981 TO 2010
CLIMATE RECORD PERIOD 1895 TO 2017


WEATHER ITEM   OBSERVED TIME   RECORD YEAR NORMAL DEPARTURE LAST
                VALUE   (LST)  VALUE       VALUE  FROM      YEAR
                                                  NORMAL
..................................................................
TEMPERATURE (F)
 TODAY
  MAXIMUM         57    216 PM  75    1906  50      7       37
  MINIMUM         32    154 AM  13    2014  32      0       23
                                      1969
  AVERAGE         45                        41      4       30

PRECIPITATION (IN)
  TODAY            0.00          0.63 1997   0.11  -0.11     0.00
  MONTH TO DATE    4.19                      2.17   2.02     0.62
  SINCE JUN 1     21.39                     18.85   2.54    13.18
  SINCE JAN 1     39.51                     34.31   5.20    28.16

DEGREE DAYS
 HEATING
  TODAY           20                        24     -4       35
  MONTH TO DATE  446                       422     24      379
  SINCE SEP 1    768                       898   -130      657
  SINCE JUL 1    772                       909   -137      657

 COOLING
  TODAY            0                         0      0        0
  MONTH TO DATE    2                         0      2        2
  SINCE SEP 1    149                        91     58      204
  SINCE JAN 1    877                       768    109     1355
..................................................................


WIND (MPH)
  HIGHEST WIND SPEED    24   HIGHEST WIND DIRECTION    SW (210)
  HIGHEST GUST SPEED    33   HIGHEST GUST DIRECTION     S (200)
  AVERAGE WIND SPEED    10.8


SKY COVER
  POSSIBLE SUNSHINE  MM
  AVERAGE SKY COVER 0.0


WEATHER CONDITIONS
 THE FOLLOWING WEATHER WAS RECORDED TODAY.
  NO SIGNIFICANT WEATHER WAS OBSERVED.


RELATIVE HUMIDITY (PERCENT)
 HIGHEST    63           200 AM
 LOWEST     38           200 PM
 AVERAGE    51

..........................................................


THE ZANESVILLE OH CLIMATE NORMALS FOR TOMORROW
                         NORMAL    RECORD    YEAR
 MAXIMUM TEMPERATURE (F)   50        75      1931
 MINIMUM TEMPERATURE (F)   32        10      1964
                                             1937


SUNRISE AND SUNSET
NOVEMBER 21 2017......SUNRISE   720 AM EST   SUNSET   507 PM EST
NOVEMBER 22 2017......SUNRISE   721 AM EST   SUNSET   506 PM EST


-  INDICATES NEGATIVE NUMBERS.
R  INDICATES RECORD WAS SET OR TIED.
MM INDICATES DATA IS MISSING.
T  INDICATES TRACE AMOUNT.




$$
