695
CDUS41 KPBZ 210806
CLIZZV


CLIMATE REPORT
NATIONAL WEATHER SERVICE PITTSBURGH PA
306 AM EST TUE FEB 21 2017


...................................

...THE ZANESVILLE OH CLIMATE SUMMARY FOR FEBRUARY 20 2017...

CLIMATE NORMAL PERIOD 1981 TO 2010
CLIMATE RECORD PERIOD 1946 TO 2017


WEATHER ITEM   OBSERVED TIME   RECORD YEAR NORMAL DEPARTURE LAST
                VALUE   (LST)  VALUE       VALUE  FROM      YEAR
                                                  NORMAL
..................................................................
TEMPERATURE (F)
 YESTERDAY
  MAXIMUM         61    448 PM  70    2016  42     19       70
  MINIMUM         34    415 AM -16    2015  24     10       47
  AVERAGE         48                        33     15       59

PRECIPITATION (IN)
  YESTERDAY        0.00         MM      MM   0.08  -0.08     0.00
  MONTH TO DATE    1.23                      1.53  -0.30     1.81
  SINCE JUN 1     22.76                     26.59  -3.83    25.06
  SINCE JAN 1      4.14                      4.19  -0.05     2.73

DEGREE DAYS
 HEATING
  YESTERDAY       17                        32    -15        6
  MONTH TO DATE  527                       677   -150      638
  SINCE DEC 1   2377                      2803   -426     2318
  SINCE JUL 1   3234                      3944   -710     3160

 COOLING
  YESTERDAY        0                         0      0        0
  MONTH TO DATE    0                         0      0        0
  SINCE DEC 1      0                         0      0        0
  SINCE JAN 1      0                         0      0        0
..................................................................


WIND (MPH)
  HIGHEST WIND SPEED     8   HIGHEST WIND DIRECTION     N (20)
  HIGHEST GUST SPEED     9   HIGHEST GUST DIRECTION     E (90)
  AVERAGE WIND SPEED     2.2


SKY COVER
  POSSIBLE SUNSHINE  MM
  AVERAGE SKY COVER 0.6


WEATHER CONDITIONS
 THE FOLLOWING WEATHER WAS RECORDED YESTERDAY.
  FOG
  FOG W/VISIBILITY <= 1/4 MILE
  HAZE


RELATIVE HUMIDITY (PERCENT)
 HIGHEST   100           200 AM
 LOWEST     51           500 PM
 AVERAGE    76

..........................................................


THE ZANESVILLE OH CLIMATE NORMALS FOR TODAY
                         NORMAL    RECORD    YEAR
 MAXIMUM TEMPERATURE (F)   43        72      1997
 MINIMUM TEMPERATURE (F)   24        -1      1968


SUNRISE AND SUNSET
FEBRUARY 21 2017......SUNRISE   712 AM EST   SUNSET   611 PM EST
FEBRUARY 22 2017......SUNRISE   711 AM EST   SUNSET   612 PM EST


-  INDICATES NEGATIVE NUMBERS.
R  INDICATES RECORD WAS SET OR TIED.
MM INDICATES DATA IS MISSING.
T  INDICATES TRACE AMOUNT.




$$
