000
CDUS41 KPBZ 292114
CLIZZV


CLIMATE REPORT
NATIONAL WEATHER SERVICE PITTSBURGH PA
514 PM EDT MON SEP 29 2014


...................................

...THE ZANESVILLE OH CLIMATE SUMMARY FOR SEPTEMBER 29 2014...
VALID TODAY AS OF 0500 PM LOCAL TIME.

CLIMATE NORMAL PERIOD 1981 TO 2010
CLIMATE RECORD PERIOD 1946 TO 2014


WEATHER ITEM   OBSERVED TIME   RECORD YEAR NORMAL DEPARTURE LAST
                VALUE   (LST)  VALUE       VALUE  FROM      YEAR
                                                  NORMAL
..................................................................
TEMPERATURE (F)
 TODAY
  MAXIMUM         82    215 PM  94    1953  71     11       75
  MINIMUM         52    653 AM  28    1951  48      4       54
  AVERAGE         67                        59      8       65

PRECIPITATION (IN)
  TODAY            0.00         MM      MM   0.10  -0.10     0.00
  MONTH TO DATE    0.74                      2.91  -2.17     1.28
  SINCE JUN 1     14.59                     13.97   0.62    18.70
  SINCE JAN 1     28.92                     29.43  -0.51    29.29

DEGREE DAYS
 HEATING
  TODAY            0                         7     -7        0
  MONTH TO DATE   93                        91      2       89
  SINCE SEP 1     93                        91      2       89
  SINCE JUL 1    114                       102     12       98

 COOLING
  TODAY            2                         1      1        0
  MONTH TO DATE   82                        78      4       90
  SINCE SEP 1     82                        78      4       90
  SINCE JAN 1    723                       755    -32      823
..................................................................


WIND (MPH)
  HIGHEST WIND SPEED     9   HIGHEST WIND DIRECTION    NW (300)
  HIGHEST GUST SPEED    13   HIGHEST GUST DIRECTION    SW (210)
  AVERAGE WIND SPEED     1.2


SKY COVER
  POSSIBLE SUNSHINE  MM
  AVERAGE SKY COVER 0.3


WEATHER CONDITIONS
 THE FOLLOWING WEATHER WAS RECORDED TODAY.
  FOG
  FOG W/VISIBILITY <= 1/4 MILE


RELATIVE HUMIDITY (PERCENT)
 HIGHEST    96           700 AM
 LOWEST     39           400 PM
 AVERAGE    68

..........................................................


THE ZANESVILLE OH CLIMATE NORMALS FOR TOMORROW
                         NORMAL    RECORD    YEAR
 MAXIMUM TEMPERATURE (F)   70        94      1953
 MINIMUM TEMPERATURE (F)   47        39      1949


SUNRISE AND SUNSET
SEPTEMBER 29 2014.....SUNRISE   722 AM EDT   SUNSET   713 PM EDT
SEPTEMBER 30 2014.....SUNRISE   723 AM EDT   SUNSET   712 PM EDT


-  INDICATES NEGATIVE NUMBERS.
R  INDICATES RECORD WAS SET OR TIED.
MM INDICATES DATA IS MISSING.
T  INDICATES TRACE AMOUNT.




$$
