000
CDUS41 KPBZ 162127
CLIZZV


CLIMATE REPORT
NATIONAL WEATHER SERVICE PITTSBURGH PA
526 PM EDT TUE SEP 16 2014


...................................

...THE ZANESVILLE OH CLIMATE SUMMARY FOR SEPTEMBER 16 2014...
VALID TODAY AS OF 0500 PM LOCAL TIME.

CLIMATE NORMAL PERIOD 1981 TO 2010
CLIMATE RECORD PERIOD 1946 TO 2014


WEATHER ITEM   OBSERVED TIME   RECORD YEAR NORMAL DEPARTURE LAST
                VALUE   (LST)  VALUE       VALUE  FROM      YEAR
                                                  NORMAL
..................................................................
TEMPERATURE (F)
 TODAY
  MAXIMUM         68    358 PM  93    1991  76     -8       72
  MINIMUM         55    643 AM  33    1966  53      2       53
  AVERAGE         62                        64     -2       63

PRECIPITATION (IN)
  TODAY            T            MM      MM   0.10  -0.10     0.12
  MONTH TO DATE    0.72                      1.60  -0.88     0.32
  SINCE JUN 1     14.57                     12.66   1.91    17.74
  SINCE JAN 1     28.90                     28.12   0.78    28.33

DEGREE DAYS
 HEATING
  TODAY            3                         3      0        2
  MONTH TO DATE   40                        26     14       31
  SINCE SEP 1     40                        26     14       31
  SINCE JUL 1     61                        37     24       40

 COOLING
  TODAY            0                         2     -2        0
  MONTH TO DATE   70                        59     11       78
  SINCE SEP 1     70                        59     11       78
  SINCE JAN 1    711                       736    -25      811
..................................................................


WIND (MPH)
  HIGHEST WIND SPEED    12   HIGHEST WIND DIRECTION    NW (320)
  HIGHEST GUST SPEED    14   HIGHEST GUST DIRECTION    NW (310)
  AVERAGE WIND SPEED     4.9


SKY COVER
  POSSIBLE SUNSHINE  MM
  AVERAGE SKY COVER 0.8


WEATHER CONDITIONS
 THE FOLLOWING WEATHER WAS RECORDED TODAY.
  LIGHT RAIN
  FOG


RELATIVE HUMIDITY (PERCENT)
 HIGHEST    93           300 AM
 LOWEST     49           400 PM
 AVERAGE    71

..........................................................


THE ZANESVILLE OH CLIMATE NORMALS FOR TOMORROW
                         NORMAL    RECORD    YEAR
 MAXIMUM TEMPERATURE (F)   76        93      1955
 MINIMUM TEMPERATURE (F)   53        33      1959


SUNRISE AND SUNSET
SEPTEMBER 16 2014.....SUNRISE   709 AM EDT   SUNSET   735 PM EDT
SEPTEMBER 17 2014.....SUNRISE   710 AM EDT   SUNSET   733 PM EDT


-  INDICATES NEGATIVE NUMBERS.
R  INDICATES RECORD WAS SET OR TIED.
MM INDICATES DATA IS MISSING.
T  INDICATES TRACE AMOUNT.




$$
