000
CDUS41 KPBZ 261226
CLIZZV


CLIMATE REPORT
NATIONAL WEATHER SERVICE PITTSBURGH PA
826 AM EDT SAT JUL 26 2014


...................................

...THE ZANESVILLE OH CLIMATE SUMMARY FOR JULY 26 2014...
VALID AS OF 0800 AM LOCAL TIME.

CLIMATE NORMAL PERIOD 1981 TO 2010
CLIMATE RECORD PERIOD 1946 TO 2014


WEATHER ITEM   OBSERVED TIME   RECORD YEAR NORMAL DEPARTURE LAST
                VALUE   (LST)  VALUE       VALUE  FROM      YEAR
                                                  NORMAL
..................................................................
TEMPERATURE (F)
 TODAY
  MINIMUM         64    245 AM  48    1946  62      2       53

PRECIPITATION (IN)
  TODAY            0.00         MM      MM   0.11  -0.11     0.00
  MONTH TO DATE    2.75                      3.27  -0.52     6.27
  SINCE JUN 1      9.49                      7.31   2.18    12.52
  SINCE JAN 1     23.82                     22.77   1.05    23.11

DEGREE DAYS
 HEATING
  TODAY            0

 COOLING
  TODAY            1
..................................................................







THE ZANESVILLE OH CLIMATE NORMALS FOR TOMORROW
                         NORMAL    RECORD    YEAR
 MAXIMUM TEMPERATURE (F)   84        95      1999
 MINIMUM TEMPERATURE (F)   62        45      1962


SUNRISE AND SUNSET
JULY 26 2014..........SUNRISE   621 AM EDT   SUNSET   847 PM EDT
JULY 27 2014..........SUNRISE   622 AM EDT   SUNSET   846 PM EDT


-  INDICATES NEGATIVE NUMBERS.
R  INDICATES RECORD WAS SET OR TIED.
MM INDICATES DATA IS MISSING.
T  INDICATES TRACE AMOUNT.




$$
