000
CDUS41 KPBZ 230704
CLIZZV


CLIMATE REPORT
NATIONAL WEATHER SERVICE PITTSBURGH PA
304 AM EDT SUN JUL 23 2017


...................................

...THE ZANESVILLE OH CLIMATE SUMMARY FOR JULY 22 2017...

CLIMATE NORMAL PERIOD 1981 TO 2010
CLIMATE RECORD PERIOD 1895 TO 2017


WEATHER ITEM   OBSERVED TIME   RECORD YEAR NORMAL DEPARTURE LAST
                VALUE   (LST)  VALUE       VALUE  FROM      YEAR
                                                  NORMAL
..................................................................
TEMPERATURE (F)
 YESTERDAY
  MAXIMUM         80    238 PM 105    1934  84     -4       87
  MINIMUM         70    829 AM  46    1936  62      8       72
  AVERAGE         75                        73      2       80

PRECIPITATION (IN)
  YESTERDAY        0.92          2.00 1945   0.12   0.80      T
  MONTH TO DATE    4.99                      2.82   2.17     1.59
  SINCE JUN 1      9.40                      6.86   2.54     4.03
  SINCE JAN 1     27.52                     22.32   5.20    19.01

DEGREE DAYS
 HEATING
  YESTERDAY        0                         0      0        0
  MONTH TO DATE    0                         0      0        0
  SINCE JUN 1     23                        32     -9        4
  SINCE JUL 1      0                         0      0        0

 COOLING
  YESTERDAY       10                         8      2       15
  MONTH TO DATE  216                       176     40      252
  SINCE JUN 1    403                       334     69      532
  SINCE JAN 1    490                       388    102      626
..................................................................


WIND (MPH)
  HIGHEST WIND SPEED    24   HIGHEST WIND DIRECTION    NW (320)
  HIGHEST GUST SPEED    32   HIGHEST GUST DIRECTION     N (350)
  AVERAGE WIND SPEED     4.2


SKY COVER
  POSSIBLE SUNSHINE  MM
  AVERAGE SKY COVER 0.6


WEATHER CONDITIONS
 THE FOLLOWING WEATHER WAS RECORDED YESTERDAY.
  THUNDERSTORM
  HEAVY RAIN
  RAIN
  LIGHT RAIN
  FOG
  FOG W/VISIBILITY <= 1/4 MILE
  HAZE


RELATIVE HUMIDITY (PERCENT)
 HIGHEST    93          1200 AM
 LOWEST     85           100 PM
 AVERAGE    89

..........................................................


THE ZANESVILLE OH CLIMATE NORMALS FOR TODAY
                         NORMAL    RECORD    YEAR
 MAXIMUM TEMPERATURE (F)   84        99      1933
 MINIMUM TEMPERATURE (F)   62        41      1947


SUNRISE AND SUNSET
JULY 23 2017..........SUNRISE   618 AM EDT   SUNSET   849 PM EDT
JULY 24 2017..........SUNRISE   619 AM EDT   SUNSET   849 PM EDT


-  INDICATES NEGATIVE NUMBERS.
R  INDICATES RECORD WAS SET OR TIED.
MM INDICATES DATA IS MISSING.
T  INDICATES TRACE AMOUNT.




$$
