000
CDUS41 KPBZ 231226
CLIZZV


CLIMATE REPORT
NATIONAL WEATHER SERVICE PITTSBURGH PA
826 AM EDT SAT SEP 23 2017


...................................

...THE ZANESVILLE OH CLIMATE SUMMARY FOR SEPTEMBER 23 2017...
VALID AS OF 0800 AM LOCAL TIME.

CLIMATE NORMAL PERIOD 1981 TO 2010
CLIMATE RECORD PERIOD 1895 TO 2017


WEATHER ITEM   OBSERVED TIME   RECORD YEAR NORMAL DEPARTURE LAST
                VALUE   (LST)  VALUE       VALUE  FROM      YEAR
                                                  NORMAL
..................................................................
TEMPERATURE (F)
 TODAY
  MAXIMUM         66    110 AM  96    1936
  MINIMUM         58    542 AM  30    1995  50      8       58
                                      1947

PRECIPITATION (IN)
  TODAY            0.00          1.16 2000   0.10  -0.10     0.00
  MONTH TO DATE    1.55                      2.30  -0.75     1.16
  SINCE JUN 1     13.44                     13.36   0.08     9.25
  SINCE JAN 1     31.56                     28.82   2.74    24.23

DEGREE DAYS
 HEATING
  TODAY            3

 COOLING
  TODAY            0
..................................................................







THE ZANESVILLE OH CLIMATE NORMALS FOR TOMORROW
                         NORMAL    RECORD    YEAR
 MAXIMUM TEMPERATURE (F)   73        95      1908
 MINIMUM TEMPERATURE (F)   50        32      1950


SUNRISE AND SUNSET
SEPTEMBER 23 2017.....SUNRISE   716 AM EDT   SUNSET   723 PM EDT
SEPTEMBER 24 2017.....SUNRISE   717 AM EDT   SUNSET   721 PM EDT


-  INDICATES NEGATIVE NUMBERS.
R  INDICATES RECORD WAS SET OR TIED.
MM INDICATES DATA IS MISSING.
T  INDICATES TRACE AMOUNT.




$$
