678
CDUS41 KPBZ 200801
CLIZZV


CLIMATE REPORT
NATIONAL WEATHER SERVICE PITTSBURGH PA
300 AM EST FRI JAN 20 2017


...................................

...THE ZANESVILLE OH CLIMATE SUMMARY FOR JANUARY 19 2017...

CLIMATE NORMAL PERIOD 1981 TO 2010
CLIMATE RECORD PERIOD 1946 TO 2017


WEATHER ITEM   OBSERVED TIME   RECORD YEAR NORMAL DEPARTURE LAST
                VALUE   (LST)  VALUE       VALUE  FROM      YEAR
                                                  NORMAL
..................................................................
TEMPERATURE (F)
 YESTERDAY
  MAXIMUM         42    515 PM  62    1951  37      5       21
  MINIMUM         38   1159 PM -25    1994  20     18        7
  AVERAGE         40                        29     11       14

PRECIPITATION (IN)
  YESTERDAY        0.00         MM      MM   0.09  -0.09     0.00
  MONTH TO DATE    1.79                      1.69   0.10     0.84
  SINCE JUN 1     20.41                     24.09  -3.68    23.17
  SINCE JAN 1      1.79                      1.69   0.10     0.84

DEGREE DAYS
 HEATING
  YESTERDAY       25                        36    -11       51
  MONTH TO DATE  582                       684   -102      686
  SINCE DEC 1   1558                      1688   -130     1261
  SINCE JUL 1   2415                      2829   -414     2103

 COOLING
  YESTERDAY        0                         0      0        0
  MONTH TO DATE    0                         0      0        0
  SINCE DEC 1      0                         0      0        0
  SINCE JAN 1      0                         0      0        0
..................................................................


WIND (MPH)
  HIGHEST WIND SPEED     9   HIGHEST WIND DIRECTION    SE (120)
  HIGHEST GUST SPEED    12   HIGHEST GUST DIRECTION    SE (130)
  AVERAGE WIND SPEED     5.5


SKY COVER
  POSSIBLE SUNSHINE  MM
  AVERAGE SKY COVER 1.0


WEATHER CONDITIONS
 THE FOLLOWING WEATHER WAS RECORDED YESTERDAY.
  NO SIGNIFICANT WEATHER WAS OBSERVED.


RELATIVE HUMIDITY (PERCENT)
 HIGHEST    92           600 AM
 LOWEST     76           400 PM
 AVERAGE    84

..........................................................


THE ZANESVILLE OH CLIMATE NORMALS FOR TODAY
                         NORMAL    RECORD    YEAR
 MAXIMUM TEMPERATURE (F)   37        65      1951
 MINIMUM TEMPERATURE (F)   20       -17      1985


SUNRISE AND SUNSET
JANUARY 20 2017.......SUNRISE   745 AM EST   SUNSET   533 PM EST
JANUARY 21 2017.......SUNRISE   744 AM EST   SUNSET   534 PM EST


-  INDICATES NEGATIVE NUMBERS.
R  INDICATES RECORD WAS SET OR TIED.
MM INDICATES DATA IS MISSING.
T  INDICATES TRACE AMOUNT.




$$
