000
CDUS41 KPBZ 272213
CLIZZV


CLIMATE REPORT
NATIONAL WEATHER SERVICE PITTSBURGH PA
512 PM EST SAT DEC 27 2014


...................................

...THE ZANESVILLE OH CLIMATE SUMMARY FOR DECEMBER 27 2014...
VALID TODAY AS OF 0500 PM LOCAL TIME.

CLIMATE NORMAL PERIOD 1981 TO 2010
CLIMATE RECORD PERIOD 1946 TO 2014


WEATHER ITEM   OBSERVED TIME   RECORD YEAR NORMAL DEPARTURE LAST
                VALUE   (LST)  VALUE       VALUE  FROM      YEAR
                                                  NORMAL
..................................................................
TEMPERATURE (F)
 TODAY
  MAXIMUM         55    328 PM  71    2008  38     17       45
  MINIMUM         30    236 AM -13    1950  22      8       24
  AVERAGE         43                        30     13       35

PRECIPITATION (IN)
  TODAY            0.00         MM      MM   0.08  -0.08     0.00
  MONTH TO DATE    2.91                      2.24   0.67     3.84
  SINCE JUN 1     22.05                     22.06  -0.01    28.01
  SINCE JAN 1     36.38                     37.52  -1.14    38.60

DEGREE DAYS
 HEATING
  TODAY           22                        35    -13       30
  MONTH TO DATE  767                       864    -97      833
  SINCE DEC 1    767                       864    -97      833
  SINCE JUL 1   2074                      2005     69     2009

 COOLING
  TODAY            0                         0      0        0
  MONTH TO DATE    0                         0      0        0
  SINCE DEC 1      0                         0      0        0
  SINCE JAN 1    727                       768    -41      856
..................................................................


WIND (MPH)
  HIGHEST WIND SPEED    17   HIGHEST WIND DIRECTION     S (200)
  HIGHEST GUST SPEED    24   HIGHEST GUST DIRECTION    SW (210)
  AVERAGE WIND SPEED     5.1


SKY COVER
  POSSIBLE SUNSHINE  MM
  AVERAGE SKY COVER 0.6


WEATHER CONDITIONS
 THE FOLLOWING WEATHER WAS RECORDED TODAY.
  NO SIGNIFICANT WEATHER WAS OBSERVED.


RELATIVE HUMIDITY (PERCENT)
 HIGHEST    92           500 AM
 LOWEST     41           500 PM
 AVERAGE    67

..........................................................


THE ZANESVILLE OH CLIMATE NORMALS FOR TOMORROW
                         NORMAL    RECORD    YEAR
 MAXIMUM TEMPERATURE (F)   38        69      1984
 MINIMUM TEMPERATURE (F)   22       -10      1950


SUNRISE AND SUNSET
DECEMBER 27 2014......SUNRISE   748 AM EST   SUNSET   509 PM EST
DECEMBER 28 2014......SUNRISE   748 AM EST   SUNSET   510 PM EST


-  INDICATES NEGATIVE NUMBERS.
R  INDICATES RECORD WAS SET OR TIED.
MM INDICATES DATA IS MISSING.
T  INDICATES TRACE AMOUNT.




$$
