000
CXUS51 KPHI 031511
CLMABE


CLIMATE REPORT
NATIONAL WEATHER SERVICE MOUNT HOLLY NJ
1011 AM EST WED FEB 3 2016

...................................

...THE ALLENTOWN CLIMATE SUMMARY FOR THE MONTH OF JANUARY 2016...

CLIMATE NORMAL PERIOD 1981 TO 2010
CLIMATE RECORD PERIOD 1922 TO 2016

WEATHER         OBSERVED          NORMAL  DEPART  LAST YEAR`S
                 VALUE   DATE(S)  VALUE   FROM    VALUE  DATE(S)
                                          NORMAL
................................................................
TEMPERATURE (F)
RECORD
 HIGH              72   01/26/1950
 LOW              -16   01/14/1912
HIGHEST            63                56       7       50
LOWEST              8                 3       5        2
AVG. MAXIMUM     39.0              36.0     3.0     34.1
AVG. MINIMUM     19.4              19.5    -0.1     17.6
MEAN             29.2              27.8     1.4     25.9
DAYS MAX >= 90      0               0.0     0.0        0
DAYS MAX <= 32      6              10.8    -4.8       13
DAYS MIN <= 32     28              28.0     0.0       30
DAYS MIN <= 0       0               1.0    -1.0        0

PRECIPITATION (INCHES)
RECORD
 MAXIMUM         8.42   1979
 MINIMUM         0.67   1981
TOTALS           3.17              3.03    0.14     2.72
DAILY AVG.       0.10              0.10    0.00     0.09
DAYS >= .01         8              11.1    -3.1       14
DAYS >= .10         5               6.1    -1.1        6
DAYS >= .50         2               2.2    -0.2        2
DAYS >= 1.00        2               0.7     1.3        0
GREATEST
 24 HR. TOTAL    1.65   01/23 TO 01/23              0.74

SNOWFALL (INCHES)
RECORDS
 TOTAL             MM   5
 24 HR TOTAL       MM
TOTALS           32.3              10.0    22.3     12.8
SINCE 7/1        32.3              15.9    16.4     19.1
SNOWDEPTH AVG.      5                 3       2        2
DAYS >= 1.0         2               2.6    -0.6        4
GREATEST
 SNOW DEPTH        28   01/24                          8  01/24
 24 HR TOTAL     30.2   MM                           7.8

DEGREE_DAYS
HEATING TOTAL    1101              1155     -54     1202
 SINCE 7/1       2569              3350    -781     3197
COOLING TOTAL       0                 0       0        0
 SINCE 1/1          0                 0       0        0
.................................................................

WIND (MPH)
AVERAGE WIND SPEED              7.5
HIGHEST WIND SPEED/DIRECTION    31/060    DATE  01/23
HIGHEST GUST SPEED/DIRECTION    43/270    DATE  01/10

SKY COVER
POSSIBLE SUNSHINE (PERCENT)   MM
AVERAGE SKY COVER           0.40
NUMBER OF DAYS FAIR           15
NUMBER OF DAYS PC              8
NUMBER OF DAYS CLOUDY          8

AVERAGE RH (PERCENT)     61

WEATHER CONDITIONS. NUMBER OF DAYS WITH
THUNDERSTORM              0     MIXED PRECIP               0
HEAVY RAIN                1     RAIN                       2
LIGHT RAIN                6     FREEZING RAIN              0
LT FREEZING RAIN          1     HEAVY SNOW                 1
SNOW                      2     LIGHT SNOW                 6
SLEET                     0     FOG                       13
FOG W/VIS <= 1/4 MILE     1     HAZE                      10

-  INDICATES NEGATIVE NUMBERS.
R  INDICATES RECORD WAS SET OR TIED.
MM INDICATES DATA IS MISSING.
T  INDICATES TRACE AMOUNT.

$$
