000
CXUS54 KSJT 011501
CLMABI


CLIMATE REPORT
NATIONAL WEATHER SERVICE SAN ANGELO TX
848 AM CST FRI DEC 1 2017

...................................

...THE ABILENE CLIMATE SUMMARY FOR THE MONTH OF NOVEMBER 2017...

CLIMATE NORMAL PERIOD 1981 TO 2010
CLIMATE RECORD PERIOD 1886 TO 2017

WEATHER         OBSERVED          NORMAL  DEPART  LAST YEAR`S
                 VALUE   DATE(S)  VALUE   FROM    VALUE  DATE(S)
                                          NORMAL
................................................................
TEMPERATURE (F)
RECORD
 HIGH              92   11/08/1980
 LOW               13   11/27/1887
HIGHEST            89   11/05        MM      MM       88  11/01
LOWEST             28   11/19        MM      MM       31  11/19
AVG. MAXIMUM     69.7              66.3     3.4     70.3
AVG. MINIMUM     45.3              43.0     2.3     49.8
MEAN             57.5              54.6     2.9     60.0
DAYS MAX >= 90      0               0.1    -0.1        0
DAYS MAX <= 32      0               0.1    -0.1        0
DAYS MIN <= 32      3               4.4    -1.4        1
DAYS MIN <= 0       0               0.0     0.0        0

PRECIPITATION (INCHES)
RECORD
 MAXIMUM         5.82   1913
 MINIMUM         0.00   1949
TOTALS           0.90              1.41   -0.51     2.51
DAILY AVG.       0.03              0.05   -0.02     0.08
DAYS >= .01         1               4.6    -3.6        5
DAYS >= .10         1               2.5    -1.5        4
DAYS >= .50         1               1.0     0.0        3
DAYS >= 1.00        0               0.2    -0.2        0
GREATEST
 24 HR. TOTAL    0.90   11/08

SNOWFALL (INCHES)
RECORDS
 TOTAL            8.2   1918
                        0
                        0
TOTALS            0.0               0.7    -0.7      0.0
SINCE 7/1           T               0.7    -0.7      0.0
SNOWDEPTH AVG.      0                MM      MM        0
DAYS >= 1.0         0               0.2    -0.2        0
GREATEST
 SNOW DEPTH         0   MM                             0  MM
 24 HR TOTAL      0.0

DEGREE_DAYS
HEATING TOTAL     252               329     -77      172
 SINCE 7/1        395               433     -38      191
COOLING TOTAL      37                19      18       31
 SINCE 1/1       2424              2408      16     2601
.................................................................

WIND (MPH)
AVERAGE WIND SPEED              10.3
HIGHEST WIND SPEED/DIRECTION    39/360    DATE  11/18
HIGHEST GUST SPEED/DIRECTION    50/350    DATE  11/18

SKY COVER
AVERAGE SKY COVER           0.20

AVERAGE RH (PERCENT)     66

WEATHER CONDITIONS. NUMBER OF DAYS WITH
THUNDERSTORM              0     MIXED PRECIP               0
HEAVY RAIN                1     RAIN                       1
LIGHT RAIN                1     FREEZING RAIN              0
LT FREEZING RAIN          0     HAIL                       0
HEAVY SNOW                0     SNOW                       0
LIGHT SNOW                0     SLEET                      0
FOG                      12     FOG W/VIS <= 1/4 MILE      0
HAZE                      5

-  INDICATES NEGATIVE NUMBERS.
R  INDICATES RECORD WAS SET OR TIED.
MM INDICATES DATA IS MISSING.
T  INDICATES TRACE AMOUNT.

$$
