964
CXUS54 KSJT 011530
CLMABI


CLIMATE REPORT
NATIONAL WEATHER SERVICE SAN ANGELO TX
922 AM CST THU DEC 1 2016

...................................

...THE ABILENE CLIMATE SUMMARY FOR THE MONTH OF NOVEMBER 2016...

CLIMATE NORMAL PERIOD 1981 TO 2010
CLIMATE RECORD PERIOD 1886 TO 2016

WEATHER         OBSERVED          NORMAL  DEPART  LAST YEAR`S
                 VALUE   DATE(S)  VALUE   FROM    VALUE  DATE(S)
                                          NORMAL
................................................................
TEMPERATURE (F)
RECORD
 HIGH              92   11/08/1980
 LOW               13   11/27/1887
HIGHEST            88   11/01        MM      MM       86  11/05
LOWEST             31   11/19        MM      MM       24  11/22
AVG. MAXIMUM     70.3              66.3     4.0     65.9
AVG. MINIMUM     49.8              43.0     6.8     44.2
MEAN             60.0              54.6     5.4     55.0
DAYS MAX >= 90      0               0.1    -0.1        0
DAYS MAX <= 32      0               0.1    -0.1        0
DAYS MIN <= 32      1               4.4    -3.4        5
DAYS MIN <= 0       0               0.0     0.0        0

PRECIPITATION (INCHES)
RECORD
 MAXIMUM         5.82   1913
 MINIMUM         0.00   1949
TOTALS           2.51              1.41    1.10     3.77
DAILY AVG.       0.08              0.05    0.03     0.13
DAYS >= .01         5               4.6     0.4        9
DAYS >= .10         4               2.5     1.5        7
DAYS >= .50         3               1.0     2.0        3
DAYS >= 1.00        0               0.2    -0.2        1
GREATEST
 24 HR. TOTAL    0.84   11/03 TO 11/03

SNOWFALL (INCHES)
RECORDS
 TOTAL            8.2   1918
                        0
                        0
TOTALS            0.0               0.7    -0.7        T
SINCE 7/1         0.0               0.7    -0.7        T
SNOWDEPTH AVG.      0                MM      MM        0
DAYS >= 1.0         0               0.2    -0.2        0
GREATEST
 SNOW DEPTH         0   MM                             0  MM
 24 HR TOTAL      0.0   11/30 TO 11/30

DEGREE_DAYS
HEATING TOTAL     172               329    -157      311
 SINCE 7/1        191               433    -242      343
COOLING TOTAL      31                19      12       17
 SINCE 1/1       2601              2408     193     2739
.................................................................

WIND (MPH)
AVERAGE WIND SPEED              9.7
HIGHEST WIND SPEED/DIRECTION    35/190    DATE  11/27
HIGHEST GUST SPEED/DIRECTION    46/190    DATE  11/27

SKY COVER
AVERAGE SKY COVER           0.30

AVERAGE RH (PERCENT)     67

WEATHER CONDITIONS. NUMBER OF DAYS WITH
THUNDERSTORM              1     MIXED PRECIP               0
HEAVY RAIN                3     RAIN                       4
LIGHT RAIN                9     FREEZING RAIN              0
LT FREEZING RAIN          0     HAIL                       0
HEAVY SNOW                0     SNOW                       0
LIGHT SNOW                0     SLEET                      0
FOG                      15     FOG W/VIS <= 1/4 MILE      1
HAZE                     13

-  INDICATES NEGATIVE NUMBERS.
R  INDICATES RECORD WAS SET OR TIED.
MM INDICATES DATA IS MISSING.
T  INDICATES TRACE AMOUNT.

$$
