000
CXUS54 KFWD 010900
CLMACT


CLIMATE REPORT
NATIONAL WEATHER SERVICE FORT WORTH TX
300 AM CST WED FEB 1 2017

...................................

...THE WACO CLIMATE SUMMARY FOR THE MONTH OF JANUARY 2017...

CLIMATE NORMAL PERIOD 1981 TO 2010
CLIMATE RECORD PERIOD 1901 TO 2017

WEATHER         OBSERVED          NORMAL  DEPART  LAST YEAR`S
                 VALUE   DATE(S)  VALUE   FROM    VALUE  DATE(S)
                                          NORMAL
................................................................
TEMPERATURE (F)
RECORD
 HIGH              90   01/23/1943
                        01/30/1911
 LOW               -5   01/31/1949
HIGHEST            81   01/10        78       3       82  01/31
LOWEST             12   01/07        19      -7       24  01/23
AVG. MAXIMUM     63.5              58.2     5.3     59.3
AVG. MINIMUM     39.5              36.1     3.4     35.2
MEAN             51.5              47.2     4.3     47.2
DAYS MAX >= 90      0               0.0     0.0        0
DAYS MAX <= 32      1               0.4     0.6        0
DAYS MAX >= 100     0                                  0
DAYS MIN <= 32      6              11.3    -5.3       12
DAYS MIN <= 0       0               0.0     0.0        0
DAYS MIN >= 80      0                                  0

PRECIPITATION (INCHES)
RECORD
 MAXIMUM         6.56   1932
 MINIMUM         0.00   1912
TOTALS           3.11              2.12    0.99     0.29
DAILY AVG.       0.10              0.07    0.03     0.01
DAYS >= .01         7               7.1    -0.1        2
DAYS >= .10         5               4.1     0.9        1
DAYS >= .50         3               1.4     1.6        0
DAYS >= 1.00        0               0.4    -0.4        0
GREATEST
 24 HR. TOTAL    1.45   01/17 TO 01/18              0.22

SNOWFALL (INCHES)
RECORDS
 TOTAL            8.0   1926
 24 HR TOTAL      8.0   01/24/1926 TO 01/24/1926
TOTALS            0.0               0.3    -0.3      0.0
SINCE 7/1           T               0.4    -0.4      0.0
SNOWDEPTH AVG.      0                MM      MM        0
DAYS >= TRACE       0                                  0
DAYS >= 1.0         0               0.0     0.0        0
GREATEST
 SNOW DEPTH         0                                  0
 24 HR TOTAL      0.0                                0.0

DEGREE_DAYS
HEATING TOTAL     419               556    -137      546
 SINCE 7/1       1002              1408    -406     1165
COOLING TOTAL       9                 3       6        0
 SINCE 1/1          9                 0       9        0
.................................................................

WIND (MPH)
AVERAGE WIND SPEED              10.7
HIGHEST WIND SPEED/DIRECTION    49/290    DATE  01/02
HIGHEST GUST SPEED/DIRECTION    66/280    DATE  01/02

SKY COVER
POSSIBLE SUNSHINE (PERCENT)   MM
AVERAGE SKY COVER           0.30
NUMBER OF DAYS FAIR           21
NUMBER OF DAYS PC              2
NUMBER OF DAYS CLOUDY          8

AVERAGE RH (PERCENT)     68

WEATHER CONDITIONS. NUMBER OF DAYS WITH
THUNDERSTORM              5     MIXED PRECIP               0
HEAVY RAIN                5     RAIN                       6
LIGHT RAIN                9     FREEZING RAIN              0
LT FREEZING RAIN          0     HAIL                       0
HEAVY SNOW                0     SNOW                       0
LIGHT SNOW                0     SLEET                      0
FOG                      10     FOG W/VIS <= 1/4 MILE      4
HAZE                      3

-  INDICATES NEGATIVE NUMBERS.
R  INDICATES RECORD WAS SET OR TIED.
MM INDICATES DATA IS MISSING.
T  INDICATES TRACE AMOUNT.

$$
