000
CXUS55 KCYS 021523
CLMAIA


CLIMATE REPORT
NATIONAL WEATHER SERVICE CHEYENNE WY
923 AM MDT SUN AUG 2 2015

...................................

...THE ALLIANCE NE AIRPORT CLIMATE SUMMARY FOR THE MONTH OF JULY 2015...

CLIMATE NORMAL PERIOD 1981 TO 2010
CLIMATE RECORD PERIOD 1896 TO 2015

WEATHER         OBSERVED          NORMAL  DEPART  LAST YEAR`S
                 VALUE   DATE(S)  VALUE   FROM    VALUE
                                          NORMAL
.............................................................
TEMPERATURE (F)
RECORD
 HIGH             110   07/19/1983
 LOW               33   07/03/1941
HIGHEST            95   07/23        MM      MM      105
LOWEST             41   07/29        MM      MM       39
AVG. MAXIMUM     85.3              88.3    -3.0     87.8
AVG. MINIMUM     54.6              56.1    -1.5     54.3
MEAN             70.0              72.2    -2.2     71.0
DAYS MAX >= 90     13              13.6               13
DAYS MAX <= 32      0               0.0                0
DAYS MIN <= 32      0               0.0                0
DAYS MIN <= 0       0               0.0                0

PRECIPITATION (INCHES)
RECORD
 MAXIMUM         4.76   1978
 MINIMUM         0.17   2014
TOTALS           2.54              2.32    0.22     0.17
DAYS >= .01        11                MM      MM        4
DAYS >= .10         8                MM      MM        0
DAYS >= .50         1                MM      MM        0
DAYS >= 1.00        0                MM      MM        0
GREATEST
 24 HR. TOTAL    0.71   07/01 TO 07/02

DEGREE_DAYS
HEATING TOTAL      15                12       3       27
 SINCE 7/1         15                12       3       27
COOLING TOTAL     174               234     -60      222
 SINCE 1/1        278               332     -54      272
..............................................................

WIND (MPH)
AVERAGE WIND SPEED              8.4
HIGHEST WIND SPEED/DIRECTION    41/010    DATE  07/02
HIGHEST GUST SPEED/DIRECTION    54/010    DATE  07/02

SKY COVER
POSSIBLE SUNSHINE (PERCENT)   MM
AVERAGE SKY COVER           0.20
NUMBER OF DAYS FAIR           25
NUMBER OF DAYS PC              3
NUMBER OF DAYS CLOUDY          3

AVERAGE RH (PERCENT)     66

WEATHER CONDITIONS. NUMBER OF DAYS WITH
THUNDERSTORM              0     MIXED PRECIP               0
HEAVY RAIN                3     RAIN                       6
LIGHT RAIN               10     FREEZING RAIN              0
LT FREEZING RAIN          0     HAIL                       0
HEAVY SNOW                0     SNOW                       0
LIGHT SNOW                0     SLEET                      0
FOG                      14     FOG W/VIS <= 1/4 MILE      1
HAZE                      3

-  INDICATES NEGATIVE NUMBERS.
R  INDICATES RECORD WAS SET OR TIED.
MM INDICATES DATA IS MISSING.
T  INDICATES TRACE AMOUNT.

$$
