000
CXAK58 PAKN 031146 CCA
CLMAKN

CLIMATE REPORT...CORRECTED
NATIONAL WEATHER SERVICE KING SALMON, AK
346 AM AKDT MON AUG 3 2015

...................................

...THE KING SALMON AP CLIMATE SUMMARY FOR THE MONTH OF JULY 2015...

CLIMATE NORMAL PERIOD 1981 TO 2010
CLIMATE RECORD PERIOD 1917 TO 2015

WEATHER         OBSERVED          NORMAL  DEPART  LAST YEAR`S
                 VALUE   DATE(S)  VALUE   FROM    VALUE  DATE(S)
                                          NORMAL
................................................................
TEMPERATURE (F)
RECORD
 HIGH              86   7/10/1951
 LOW               31   7/05/2013
HIGHEST            79   7/03         70       9      80  7/30
LOWEST             39                36       3      36  7/17
AVG. MAXIMUM       64.9              63.8     1.1    67.1
AVG. MINIMUM       49.8              47.3     2.5    46.9
MEAN               57.4              55.5     1.9    57.0
DAYS MAX >= 90      0                 0.0     0.0     0
DAYS MAX <= 32      0                 0.0     0.0     0
DAYS MAX >= 80      0                 0.5    -0.5     1
DAYS MAX >= 70      7                 5.4     1.6    10
DAYS MIN <= 32      0                 0.0     0.0     0
DAYS MIN <= 0       0                 0.0     0.0     0

PRECIPITATION (INCHES)
RECORD
 MAXIMUM            5.08   1990
 MINIMUM            0.32   1951
TOTALS              3.11              2.30    0.81    2.38
DAILY AVG.          0.10              0.08    0.02    0.08
DAYS >= .01        19                14.2     4.8    15
DAYS >= .10         9                 6.3     2.7     8
DAYS >= .50         2                 1.0     1.0     0
DAYS >= 1.0         0                 0.0    -0.0     0
GREATEST
 24 HR TOTAL        0.75   7/16                       0.38  7/11

SNOWFALL (INCHES)
RECORDS
 TOTAL              0.0   1949
 24 HR TOTAL        0.0   7-31-2015
 SNOW DEPTH         0     7-31-2015
TOTALS              0.0               0.0     0.0     0.0
SINCE 7/1           0.0               0.0     0.0     0.0
SNOWDEPTH AVG.      0                 0       0       0
DAYS >= TRACE       0                 0.0     0.0     0
DAYS >= 1.0         0                 0.0     0.0     0
DAYS >= 6.0         0                 0.0     0.0     0
GREATEST
 SNOW DEPTH         0   MM                            0  MM
 24 HR TOTAL      0.0   MM                          0.0  MM

DEGREE_DAYS
HEATING TOTAL     230               290     -60     238
 SINCE 7/1        230               290     -60     238
COOLING TOTAL       0                 0       0       0
 SINCE 1/1          2                 0       2       0
................................................................

WIND (MPH)
AVERAGE WIND SPEED                7.9
HIGHEST WIND SPEED/DIRECTION     33/170    DATE   07/16
HIGHEST GUST SPEED/DIRECTION     41/170    DATE   07/16

SKY COVER
POSSIBLE SUNSHINE (PERCENT)   MM
AVERAGE SKY COVER             MM
NUMBER OF DAYS FAIR           MM
NUMBER OF DAYS PC             MM
NUMBER OF DAYS CLOUDY         MM

AVERAGE RH (PERCENT)     MM

WEATHER CONDITIONS. NUMBER OF DAYS WITH
THUNDERSTORM              1     ICE PELLETS                 0
RAIN                     26     GLAZE                       0
DRIZZLE                   1     HAIL                        0
SNOW                      0     HAZE                        1
FOG                      17     FOG W/VIS <= 1/4 MILE       3
BLOWING SNOW              0


-  INDICATES NEGATIVE NUMBERS.
R  INDICATES RECORD WAS SET OR TIED.
MM INDICATES DATA IS MISSING.
T  INDICATES TRACE AMOUNT.

&&

...NEAR NORMAL TEMPERATURES AND A WET JULY AT KING SALMON ALASKA...

THE BRISTOL BAY AREA EXPERIENCED NEAR NORMAL TEMPERATURES FOR MOST OF THE MONTH OF
JULY FOR THE EXCEPTION OF JULY 3RD WHICH SAW ITS HIGHEST TEMPERATURE OF 79 DEGREES
FAHRENHEIT AND A COOL 39 DEGREES FAHRENHEIT. THERE WERE MANY WET AND CLOUD DAYS.
THIS WAS CAUSED BY LOW PRESSURE SYSTEMS MOVING ACROSS FROM THE PACIFIC OCEAN INTO
THE ALEUTIAN ISLANDS AND UP INTO THE BRISTOL BAY AREA BRINGING EXTENSIVE CLOUDINESS
AND PRECIPITATION INTO THE AREA. THE WETTEST DAY WAS JULY 16 WHICH SAW 0.75 INCHES
OF PRECIPITATION.

THE AVERAGE MONTHLY WIND SPEED WAS 7.9 MPH. THE HIGHEST AMOUNT OF SUSTAINED WIND
WAS MEASURED ON THE 16TH WITH A SOUTHERLY WIND BLOWING TO 33 MPH. THE HIGHEST
SINGLE GUST OF 41 MPH ALSO OCCURRED ON THE 16TH.

NEW RECORDS...
NO NEW RECORDS WERE REPORTED FOR THE MONTH OF JULY.

$$
AM AUG 15
