000
CXUS54 KAMA 021650
CLMAMA


CLIMATE REPORT
NATIONAL WEATHER SERVICE AMARILLO TX
1149 AM CDT TUE JUN 2 2015

...................................

...THE AMARILLO CLIMATE SUMMARY FOR THE MONTH OF MAY 2015...

CLIMATE NORMAL PERIOD 1981 TO 2010
CLIMATE RECORD PERIOD 1892 TO 2015

WEATHER         OBSERVED          NORMAL  DEPART  LAST YEAR`S
                 VALUE   DATE(S)  VALUE   FROM    VALUE  DATE(S)
                                          NORMAL
................................................................
TEMPERATURE (F)
RECORD
 HIGH             104   05/29/2011
 LOW               26   05/04/1907
                        05/03/1907
HIGHEST            85   05/27                         98  05/19
                        05/03                             05/05
LOWEST             40   05/11                         38  05/14
                                                          05/01
AVG. MAXIMUM     73.7              79.5    -5.8     83.3
AVG. MINIMUM     50.5              51.8    -1.3     52.7
MEAN             62.1              65.6    -3.5     68.0
DAYS MAX >= 90      0               4.2    -4.2       11
DAYS MAX <= 32      0               0.0     0.0        0
DAYS MIN <= 32      0               0.0     0.0        0
DAYS MIN <= 0       0               0.0     0.0        0

PRECIPITATION (INCHES)
RECORD
 MAXIMUM         9.81   1951
 MINIMUM         0.04   1984
TOTALS           9.29              2.29    7.00     3.55
DAILY AVG.       0.30              0.07    0.23     0.11
DAYS >= .01        13               7.7     5.3        6
DAYS >= .10         9               4.4     4.6        6
DAYS >= .50         6               1.5     4.5        3
DAYS >= 1.00        5               0.4     4.6        2
GREATEST
 24 HR. TOTAL    2.45   05/23 TO 05/23

SNOWFALL (INCHES)
RECORDS
 TOTAL            9.1   1917
TOTALS            0.0               0.2    -0.2      0.0
SINCE 7/1        23.9              17.8     6.1     12.8
DAYS >= TRACE       0               0.0     0.0        0
DAYS >= 1.0         0               0.0     0.0        0
GREATEST
 SNOW DEPTH         0   MM
 24 HR TOTAL      0.0   05/31 TO 05/31

DEGREE_DAYS
HEATING TOTAL     107                83      24       66
 SINCE 7/1       3860              4171    -311     4224
COOLING TOTAL      27               104     -77      166
 SINCE 1/1         49               125     -76      197
.................................................................

WIND (MPH)
AVERAGE WIND SPEED              13.1
HIGHEST WIND SPEED/DIRECTION    49/240    DATE  05/05
HIGHEST GUST SPEED/DIRECTION    64/240    DATE  05/05

SKY COVER
POSSIBLE SUNSHINE (PERCENT)   MM
NUMBER OF DAYS FAIR           20
NUMBER OF DAYS PC              6
NUMBER OF DAYS CLOUDY          5

AVERAGE RH (PERCENT)     68

WEATHER CONDITIONS. NUMBER OF DAYS WITH
THUNDERSTORM             17     MIXED PRECIP               0
HEAVY RAIN               10     RAIN                       9
LIGHT RAIN               17     FREEZING RAIN              0
LT FREEZING RAIN          0     HAIL                       1
HEAVY SNOW                0     SNOW                       0
LIGHT SNOW                0     SLEET                      0
FOG                      15     FOG W/VIS <= 1/4 MILE      4
HAZE                      1

-  INDICATES NEGATIVE NUMBERS.
R  INDICATES RECORD WAS SET OR TIED.
MM INDICATES DATA IS MISSING.
T  INDICATES TRACE AMOUNT.

$$
