520
CXUS54 KAMA 011644
CLMAMA


CLIMATE REPORT
NATIONAL WEATHER SERVICE AMARILLO TX
1043 AM CST THU DEC 1 2016

...................................

...THE AMARILLO CLIMATE SUMMARY FOR THE MONTH OF NOVEMBER 2016...

CLIMATE NORMAL PERIOD 1981 TO 2010
CLIMATE RECORD PERIOD 1892 TO 2016

WEATHER         OBSERVED          NORMAL  DEPART  LAST YEAR`S
                 VALUE   DATE(S)  VALUE   FROM    VALUE  DATE(S)
                                          NORMAL
................................................................
TEMPERATURE (F)
RECORD
 HIGH              87   11/08/1980
 LOW                0   11/28/1976
HIGHEST            83   11/16                         80  11/02
                        11/01
LOWEST             19   11/19                         22  11/28
                                                          11/27
AVG. MAXIMUM     66.3              60.0     6.3     61.8
AVG. MINIMUM     38.1              32.5     5.6     33.5
MEAN             52.2              46.3     5.9     47.7
DAYS MAX >= 90      0               0.0     0.0        0
DAYS MAX <= 32      0               0.4    -0.4        3
DAYS MIN <= 32      7              14.5    -7.5       14
DAYS MIN <= 0       0               0.0     0.0        0

PRECIPITATION (INCHES)
RECORD
 MAXIMUM         5.09   1905
 MINIMUM         0.00   1999
                        1989
                        1903
TOTALS           1.10              0.80    0.30     1.50
DAILY AVG.       0.04              0.03    0.01     0.05
DAYS >= .01         4               4.0     0.0        5
DAYS >= .10         2               2.1    -0.1        3
DAYS >= .50         1               0.4     0.6        1
DAYS >= 1.00        0               0.1    -0.1        0
GREATEST
 24 HR. TOTAL    0.89   11/05 TO 11/06

SNOWFALL (INCHES)
RECORDS
 TOTAL           14.8   1906
TOTALS            0.0               2.5    -2.5      1.3
SINCE 7/1           T               2.7    -2.7      1.3
DAYS >= TRACE       0               1.1    -1.1        5
DAYS >= 1.0         0               0.6    -0.6        0
GREATEST
 SNOW DEPTH         0   MM
 24 HR TOTAL      0.0   11/30 TO 11/30

DEGREE_DAYS
HEATING TOTAL     379               564    -185      511
 SINCE 7/1        465               844    -379      659
COOLING TOTAL       3                 1       2        0
 SINCE 1/1       1694              1399     295     1493
.................................................................

WIND (MPH)
AVERAGE WIND SPEED              12.0
HIGHEST WIND SPEED/DIRECTION    39/210    DATE  11/17
HIGHEST GUST SPEED/DIRECTION    49/210    DATE  11/17

SKY COVER
POSSIBLE SUNSHINE (PERCENT)   MM
NUMBER OF DAYS FAIR           25
NUMBER OF DAYS PC              5
NUMBER OF DAYS CLOUDY          0

AVERAGE RH (PERCENT)     55

WEATHER CONDITIONS. NUMBER OF DAYS WITH
THUNDERSTORM              0     MIXED PRECIP               0
HEAVY RAIN                1     RAIN                       3
LIGHT RAIN                5     FREEZING RAIN              0
LT FREEZING RAIN          0     HAIL                       0
HEAVY SNOW                0     SNOW                       0
LIGHT SNOW                0     SLEET                      0
FOG                       4     FOG W/VIS <= 1/4 MILE      1
HAZE                      3

-  INDICATES NEGATIVE NUMBERS.
R  INDICATES RECORD WAS SET OR TIED.
MM INDICATES DATA IS MISSING.
T  INDICATES TRACE AMOUNT.

$$
