000
CXUS52 KJAX 011859
CLMAMG

CLIMATE REPORT
NATIONAL WEATHER SERVICE JACKSONVILLE FL
159 PM EST SUN MAR 1 2015

...................................

...THE ALMA CLIMATE SUMMARY FOR THE MONTH OF FEBRUARY 2015...

CLIMATE NORMAL PERIOD 1981 TO 2010
CLIMATE RECORD PERIOD 1948 TO 2015

WEATHER         OBSERVED          NORMAL  DEPART  LAST YEAR`S
                 VALUE   DATE(S)  VALUE   FROM    VALUE  DATE(S)
                                          NORMAL
................................................................
TEMPERATURE (F)
RECORD
 HIGH              86   02/16/1989
 LOW               13   02/05/1996
HIGHEST            77   02/22        66      11       83  02/20
LOWEST             22   02/20        44     -22       27  02/28
AVG. MAXIMUM     58.6              65.5    -6.9     65.9
AVG. MINIMUM     36.8              43.0    -6.2     42.4
MEAN             47.7              54.2    -6.5     54.2
DAYS MAX >= 90      0               0.0     0.0        0
DAYS MAX <= 32      0               0.0     0.0        0
DAYS MIN <= 32      9               4.1     4.9        3
DAYS MIN <= 0       0               0.0     0.0        0

PRECIPITATION (INCHES)
RECORD
 MAXIMUM         9.54   2013
 MINIMUM         0.52   1991
TOTALS           3.62              3.80   -0.18     1.91
DAILY AVG.       0.13              0.14   -0.01     0.07
DAYS >= .01         8               8.1    -0.1        9
DAYS >= .10         8               5.4     2.6        5
DAYS >= .50         2               2.6    -0.6        1
DAYS >= 1.00        1               1.3    -0.3        0
GREATEST
 24 HR. TOTAL    1.32

SNOWFALL (INCHES)
RECORDS
 TOTAL            4.4   1973
TOTALS            0.0               0.0     0.0      0.0
SINCE 7/1         0.0               0.1    -0.1        T
SNOWDEPTH AVG.      0                MM      MM        0
DAYS >= 1.0         0               0.0     0.0        0
GREATEST
 SNOW DEPTH         0   MM                             0  MM
 24 HR TOTAL      0.0

DEGREE_DAYS
HEATING TOTAL     477               312     165      303
 SINCE 7/1       1675              1401     274     1467
COOLING TOTAL       0                11     -11        7
 SINCE 1/1          3                16     -13        8
.................................................................

WIND (MPH)
AVERAGE WIND SPEED              6.0
HIGHEST WIND SPEED/DIRECTION    28/310    DATE  02/02
HIGHEST GUST SPEED/DIRECTION    37/300    DATE  02/02

SKY COVER
POSSIBLE SUNSHINE (PERCENT)   MM
AVERAGE SKY COVER           0.40
NUMBER OF DAYS FAIR           14
NUMBER OF DAYS PC              7
NUMBER OF DAYS CLOUDY          7

AVERAGE RH (PERCENT)     67

WEATHER CONDITIONS. NUMBER OF DAYS WITH
THUNDERSTORM              0     MIXED PRECIP               0
HEAVY RAIN                3     RAIN                       8
LIGHT RAIN               11     FREEZING RAIN              0
LT FREEZING RAIN          0     HAIL                       0
HEAVY SNOW                0     SNOW                       0
LIGHT SNOW                0     SLEET                      0
FOG                      17     FOG W/VIS <= 1/4 MILE      2
HAZE                      7

-  INDICATES NEGATIVE NUMBERS.
R  INDICATES RECORD WAS SET OR TIED.
MM INDICATES DATA IS MISSING.
T  INDICATES TRACE AMOUNT.

$$
