000
CXUS51 KBUF 011845
CLMART


CLIMATE REPORT
NATIONAL WEATHER SERVICE BUFFALO NY
1205 PM EDT FRI JUL 1 2016

...................................

...THE WATERTOWN NY CLIMATE SUMMARY FOR THE MONTH OF JUNE 2016...

CLIMATE NORMAL PERIOD 1981 TO 2010
CLIMATE RECORD PERIOD 1949 TO 2016

WEATHER         OBSERVED          NORMAL  DEPART  LAST YEAR`S
                 VALUE   DATE(S)  VALUE   FROM    VALUE  DATE(S)
                                          NORMAL
................................................................
TEMPERATURE (F)
RECORD
 HIGH              95   06/14/1949
 LOW               29   06/05/1964
HIGHEST            90   06/26                         81  06/14
LOWEST             36   06/14                         35  06/07
                        06/10
AVG. MAXIMUM     75.2              74.4     0.8     72.4
AVG. MINIMUM     51.1              52.6    -1.5     51.5
MEAN             63.1              63.5    -0.4     62.0
DAYS MAX >= 90      1               0.3     0.7        0
DAYS MAX <= 32      0               0.0     0.0        0
DAYS MIN <= 32      0               0.1    -0.1        0
DAYS MIN <= 0       0               0.0     0.0        0

PRECIPITATION (INCHES)
RECORD
 MAXIMUM         6.22   1982
 MINIMUM         0.33   1973
TOTALS           3.60              2.85    0.75     5.71
DAYS >= .01         9              12.2    -3.2       17
DAYS >= .10         8               6.7     1.3       11
DAYS >= .50         2               1.6     0.4        3
DAYS >= 1.00        1               0.3     0.7        2
GREATEST
 24 HR. TOTAL    1.42   06/05 TO 06/05

DEGREE_DAYS
HEATING TOTAL      98               107      -9      116
 SINCE 7/1       6738              7583    -845     7661
COOLING TOTAL      47                62     -15       31
 SINCE 1/1         77                73       4       77
....................................................

WIND (MPH)
AVERAGE WIND SPEED              7.1
HIGHEST WIND SPEED/DIRECTION    37/290    DATE  06/20
HIGHEST GUST SPEED/DIRECTION    46/290    DATE  06/20

SKY COVER
POSSIBLE SUNSHINE (PERCENT)   MM
AVERAGE SKY COVER           0.30
NUMBER OF DAYS FAIR           17
NUMBER OF DAYS PC              9
NUMBER OF DAYS CLOUDY          4

AVERAGE RH (PERCENT)     67

WEATHER CONDITIONS. NUMBER OF DAYS WITH
THUNDERSTORM              3     MIXED PRECIP               0
HEAVY RAIN                4     RAIN                       8
LIGHT RAIN               10     FREEZING RAIN              0
LT FREEZING RAIN          0     HAIL                       0
HEAVY SNOW                0     SNOW                       0
LIGHT SNOW                0     SLEET                      0
FOG                      13     FOG W/VIS <= 1/4 MILE      2
HAZE                      6

-  INDICATES NEGATIVE NUMBERS.
R  INDICATES RECORD WAS SET OR TIED.
MM INDICATES DATA IS MISSING.
T  INDICATES TRACE AMOUNT.

$$
