000
CXUS42 KFFC 031517
CLMATL


CLIMATE REPORT
NATIONAL WEATHER SERVICE PEACHTREE CITY GA
1116 AM EDT MON AUG 3 2015

...................................

...THE ATLANTA CLIMATE SUMMARY FOR THE MONTH OF JULY 2015...

CLIMATE NORMAL PERIOD 1981 TO 2010
CLIMATE RECORD PERIOD 1878 TO 2015

WEATHER         OBSERVED          NORMAL  DEPART  LAST YEAR`S
                 VALUE   DATE(S)  VALUE   FROM    VALUE  DATE(S)
                                          NORMAL
................................................................
TEMPERATURE (F)
RECORD
 HIGH             105   07/01/2012
                        07/17/1980
                        07/13/1980
 LOW               53   07/15/1967
                        07/12/1898
HIGHEST            94   07/30        MM      MM       93  07/02
                        07/28
LOWEST             68   07/04        MM      MM       59  07/30
                        07/02
AVG. MAXIMUM     90.1              89.1     1.0     86.6
AVG. MINIMUM     72.6              71.3     1.3     69.3
MEAN             81.3              80.2     1.1     77.9
DAYS MAX >= 90     22              13.0     9.0        8
DAYS MAX <= 32      0               0.0     0.0        0
DAYS MIN <= 32      0               0.0     0.0        0
DAYS MIN <= 0       0               0.0     0.0        0

PRECIPITATION (INCHES)
RECORD
 MAXIMUM        17.71   1994
 MINIMUM         0.56   1881
TOTALS           5.01              5.27   -0.26     4.60
DAILY AVG.       0.16              0.17   -0.01     0.15
DAYS >= .01        15              11.7     3.3       10
DAYS >= .10         8               7.9     0.1        8
DAYS >= .50         4               3.3     0.7        3
DAYS >= 1.00        1               1.6    -0.6        1
GREATEST
 24 HR. TOTAL    1.54   07/04 TO 07/04           07/18 TO 07/19
                                                          07/31 TO 07/31
                                                          07/31 TO 07/31

DEGREE_DAYS
HEATING TOTAL       0                 0       0        0
 SINCE 7/1          0                 0       0        0
COOLING TOTAL     517               471      46      409
 SINCE 1/1       1322              1092     230     1097
..................................................

WIND (MPH)
AVERAGE WIND SPEED              6.3
HIGHEST WIND SPEED/DIRECTION    37/010    DATE  07/14
HIGHEST GUST SPEED/DIRECTION    49/330    DATE  07/22

SKY COVER
POSSIBLE SUNSHINE (PERCENT)   MM
AVERAGE SKY COVER           0.60
NUMBER OF DAYS FAIR            2
NUMBER OF DAYS PC             23
NUMBER OF DAYS CLOUDY          6

AVERAGE RH (PERCENT)     70

WEATHER CONDITIONS. NUMBER OF DAYS WITH
THUNDERSTORM              0     MIXED PRECIP               0
HEAVY RAIN                7     RAIN                       7
LIGHT RAIN               14     FREEZING RAIN              0
LT FREEZING RAIN          0     HAIL                       0
HEAVY SNOW                0     SNOW                       0
LIGHT SNOW                0     SLEET                      0
FOG                       7     FOG W/VIS <= 1/4 MILE      0
HAZE                      8

-  INDICATES NEGATIVE NUMBERS.
R  INDICATES RECORD WAS SET OR TIED.
MM INDICATES DATA IS MISSING.
T  INDICATES TRACE AMOUNT.

$$
