000
CXUS54 KEWX 011812
CLMAUS

CLIMATE REPORT
NATIONAL WEATHER SERVICE AUSTIN/SAN ANTONIO, TX
112 PM CDT TUE AUG 1 2017

...................................

...THE AUSTIN BERGSTROM CLIMATE SUMMARY FOR THE MONTH OF JULY 2017...

CLIMATE NORMAL PERIOD 1981 TO 2010
CLIMATE RECORD PERIOD 1943 TO 2017

WEATHER         OBSERVED          NORMAL  DEPART  LAST YEAR`S
                 VALUE   DATE(S)  VALUE   FROM    VALUE  DATE(S)
                                          NORMAL
................................................................
TEMPERATURE (F)
HIGHEST           106R  07/29                        100  07/25
                                                          07/24
                                                          07/23
LOWEST             70   07/27                         70  07/01
                        07/16
AVG. MAXIMUM     99.6              95.2     4.4     97.7
AVG. MINIMUM     74.1              71.7     2.4     75.1
MEAN             86.9              83.4     3.5     86.4
DAYS MAX >= 90     31                                 31
DAYS MAX <= 32      0                                  0
DAYS MIN <= 32      0                                  0
DAYS MIN <= 0       0                                  0

PRECIPITATION (INCHES)
TOTALS           1.06              2.44   -1.38     5.65
DAILY AVG.       0.03              0.08   -0.05     0.18
DAYS >= .01         3                                  3
DAYS >= .10         3                                  3
DAYS >= .50         1                                  2
DAYS >= 1.00        0                                  2
GREATEST
 24 HR. TOTAL    0.52   07/07 TO 07/07

SNOWFALL (INCHES)
TOTALS            0.0                MM      MM      0.0
SINCE 7/1         0.0                MM      MM      0.0

DEGREE_DAYS
HEATING TOTAL       0                 0       0        0
 SINCE 7/1          0                 0       0        0
COOLING TOTAL     685               572     113      671
 SINCE 1/1       2031              1560     471     1693
.................................................................

WIND (MPH)
AVERAGE WIND SPEED              7.7
HIGHEST WIND SPEED/DIRECTION    38/030    DATE  07/15
HIGHEST GUST SPEED/DIRECTION    46/030    DATE  07/15

SKY COVER
POSSIBLE SUNSHINE (PERCENT)   MM
AVERAGE SKY COVER           0.40
NUMBER OF DAYS FAIR            9
NUMBER OF DAYS PC             22
NUMBER OF DAYS CLOUDY          0

AVERAGE RH (PERCENT)     63

WEATHER CONDITIONS. NUMBER OF DAYS WITH
THUNDERSTORM              0     MIXED PRECIP               0
HEAVY RAIN                2     RAIN                       3
LIGHT RAIN                7     FREEZING RAIN              0
LT FREEZING RAIN          0     HAIL                       0
HEAVY SNOW                0     SNOW                       0
LIGHT SNOW                0     SLEET                      0
FOG                      10     FOG W/VIS <= 1/4 MILE      0
HAZE                      2

-  INDICATES NEGATIVE NUMBERS.
R  INDICATES RECORD WAS SET OR TIED.
MM INDICATES DATA IS MISSING.
T  INDICATES TRACE AMOUNT.

&&

MONTHLY CLIMATE SUMMARY:
JULY 2017 WAS THE 10TH WARMEST AND THE 36TH DRIEST JULY
SINCE RECORD KEEPING BEGAN.

SEA LEVEL PRESSURE DATA:
HIGHEST SLP 30.13 INCHES ON THE 2ND
LOWEST  SLP 29.77 INCHES ON THE 29TH

PRELIMINARY LOCAL CLIMATOLOGICAL DATA (WS FORM: F-6)

                                          STATION:   AUSTIN BERGSTROM
                                          MONTH:     JULY
                                          YEAR:      2017
                                          LATITUDE:   30 13 N
                                          LONGITUDE:  97 40 W

  TEMPERATURE IN F:       :PCPN:    SNOW:  WIND      :SUNSHINE: SKY     :PK WND
================================================================================
1   2   3   4   5  6A  6B    7    8   9   10  11  12  13   14  15   16   17  18
                                     12Z  AVG MX 2MIN
DY MAX MIN AVG DEP HDD CDD  WTR  SNW DPTH SPD SPD DIR MIN PSBL S-S WX    SPD DR
================================================================================

 1  97  79  88   6   0  23 0.00  0.0    0 10.7 22 150   M    M   5 18     29 180
 2  98  78  88   5   0  23    T  0.0    0  9.9 18 170   M    M   6 18     23 170
 3  98  75  87   4   0  22 0.00  0.0    0 11.1 21 180   M    M   4        31 180
 4  99  76  88   5   0  23 0.00  0.0    0 10.8 24 170   M    M   4        30 180
 5  98  76  87   4   0  22 0.00  0.0    0  7.8 16 160   M    M   5        21 120
 6  99  74  87   4   0  22 0.32  0.0    0  4.4 35 150   M    M   6 13     44 140
 7  98  73  86   3   0  21 0.52  0.0    0  4.1 32 220   M    M   4 13     40 220
 8  97  73  85   2   0  20 0.00  0.0    0  6.4 15 180   M    M   2        18 180
 9  98  74  86   3   0  21 0.00  0.0    0  7.5 17 130   M    M   2        22 110
10  98  74  86   3   0  21 0.00  0.0    0  8.8 16 200   M    M   2        21 190
11  98  74  86   3   0  21 0.00  0.0    0  9.3 18 150   M    M   5        23 150
12  98  73  86   3   0  21 0.00  0.0    0  7.5 18 200   M    M   7 1      22 200
13  99  71  85   2   0  20 0.00  0.0    0  5.4 17 190   M    M   5        21 190
14 100  72  86   3   0  21 0.00  0.0    0  5.4 18 130   M    M   4 3      23 120
15 102  72  87   4   0  22 0.22  0.0    0  4.6 38  30   M    M   4 13     46  30
16  97  70  84   0   0  19 0.00  0.0    0  5.7 26  40   M    M   4 1      33  50
17  97  74  86   2   0  21    T  0.0    0  4.6 16  80   M    M   5 13     21  90
18  98  74  86   2   0  21 0.00  0.0    0  7.7 17 120   M    M   3        26 120
19 100  72  86   2   0  21    T  0.0    0  5.7 17 110   M    M   4 3      21 100
20 101  75  88   4   0  23 0.00  0.0    0  7.8 17 150   M    M   2        22 150
21 101  72  87   3   0  22 0.00  0.0    0  7.7 17 170   M    M   2 1      26 140
22 101  75  88   4   0  23 0.00  0.0    0  8.6 17 190   M    M   4        22 190
23 101  75  88   4   0  23    T  0.0    0  6.8 22 330   M    M   4 13     30 330
24 101  77  89   5   0  24 0.00  0.0    0  7.9 17 170   M    M   6        26 190
25 100  77  89   5   0  24 0.00  0.0    0 11.9 21 150   M    M   5        26 150
26 101  76  89   5   0  24    T  0.0    0 10.0 29 190   M    M   4 3      39 180
27 101  70  86   2   0  21 0.00  0.0    0  9.2 18 140   M    M   2        24 150
28 102  73  88   4   0  23 0.00  0.0    0  8.3 18 180   M    M   2        22 180
29 106  75  91   7   0  26 0.00  0.0    0  7.1 14 180   M    M   4        19 140
30 105  74  90   6   0  25 0.00  0.0    0  7.4 23  60   M    M   3        29  50
31  99  74  87   3   0  22 0.00  0.0    0  7.5 20  20   M    M   6        25  30
================================================================================
SM 3088 2297         0 685  1.06     0.0 237.6          M      125
================================================================================
AV 99.6 74.1                               7.7 FASTST   M    M   4    MAX(MPH)
                                 MISC ---->  # 38  30               # 46   30
================================================================================
NOTES:
# LAST OF SEVERAL OCCURRENCES

COLUMN 17 PEAK WIND IN M.P.H.

SYMBOLS USED IN COLUMN 16
1 = FOG OR MIST
2 = FOG REDUCING VISIBILITY
3 = THUNDER
4 = ICE PELLETS
5 = HAIL
6 = FREEZING RAIN OR DRIZZLE
7 = DUSTSTORM OR SANDSTORM:
8 = SMOKE OR HAZE
9 = BLOWING SNOW
X = TORNADO

$$
