540
CXUS51 KBGM 022105 CCA
CLMAVP

CLIMATE REPORT...CORRECTED
NATIONAL WEATHER SERVICE BINGHAMTON NY
402 PM EST TUE JAN 2 2018

...................................

...THE AVOCA PA CLIMATE SUMMARY FOR THE MONTH OF DECEMBER 2017...

CLIMATE NORMAL PERIOD 1981 TO 2010
CLIMATE RECORD PERIOD 1901 TO 2017

WEATHER         OBSERVED          NORMAL  DEPART  LAST YEAR`S
                 VALUE   DATE(S)  VALUE   FROM    VALUE  DATE(S)
                                          NORMAL
................................................................
TEMPERATURE (F)
RECORD
 HIGH              71   12/01/2006
 LOW               -9   12/24/1989
HIGHEST            54   12/05        37      17       55  12/27
LOWEST              3   12/31        23     -20        8  12/16
AVG. MAXIMUM     35.2              37.5    -2.3     38.8
AVG. MINIMUM     22.6              23.8    -1.2     26.4
MEAN             28.9              30.6    -1.7     32.6
DAYS MAX >= 90      0               0.0     0.0        0
DAYS MAX <= 32     13               9.2     3.8        5
DAYS MIN <= 32     28              24.7     3.3       24
DAYS MIN <= 0       0               0.5    -0.5        0

PRECIPITATION (INCHES)
RECORD
 MAXIMUM         6.58   1983
 MINIMUM         0.35   1958
TOTALS           1.68              2.68   -1.00     2.06
DAILY AVG.       0.05              0.09   -0.04     0.07
DAYS >= .01        12              11.5     0.5       13
DAYS >= .10         3               5.9    -2.9        7
DAYS >= .50         1               1.8    -0.8        1
DAYS >= 1.00        0               0.3    -0.3        0
GREATEST
 24 HR. TOTAL    0.78   12/23 TO 12/23

SNOWFALL (INCHES)
RECORDS
 TOTAL           33.9   1969
 24 HR TOTAL     15.0   12/25/2002 TO 12/25/2002
TOTALS            7.1               7.4    -0.3      6.2
SINCE 7/1         7.2              10.4    -3.2     11.9
DAYS >= TRACE      14               7.1     6.9       13
DAYS >= 1.0         4               2.3     1.7        2
GREATEST
 24 HR TOTAL      2.3   12/09 TO 12/09

DEGREE_DAYS
HEATING TOTAL    1111              1065      46      994
 SINCE 7/1       2151              2378    -227     2012
COOLING TOTAL       0                 0       0        0
 SINCE 1/1        804               580     224      998
.................................................................

WIND (MPH)
AVERAGE WIND SPEED              6.9
RESULTANT WIND SPEED/DIRECTION   4/271
HIGHEST WIND SPEED/DIRECTION    31/270    DATE  12/25
HIGHEST GUST SPEED/DIRECTION    45/260    DATE  12/25

SKY COVER
POSSIBLE SUNSHINE (PERCENT)   MM
AVERAGE SKY COVER           0.60
NUMBER OF DAYS FAIR            8
NUMBER OF DAYS PC             13
NUMBER OF DAYS CLOUDY         10

AVERAGE RH (PERCENT)     68

WEATHER CONDITIONS. NUMBER OF DAYS WITH
THUNDERSTORM              0     MIXED PRECIP               0
HEAVY RAIN                1     RAIN                       3
LIGHT RAIN                7     FREEZING RAIN              0
LT FREEZING RAIN          0     HAIL                       0
HEAVY SNOW                1     SNOW                       2
LIGHT SNOW               13     SLEET                      0
FOG                      18     FOG W/VIS <= 1/4 MILE      1
HAZE                     16

-  INDICATES NEGATIVE NUMBERS.
R  INDICATES RECORD WAS SET OR TIED.
MM INDICATES DATA IS MISSING.
T  INDICATES TRACE AMOUNT.

&&
FIXED TABLE AT BOTTOM
CORRECTED MONTHLY AND SEASONAL SNOWFALL

$$

TAC
