000
CXUS53 KLBF 011239 RRA
CLMBBW

CLIMATE REPORT
NATIONAL WEATHER SERVICE NORTH PLATTE
727 AM CDT FRI APR 1 2016

...................................

...THE BROKEN BOW NE CLIMATE SUMMARY FOR THE MONTH OF MARCH 2016...

CLIMATE NORMAL PERIOD 1981 TO 2010
CLIMATE RECORD PERIOD 1894 TO 2016

WEATHER         OBSERVED          NORMAL  DEPART  LAST YEAR`S
                 VALUE   DATE(S)  VALUE   FROM    VALUE  DATE(S)
                                          NORMAL
................................................................
TEMPERATURE (F)
RECORD
 HIGH              92   03/30/1943
 LOW              -31   03/03/1960
HIGHEST            80   03/21        76       4       91  03/16
LOWEST             10   03/20         3       7       -5  03/05
AVG. MAXIMUM     59.7              51.0     8.7     62.5
AVG. MINIMUM     26.7              24.3     2.4     24.2
MEAN             43.2              37.7     5.5     43.3
DAYS MAX >= 90      0               0.0     0.0        1
DAYS MAX <= 32      0               2.3    -2.3        2
DAYS MIN <= 32     25              24.8     0.2       25
DAYS MIN <= 0       0               0.4    -0.4        2

PRECIPITATION (INCHES)
RECORD
 MAXIMUM         5.82   1987
 MINIMUM         0.00   1898
                        1895
TOTALS           0.44              1.40   -0.96        T
DAILY AVG.       0.01              0.05   -0.04        T
DAYS >= .01         6                MM      MM        0
DAYS >= .10         1                MM      MM        0
DAYS >= .50         0                MM      MM        0
DAYS >= 1.00        0                MM      MM        0
GREATEST
 24 HR. TOTAL    0.20   03/23 TO 03/23           03/28 TO 03/28
                                                          03/27 TO 03/27
                                                          03/26 TO 03/26

SNOWFALL (INCHES)
TOTALS             MM
SINCE 7/1          MM
SNOWDEPTH AVG.     MM
DAYS >= TRACE      MM
DAYS >= 1.0        MM
GREATEST
 SNOW DEPTH        MM

DEGREE_DAYS
HEATING TOTAL     667               848    -181      666
 SINCE 7/1       4857              5863   -1006     5440
COOLING TOTAL       0                 0       0        1
 SINCE 1/1          0                 0       0        1
.......................................................

WIND (MPH)
AVERAGE WIND SPEED              11.1
HIGHEST WIND SPEED/DIRECTION    43/350    DATE  03/23
HIGHEST GUST SPEED/DIRECTION    61/010    DATE  03/23

AVERAGE RH (PERCENT)     59

WEATHER CONDITIONS. NUMBER OF DAYS WITH
THUNDERSTORM              0     MIXED PRECIP               0
HEAVY RAIN                1     RAIN                       1
LIGHT RAIN                8     FREEZING RAIN              0
LT FREEZING RAIN          0     HAIL                       0
HEAVY SNOW                0     SNOW                       1
LIGHT SNOW                3     SLEET                      0
FOG                       7     FOG W/VIS <= 1/4 MILE      1
HAZE                      2

-  INDICATES NEGATIVE NUMBERS.
R  INDICATES RECORD WAS SET OR TIED.
MM INDICATES DATA IS MISSING.
T  INDICATES TRACE AMOUNT.

$$
