000
CXUS51 KBOX 011415 CCA
CLMBDL

CLIMATE REPORT
NATIONAL WEATHER SERVICE TAUNTON MA
909 AM EST WED MAR 1 2017

...................................

...THE HARTFORD CT CLIMATE SUMMARY FOR THE MONTH OF FEBRUARY 2017...

CLIMATE NORMAL PERIOD 1981 TO 2010
CLIMATE RECORD PERIOD 1904 TO 2017

WEATHER         OBSERVED          NORMAL  DEPART
                 VALUE   DATE(S)  VALUE   FROM
                                          NORMAL
................................................
TEMPERATURE (F)
RECORD
 HIGH              73   02/24/1985
 LOW              -24   02/16/1943
HIGHEST            72   02/24
LOWEST              4   02/10
AVG. MAXIMUM     44.4              38.5     5.9
AVG. MINIMUM     24.1              20.9     3.2
MEAN             34.3              29.7     4.6
DAYS MAX >= 90      0               0.0     0.0
DAYS MAX <= 32      3               6.9    -3.9
DAYS MIN <= 32     23              24.9    -1.9
DAYS MIN <= 0       0               0.6    -0.6

PRECIPITATION (INCHES)
RECORD
 MAXIMUM         8.90   2008
 MINIMUM         0.45   1987
TOTALS           2.49              2.89   -0.40
DAYS >= .01        10               9.7     0.3
DAYS >= .10         5               5.8    -0.8
DAYS >= .50         2               2.1    -0.1
DAYS >= 1.00        0               0.5    -0.5
GREATEST
 24 HR. TOTAL    0.95   02/09 TO 02/09

SNOWFALL (INCHES)
RECORDS
 TOTAL           32.7   1926
 SNOW DEPTH        24   02/25/2015
                        02/24/2015
                        02/23/2015
TOTALS           22.6              11.0    11.6
SINCE 7/1        42.7              32.7    10.0
SNOWDEPTH AVG.      5
GREATEST
 SNOW DEPTH        16   02/09
 24 HR TOTAL     15.5   02/09 TO 02/09

DEGREE_DAYS
HEATING TOTAL     853               988    -135
 SINCE 7/1       3893              4438    -545
COOLING TOTAL       0                 0       0
 SINCE 1/1          0                 0       0
.................................................

WIND (MPH)
AVERAGE WIND SPEED              9.0
RESULTANT WIND SPEED/DIRECTION   4/284
HIGHEST WIND SPEED/DIRECTION    40/300    DATE  02/13
HIGHEST GUST SPEED/DIRECTION    51/290    DATE  02/13

SKY COVER
POSSIBLE SUNSHINE (PERCENT)   MM
AVERAGE SKY COVER           0.60
NUMBER OF DAYS FAIR            5
NUMBER OF DAYS PC             14
NUMBER OF DAYS CLOUDY          9

AVERAGE RH (PERCENT)     66

WEATHER CONDITIONS. NUMBER OF DAYS WITH
THUNDERSTORM              1     MIXED PRECIP               0
HEAVY RAIN                1     RAIN                       2
LIGHT RAIN                5     FREEZING RAIN              2
LT FREEZING RAIN          3     HAIL                       0
HEAVY SNOW                2     SNOW                       2
LIGHT SNOW                6     SLEET                      2
FOG                      13     FOG W/VIS <= 1/4 MILE      3
HAZE                      3

-  INDICATES NEGATIVE NUMBERS.
R  INDICATES RECORD WAS SET OR TIED.
MM INDICATES DATA IS MISSING.
T  INDICATES TRACE AMOUNT.

$$

SIPPRELL/CORREIA
