593
CXUS51 KOKX 011433
CLMBDR

CLIMATE REPORT
NATIONAL WEATHER SERVICE NEW YORK NY
924 AM EST THU DEC 1 2016



...THE BRIDGEPORT CT CLIMATE SUMMARY FOR THE MONTH OF NOVEMBER
2016...

CLIMATE NORMAL PERIOD 1981 TO 2010
CLIMATE RECORD PERIOD 1948 TO 2016

WEATHER         OBSERVED          NORMAL  DEPART  LAST YEAR`S
                 VALUE   DATE(S)  VALUE   FROM    VALUE  DATE(S)
                                          NORMAL
................................................................
TEMPERATURE (F)
RECORD
 HIGH              78   11/15/1993
                        11/04/1975
 LOW               16   11/23/1972
                        11/28/1951
HIGHEST            74   11/03        MM      MM       71  11/06
LOWEST             30   11/28        MM      MM       27  11/24
AVG. MAXIMUM     57.1              53.1     4.0     57.6
AVG. MINIMUM     39.9              38.0     1.9     41.7
MEAN             48.5              45.5     3.0     49.7
DAYS MAX >= 90      0               0.0     0.0        0
DAYS MAX <= 32      0               0.1    -0.1        0
DAYS MIN <= 32      3               6.7    -3.7        3
DAYS MIN <= 0       0               0.0     0.0        0

PRECIPITATION (INCHES)
RECORD
 MAXIMUM        10.22   1972
 MINIMUM         0.36   1976
TOTALS           4.23              3.39    0.84     1.23
DAILY AVG.       0.14              0.11    0.03     0.04
DAYS >= .01         6              10.0    -4.0        6
DAYS >= .10         4               6.2    -2.2        4
DAYS >= .50         4               2.7     1.3        1
DAYS >= 1.00        1               0.5     0.5        0
GREATEST
 24 HR. TOTAL    1.69   11/29 TO 11/29           11/19 TO 11/19
                                                          11/30 TO 11/30
                                                          11/30 TO 11/30
 STORM TOTAL       MM                                 MM
 (MM/DD(HH))            MM                    11/19(00) TO 11/19(00)
                                                 11/30(00) TO 11/30(00)0
                                                 11/30(00) TO 11/30(00)0

SNOWFALL (INCHES)
TOTALS              T               0.7    -0.7      0.0
 LIQUID EQUIV      MM              0.10      MM     0.00
SINCE 7/1           T               0.7    -0.7        T
 LIQUID 7/1        MM              0.10      MM       MM
SNOWDEPTH AVG.      0                MM      MM        0
DAYS >= TRACE       2               0.5     1.5        0
DAYS >= 1.0         0               0.2    -0.2        0
GREATEST
 SNOW DEPTH         0   MM                             0  MM
 24 HR TOTAL        T   11/21 TO 11/21           11/30 TO 11/30
                                                          11/30 TO 11/30
                                                          11/30 TO 11/30
 STORM TOTAL       MM                                 MM
 (MM/DD(HH))            MM                    11/30(00) TO 11/30(00)
                                                 11/30(00) TO 11/30(00)0
                                                 11/30(00) TO 11/30(00)0

DEGREE_DAYS
HEATING TOTAL     486               584     -98      454
 SINCE 7/1        728               974    -246      744
COOLING TOTAL       0                 0       0        2
 SINCE 1/1       1270               825     445     1122
.................................................

WIND (MPH)
AVERAGE WIND SPEED              8.6
HIGHEST WIND SPEED/DIRECTION    30/310    DATE  11/11
HIGHEST GUST SPEED/DIRECTION    43/310    DATE  11/21


WEATHER CONDITIONS. NUMBER OF DAYS WITH
THUNDERSTORM              0     MIXED PRECIP               0
HEAVY RAIN                4     RAIN                       4
LIGHT RAIN                7     FREEZING RAIN              0
LT FREEZING RAIN          0     HAIL                       0
HEAVY SNOW                0     SNOW                       0
LIGHT SNOW                0     SLEET                      0
FOG                       8     FOG W/VIS <= 1/4 MILE      2
HAZE                      5

-  INDICATES NEGATIVE NUMBERS.
R  INDICATES RECORD WAS SET OR TIED.
MM INDICATES DATA IS MISSING.
T  INDICATES TRACE AMOUNT.

$$
