000
CXUS46 KHNX 011732
CLMBFL


CLIMATE REPORT
NATIONAL WEATHER SERVICE SAN JOAQUIN VALLEY, CA
921 AM PST FRI DEC 1 2017

...................................

...THE BAKERSFIELD CLIMATE SUMMARY FOR THE MONTH OF NOVEMBER 2017...

CLIMATE NORMAL PERIOD 1981 TO 2010
CLIMATE RECORD PERIOD 1889 TO 2017

WEATHER         OBSERVED          NORMAL  DEPART  LAST YEAR`S
                 VALUE   DATE(S)  VALUE   FROM    VALUE  DATE(S)
                                          NORMAL
................................................................
TEMPERATURE (F)
RECORD
 HIGH              95   11/03/1921
 LOW               22   11/24/1931
                        11/23/1931
HIGHEST            84   11/26        MM      MM       89  11/11
LOWEST             39   11/28        MM      MM       37  11/25
AVG. MAXIMUM     71.2              65.7     5.5     70.7
AVG. MINIMUM     49.1              44.6     4.5     47.3
MEAN             60.1              55.1     5.0     59.0
DAYS MAX >= 90      0               0.0     0.0        0
DAYS MIN <= 32      0               0.5    -0.5        0

PRECIPITATION (INCHES)
RECORD
 MAXIMUM         3.04   1960
TOTALS           0.03              0.64   -0.61     0.38
DAYS >= .01         2               3.9    -1.9        4
DAYS >= .10         0               1.9    -1.9        3
DAYS >= .50         0               0.3    -0.3        0
DAYS >= 1.00        0               0.0     0.0        0
GREATEST
 24 HR. TOTAL    0.02   11/05 TO 11/05

SNOWFALL (INCHES)
RECORDS
 TOTAL              T   2003
TOTALS            0.0               0.0

DEGREE_DAYS
HEATING TOTAL     148               300    -152      188
 SINCE 7/1        177               358    -181      205
COOLING TOTAL      10                 4       6       15
 SINCE 1/1       2948              2258     690     2738
.................................................................

WIND (MPH)
AVERAGE WIND SPEED              4.1
HIGHEST WIND SPEED/DIRECTION    26/290    DATE  11/27
HIGHEST GUST SPEED/DIRECTION    33/290    DATE  11/27

AVERAGE RH (PERCENT)     60

WEATHER CONDITIONS. NUMBER OF DAYS WITH
THUNDERSTORM              0     RAIN                       0
HAIL                      0     FOG                        5
FOG W/VIS <= 1/4 MILE     1     HAZE                      20

-  INDICATES NEGATIVE NUMBERS.
R  INDICATES RECORD WAS SET OR TIED.
MM INDICATES DATA IS MISSING.
T  INDICATES TRACE AMOUNT.

$$
