008
CXUS51 KCAR 010848
CLMBGR


CLIMATE REPORT
NATIONAL WEATHER SERVICE CARIBOU, ME
446 AM EDT SAT APR 1 2017

...................................

...THE BANGOR ME CLIMATE SUMMARY FOR THE MONTH OF MARCH 2017...

CLIMATE NORMAL PERIOD 1981 TO 2010
CLIMATE RECORD PERIOD 1925 TO 2017

WEATHER         OBSERVED          NORMAL  DEPART  LAST YEAR`S
                 VALUE   DATE(S)  VALUE   FROM    VALUE  DATE(S)
                                          NORMAL
................................................................
TEMPERATURE (F)
RECORD
 HIGH              84   03/22/2012
 LOW              -16   03/02/2001
HIGHEST            47   03/02        MM      MM       59  03/09
LOWEST             -3   03/11        MM      MM        5  03/04
                                                          03/03
AVG. MAXIMUM     34.5              40.0    -5.5     41.9
AVG. MINIMUM     16.6              20.5    -3.9     24.0
MEAN             25.6              30.2    -4.6     32.9
DAYS MAX >= 90      0               0.0     0.0        0
DAYS MAX <= 32     12               5.3     6.7        5
DAYS MIN <= 32     29              27.3     1.7       23
DAYS MIN <= 0       1               1.6    -0.6        0

PRECIPITATION (INCHES)
RECORD
 MAXIMUM         7.36   1999
 MINIMUM         0.26   1965
TOTALS           2.07                     -1.31
DAILY AVG.       0.07              0.11   -0.04     0.11
DAYS >= .01        10              11.0    -1.0       12
DAYS >= .10         7               6.8     0.2        8
DAYS >= .50         2               2.2    -0.2        2
DAYS >= 1.00        0               0.7    -0.7        0
GREATEST
 24 HR. TOTAL    0.64   03/14 TO 03/14           03/28 TO 03/29
                                                          03/29 TO 03/29
                                                          03/29 TO 03/29

SNOWFALL (INCHES)
RECORDS
 TOTAL           41.5   1956
TOTALS           17.0              11.7     5.3      6.0
SINCE 7/1        80.3              62.4    17.9     44.6
SNOWDEPTH AVG.      4                 5      -1        0
DAYS >= 1.0         2               3.3    -1.3        1
GREATEST
 SNOW DEPTH        14   03/15                          5  03/22
 24 HR TOTAL     14.2   03/14 TO 03/14           03/29 TO 03/29
                                                          03/29 TO 03/29
                                                          03/29 TO 03/29

DEGREE_DAYS
HEATING TOTAL    1214              1077     137      985
 SINCE 7/1       6342              6723    -381     5900
COOLING TOTAL       0                 0       0        0
 SINCE 1/1          0                 0       0        0
..........................................................

WIND (MPH)
AVERAGE WIND SPEED              10.0
HIGHEST WIND SPEED/DIRECTION    38/320    DATE  03/22
HIGHEST GUST SPEED/DIRECTION    48/330    DATE  03/22

SKY COVER
POSSIBLE SUNSHINE (PERCENT)   MM
AVERAGE SKY COVER           0.60
NUMBER OF DAYS FAIR            7
NUMBER OF DAYS PC             13
NUMBER OF DAYS CLOUDY         11

AVERAGE RH (PERCENT)     62

WEATHER CONDITIONS. NUMBER OF DAYS WITH
THUNDERSTORM              0     MIXED PRECIP               1
HEAVY RAIN                0     RAIN                       1
LIGHT RAIN                9     FREEZING RAIN              0
LT FREEZING RAIN          3     HAIL                       0
HEAVY SNOW                1     SNOW                       3
LIGHT SNOW                9     SLEET                      4
FOG                      12     FOG W/VIS <= 1/4 MILE      4
HAZE                      5

-  INDICATES NEGATIVE NUMBERS.
R  INDICATES RECORD WAS SET OR TIED.
MM INDICATES DATA IS MISSING.
T  INDICATES TRACE AMOUNT.

$$
