000
CXUS51 KBOX 011224
CLMBOS


CLIMATE REPORT
NATIONAL WEATHER SERVICE TAUNTON MA
815 AM EDT TUE SEP 1 2015

...................................

...THE BOSTON MA CLIMATE SUMMARY FOR THE MONTH OF AUGUST 2015...

CLIMATE NORMAL PERIOD 1981 TO 2010
CLIMATE RECORD PERIOD 1872 TO 2015

WEATHER         OBSERVED          NORMAL  DEPART
                 VALUE   DATE(S)  VALUE   FROM
                                          NORMAL
................................................
TEMPERATURE (F)
RECORD
 HIGH             102   08/02/1975
 LOW               46   08/25/1940
HIGHEST            91   08/17
                        08/15
LOWEST             61   08/08
AVG. MAXIMUM     82.7              79.6     3.1
AVG. MINIMUM     66.6              64.6     2.0
MEAN             74.7              72.1     2.6
DAYS MAX >= 90      6               2.8     3.2
DAYS MAX <= 32      0               0.0     0.0
DAYS MIN <= 32      0               0.0     0.0
DAYS MIN <= 0       0               0.0     0.0

PRECIPITATION (INCHES)
RECORD
 MAXIMUM        17.09   1955
 MINIMUM         0.39   1883
TOTALS           2.19              3.35   -1.16
DAILY AVG.       0.07              0.11   -0.04
DAYS >= .01         6               9.4    -3.4
DAYS >= .10         4               5.8    -1.8
DAYS >= .50         2               2.0     0.0
DAYS >= 1.00        0               0.8    -0.8
GREATEST
 24 HR. TOTAL    0.83   08/11 TO 08/11

SNOWFALL (INCHES)
RECORDS
 TOTAL             MM   MM
 SNOW DEPTH        MM   MM
TOTALS            0.0               0.0     0.0
SINCE 7/1         0.0               0.0     0.0
SNOWDEPTH AVG.     MM
DAYS >= 1.0         0               0.0     0.0
GREATEST
 SNOW DEPTH        MM
 24 HR TOTAL      0.0   08/31 TO 08/31

DEGREE_DAYS
HEATING TOTAL       0                 7      -7
 SINCE 7/1          1                13     -12
COOLING TOTAL     307               227      80
 SINCE 1/1        750               659      91
.................................................

WIND (MPH)
AVERAGE WIND SPEED              8.7
RESULTANT WIND SPEED/DIRECTION   3/227
HIGHEST WIND SPEED/DIRECTION    38/250    DATE  08/04
HIGHEST GUST SPEED/DIRECTION    51/250    DATE  08/04

SKY COVER
POSSIBLE SUNSHINE (PERCENT)   MM
AVERAGE SKY COVER           0.50
NUMBER OF DAYS FAIR           10
NUMBER OF DAYS PC             16
NUMBER OF DAYS CLOUDY          5

AVERAGE RH (PERCENT)     69

WEATHER CONDITIONS. NUMBER OF DAYS WITH
THUNDERSTORM              5     MIXED PRECIP               0
HEAVY RAIN                4     RAIN                       4
LIGHT RAIN                9     FREEZING RAIN              0
LT FREEZING RAIN          0     HAIL                       1
HEAVY SNOW                0     SNOW                       0
LIGHT SNOW                0     SLEET                      0
FOG                       9     FOG W/VIS <= 1/4 MILE      3
HAZE                      2

-  INDICATES NEGATIVE NUMBERS.
R  INDICATES RECORD WAS SET OR TIED.
MM INDICATES DATA IS MISSING.
T  INDICATES TRACE AMOUNT.

$$

SIPPRELL
