000
CXUS51 KBOX 010857
CLMBOS


CLIMATE REPORT
NATIONAL WEATHER SERVICE TAUNTON MA
346 AM EST MON FEB 1 2016

...................................

...THE BOSTON MA CLIMATE SUMMARY FOR THE MONTH OF JANUARY 2016...

CLIMATE NORMAL PERIOD 1981 TO 2010
CLIMATE RECORD PERIOD 1872 TO 2016

WEATHER         OBSERVED          NORMAL  DEPART
                 VALUE   DATE(S)  VALUE   FROM
                                          NORMAL
................................................
TEMPERATURE (F)
RECORD
 HIGH              72   01/26/1950
 LOW              -13   01/24/1882
HIGHEST            58   01/10
LOWEST              8   01/05
AVG. MAXIMUM     39.5              35.8     3.7
AVG. MINIMUM     25.5              22.2     3.3
MEAN             32.5              29.0     3.5
DAYS MAX >= 90      0               0.0     0.0
DAYS MAX <= 32      6              10.9    -4.9
DAYS MIN <= 32     25              25.6    -0.6
DAYS MIN <= 0       0               0.4    -0.4

PRECIPITATION (INCHES)
RECORD
 MAXIMUM        10.55   1979
 MINIMUM         0.61   1989
TOTALS           3.27              3.36   -0.09
DAILY AVG.       0.11              0.11    0.00
DAYS >= .01         7              11.3    -4.3
DAYS >= .10         5               6.5    -1.5
DAYS >= .50         2               2.4    -0.4
DAYS >= 1.00        2               0.7     1.3
GREATEST
 24 HR. TOTAL    1.39   01/09 TO 01/10

SNOWFALL (INCHES)
RECORDS
 TOTAL           43.3   2005
 SNOW DEPTH        31   01/11/1996
TOTALS            9.5              12.9    -3.4
SINCE 7/1        10.4              23.2   -12.8
SNOWDEPTH AVG.     MM
DAYS >= 1.0         3               3.6    -0.6
GREATEST
 SNOW DEPTH        MM
 24 HR TOTAL      6.1   01/23 TO 01/23

DEGREE_DAYS
HEATING TOTAL    1001              1116    -115
 SINCE 7/1       2459              3110    -651
COOLING TOTAL       0                 0       0
 SINCE 1/1          0                 0       0
.................................................

WIND (MPH)
AVERAGE WIND SPEED              12.3
RESULTANT WIND SPEED/DIRECTION   7/278
HIGHEST WIND SPEED/DIRECTION    36/040    DATE  01/23
HIGHEST GUST SPEED/DIRECTION    47/270    DATE  01/13

SKY COVER
POSSIBLE SUNSHINE (PERCENT)   MM
AVERAGE SKY COVER           0.60
NUMBER OF DAYS FAIR            8
NUMBER OF DAYS PC             14
NUMBER OF DAYS CLOUDY          9

AVERAGE RH (PERCENT)     60

WEATHER CONDITIONS. NUMBER OF DAYS WITH
THUNDERSTORM              0     MIXED PRECIP               0
HEAVY RAIN                2     RAIN                       3
LIGHT RAIN                4     FREEZING RAIN              0
LT FREEZING RAIN          0     HAIL                       0
HEAVY SNOW                1     SNOW                       1
LIGHT SNOW               10     SLEET                      0
FOG                       8     FOG W/VIS <= 1/4 MILE      2
HAZE                      1

-  INDICATES NEGATIVE NUMBERS.
R  INDICATES RECORD WAS SET OR TIED.
MM INDICATES DATA IS MISSING.
T  INDICATES TRACE AMOUNT.

$$

SIPPRELL
