000
CXUS54 KLCH 010821
CLMBPT


CLIMATE REPORT
NATIONAL WEATHER SERVICE LAKE CHARLES, LA
319 AM CDT SUN OCT 1 2017

...................................

...THE BEAUMONT PORT ARTHUR CLIMATE SUMMARY FOR THE MONTH OF SEPTEMBER 2017...

CLIMATE NORMAL PERIOD 1981 TO 2010
CLIMATE RECORD PERIOD 1901 TO 2017

WEATHER         OBSERVED          NORMAL  DEPART  LAST YEAR`S
                 VALUE   DATE(S)  VALUE   FROM    VALUE  DATE(S)
                                          NORMAL
................................................................
TEMPERATURE (F)
RECORD
 HIGH             105   09/04/2000
 LOW               45   09/29/1967
HIGHEST            93   09/28        MM      MM       MM  MM
                        09/27
                        09/19
LOWEST             58   09/12        MM      MM       MM  MM
AVG. MAXIMUM     89.5              88.2     1.3       MM
AVG. MINIMUM     69.1              69.7    -0.6       MM
MEAN             79.3              79.0     0.3       MM
DAYS MAX >= 90     18              12.1     5.9       MM
DAYS MAX <= 32      0               0.0     0.0       MM
DAYS MIN <= 32      0               0.0     0.0       MM
DAYS MIN <= 0       0               0.0     0.0       MM

PRECIPITATION (INCHES)
RECORD
 MAXIMUM        21.96   1980
 MINIMUM         0.21   1912
TOTALS           2.57              5.97   -3.40       MM
DAILY AVG.       0.09              0.20   -0.11       MM
DAYS >= .01         4               8.9    -4.9       MM
DAYS >= .10         2               6.9    -4.9       MM
DAYS >= .50         2               3.3    -1.3       MM
DAYS >= 1.00        1               1.5    -0.5       MM
GREATEST
 24 HR. TOTAL    1.88   09/21 TO 09/21

DEGREE_DAYS
HEATING TOTAL       0                 1      -1       MM
 SINCE 7/1          0                 1      -1       MM
COOLING TOTAL     436               419      17       MM
 SINCE 1/1       2729              2586     143       MM
.................................................................

WIND (MPH)
AVERAGE WIND SPEED              5.9
HIGHEST WIND SPEED/DIRECTION    23/260    DATE  09/21
HIGHEST GUST SPEED/DIRECTION    33/280    DATE  09/21

SKY COVER
POSSIBLE SUNSHINE (PERCENT)   MM
AVERAGE SKY COVER           0.10
NUMBER OF DAYS FAIR           27
NUMBER OF DAYS PC              2
NUMBER OF DAYS CLOUDY          0

AVERAGE RH (PERCENT)     71

WEATHER CONDITIONS. NUMBER OF DAYS WITH
THUNDERSTORM              0     MIXED PRECIP               0
HEAVY RAIN                2     RAIN                       2
LIGHT RAIN                5     FREEZING RAIN              0
LT FREEZING RAIN          0     HAIL                       0
HEAVY SNOW                0     SNOW                       0
LIGHT SNOW                0     SLEET                      0
FOG                      19     FOG W/VIS <= 1/4 MILE      4
HAZE                      2

-  INDICATES NEGATIVE NUMBERS.
R  INDICATES RECORD WAS SET OR TIED.
MM INDICATES DATA IS MISSING.
T  INDICATES TRACE AMOUNT.

$$
