000
CXUS53 KDVN 011114 CCA
CLMBRL

CLIMATE REPORT
NATIONAL WEATHER SERVICE QUAD CITIES IA IL
429 AM CST SUN MAR 1 2015

...................................

...THE BURLINGTON IA CLIMATE SUMMARY FOR THE MONTH OF FEBRUARY 2015...

CLIMATE NORMAL PERIOD 1981 TO 2010
CLIMATE RECORD PERIOD 1897 TO 2015

WEATHER         OBSERVED          NORMAL  DEPART
                 VALUE   DATE(S)  VALUE   FROM
                                          NORMAL
................................................
TEMPERATURE (F)
RECORD
 HIGH              76   02/24/1930
 LOW              -27   02/13/1905
HIGHEST            46   02/07        44       2
LOWEST            -15   02/27        18     -33
AVG. MAXIMUM     26.5              38.9   -12.4
AVG. MINIMUM      7.7              21.3   -13.6
MEAN             17.1              30.1   -13.0
DAYS MAX >= 90      0
DAYS MAX <= 32     18
DAYS MIN <= 32     28
DAYS MIN <= 0       6

PRECIPITATION (INCHES)
TOTALS           0.88              1.62   -0.74
DAILY AVG.       0.03              0.06   -0.03
DAYS >= .01         4
DAYS >= .10         4
DAYS >= .50         0
DAYS >= 1.00        0
GREATEST
 24 HR. TOTAL    0.85   01/31 TO 02/01

DEGREE_DAYS
HEATING TOTAL    1331               977     354
 SINCE 7/1       4931              4378     553
COOLING TOTAL       0                 0       0
 SINCE 1/1          0                 0       0
.................................................

WIND (MPH)
AVERAGE WIND SPEED              9.4
HIGHEST WIND SPEED/DIRECTION    31/360    DATE  02/14
HIGHEST GUST SPEED/DIRECTION    42/360    DATE  02/14

SKY COVER
POSSIBLE SUNSHINE (PERCENT)   MM
AVERAGE SKY COVER           0.40
NUMBER OF DAYS FAIR            9
NUMBER OF DAYS PC             13
NUMBER OF DAYS CLOUDY          6

AVERAGE RH (PERCENT)     74

WEATHER CONDITIONS. NUMBER OF DAYS WITH
THUNDERSTORM              0     HAIL                       0
SLEET                     0     FOG                       14
FOG W/VIS <= 1/4 MILE     1     HAZE                      10

-  INDICATES NEGATIVE NUMBERS.
R  INDICATES RECORD WAS SET OR TIED.
MM INDICATES DATA IS MISSING.
T  INDICATES TRACE AMOUNT.

$$
===================================================================

NOTE: SUPPLEMENTAL CLIMATE DATA WAS USED FROM A NEARBY
CLIMATOLOGICALLY REPRESENTATIVE STATION.

===================================================================

PARAMETER   DATE
---------   ----
   WTR      02/25,02/26
