000
CXAK59 PABR 010909
CLMBRW

CLIMATE REPORT
NATIONAL WEATHER SERVICE BARROW, AK
109 AM AKDT MON AUG 1 2016

...................................

...THE BARROW WSO AP CLIMATE SUMMARY FOR THE MONTH OF JULY 2016...

CLIMATE NORMAL PERIOD 1981 TO 2010
CLIMATE RECORD PERIOD 1915 TO 2016

WEATHER         OBSERVED          NORMAL  DEPART  LAST YEAR`S
                 VALUE   DATE(S)  VALUE   FROM    VALUE  DATE(S)
                                          NORMAL
................................................................
TEMPERATURE (F)
RECORD
 HIGH              79   7/13/1993
 LOW               22   7/05/1936
HIGHEST            66   7/13         65       1      64  7/05
LOWEST             30                28       2      31  7/30
AVG. MAXIMUM       51.1              46.9     4.2    45.4
AVG. MINIMUM       36.4              34.8     1.6    35.6
MEAN               43.8              40.9     2.8    40.5
DAYS MAX >= 90      0                 0.0     0.0     0
DAYS MAX <= 32      0                 0.0    -0.0     0
DAYS MAX >= 80      0                 0.0     0.0     0
DAYS MAX >= 70      0                 0.4    -0.4     0
DAYS MIN <= 32      6                10.6    -4.6     4
DAYS MIN <= 0       0                 0.0     0.0     0

PRECIPITATION (INCHES)
RECORD
 MAXIMUM            3.19   1989
 MINIMUM            0.00   1937
TOTALS              0.79              0.98   -0.19    0.22
DAILY AVG.          0.03              0.03    0.00    0.01
DAYS >= .01         8                 9.1    -1.1     5
DAYS >= .10         4                 3.2     0.8     1
DAYS >= .50         0                 0.1    -0.1     0
DAYS >= 1.0         0                 0.1    -0.1     0
GREATEST
 24 HR TOTAL        0.24   7/27                       0.12  7/31

SNOWFALL (INCHES)
RECORDS
 TOTAL              9.0   1922
 24 HR TOTAL        6.0   7-29-1922
 SNOW DEPTH         9     7-03-2015
TOTALS              0.0               0.2    -0.2     0.0
SINCE 7/1           T                 0.2    -0.2     0.0
SNOWDEPTH AVG.      0                 0       0       0
DAYS >= TRACE       7                 3.3     3.7     1
DAYS >= 1.0         0                 0.0    -0.0     0
DAYS >= 6.0         0                 0.0     0.0     0
GREATEST
 SNOW DEPTH         0   MM                            9  7/03
 24 HR TOTAL        T   7/30                          T  7/28

DEGREE_DAYS
HEATING TOTAL     653               747     -94     751
 SINCE 7/1        653               747     -94     751
COOLING TOTAL       0                 0       0       0
 SINCE 1/1          0                 0       0       0
................................................................

WIND (MPH)
AVERAGE WIND SPEED               12.1
HIGHEST WIND SPEED/DIRECTION     30/220    DATE   07/16
HIGHEST GUST SPEED/DIRECTION     40/210    DATE   07/31

SKY COVER
POSSIBLE SUNSHINE (PERCENT)   MM
AVERAGE SKY COVER             MM
NUMBER OF DAYS FAIR           MM
NUMBER OF DAYS PC             MM
NUMBER OF DAYS CLOUDY         MM

AVERAGE RH (PERCENT)          MM

WEATHER CONDITIONS. NUMBER OF DAYS WITH
THUNDERSTORM              1     ICE PELLETS                 0
RAIN                     17     GLAZE                       0
DRIZZLE                   1     HAIL                        0
SNOW                      7     HAZE                        6
FOG                      10     FOG W/VIS <= 1/4 MILE      17
BLOWING SNOW              0


-  INDICATES NEGATIVE NUMBERS.
R  INDICATES RECORD WAS SET OR TIED.
MM INDICATES DATA IS MISSING.
T  INDICATES TRACE AMOUNT.

&&

JULY 2015 WAS THE 10TH WARMEST JULY ON RECORD AND THE 47TH WETTEST

$$
*** AUG 16
