000
CXUS54 KLIX 120405
CLMBTR


CLIMATE REPORT
NATIONAL WEATHER SERVICE NEW ORLEANS
955 PM CST WED FEB 11 2015

...................................

...THE BATON ROUGE  ASOS CLIMATE SUMMARY FOR THE MONTH OF JANUARY 2015...

CLIMATE NORMAL PERIOD 1981 TO 2010
CLIMATE RECORD PERIOD 1894 TO 2015

WEATHER         OBSERVED          NORMAL  DEPART  LAST YEAR`S
                 VALUE   DATE(S)  VALUE   FROM    VALUE  DATE(S)
                                          NORMAL
................................................................
TEMPERATURE (F)
RECORD
 HIGH              85   MM
 LOW                9   MM
HIGHEST            78   01/29        MM      MM       71  01/11
LOWEST             20   01/08        MM      MM       17  01/30
AVG. MAXIMUM     60.1              62.3    -2.2     57.1
AVG. MINIMUM     37.8              41.2    -3.4     31.8
MEAN             48.9              51.7    -2.8     44.4
DAYS MAX >= 90      0               0.0     0.0        0
DAYS MAX <= 32      0               0.0     0.0        1
DAYS MIN <= 32      8               6.3     1.7       16
DAYS MIN <= 0       0               0.0     0.0        0

PRECIPITATION (INCHES)
RECORD
 MAXIMUM           MM   MM
 MINIMUM           MM   MM
TOTALS           6.37              5.72    0.65     2.09
DAILY AVG.       0.21              0.18    0.03     0.07
DAYS >= .01         8               9.9    -1.9        9
DAYS >= .10         4               6.9    -2.9        8
DAYS >= .50         2               3.3    -1.3        0
DAYS >= 1.00        2               1.9     0.1        0
GREATEST
 24 HR. TOTAL    3.52   01/03 TO 01/03           01/10 TO 01/11
                                                          01/11 TO 01/11
                                                          01/11 TO 01/11

SNOWFALL (INCHES)
RECORDS
 TOTAL             MM   MM
 24 HR TOTAL       MM
 SNOW DEPTH        MM   MM
TOTALS              T                 T     0.0      0.4
SINCE 7/1           T                 T     0.0      0.4
SNOWDEPTH AVG.      0                MM      MM        0
DAYS >= TRACE       1               0.0     1.0        2
DAYS >= 1.0         0               0.0     0.0        0
GREATEST
 SNOW DEPTH         0   MM                             0  MM
 24 HR TOTAL        T   01/09 TO 01/09           01/11 TO 01/11
                                                          01/11 TO 01/11
                                                          01/11 TO 01/11

DEGREE_DAYS
HEATING TOTAL     493               424      69      630
 SINCE 7/1       1118              1040      78     1354
COOLING TOTAL       1                13     -12        0
 SINCE 1/1          1                 3      -2        0
..................................................

WIND (MPH)
AVERAGE WIND SPEED              6.2
HIGHEST WIND SPEED/DIRECTION    30/240    DATE  01/03
HIGHEST GUST SPEED/DIRECTION    33/050    DATE  01/22

SKY COVER
POSSIBLE SUNSHINE (PERCENT)   MM
AVERAGE SKY COVER           0.40
NUMBER OF DAYS FAIR           19
NUMBER OF DAYS PC              3
NUMBER OF DAYS CLOUDY          9

AVERAGE RH (PERCENT)     67

WEATHER CONDITIONS. NUMBER OF DAYS WITH
THUNDERSTORM              0     MIXED PRECIP               0
HEAVY RAIN                3     RAIN                       2
LIGHT RAIN               11     FREEZING RAIN              0
LT FREEZING RAIN          0     HAIL                       0
HEAVY SNOW                0     SNOW                       0
LIGHT SNOW                1     SLEET                      0
FOG                      15     FOG W/VIS <= 1/4 MILE      2
HAZE                      3

-  INDICATES NEGATIVE NUMBERS.
R  INDICATES RECORD WAS SET OR TIED.
MM INDICATES DATA IS MISSING.
T  INDICATES TRACE AMOUNT.

$$
