000
CXUS51 KBTV 150524
CLMBTV


CLIMATE REPORT
NATIONAL WEATHER SERVICE BURLINGTON VT
124 AM EDT SUN OCT 15 2017

...................................

...THE BURLINGTON VT CLIMATE SUMMARY FOR THE MONTH OF SEPTEMBER 2017...

CLIMATE NORMAL PERIOD 1981 TO 2010
CLIMATE RECORD PERIOD 1884 TO 2017

WEATHER         OBSERVED          NORMAL  DEPART  LAST YEAR`S
                 VALUE   DATE(S)  VALUE   FROM    VALUE  DATE(S)
                                          NORMAL
................................................................
TEMPERATURE (F)
RECORD
 HIGH              98   09/09/2002
 LOW               25   09/24/1963
                        09/29/1914
HIGHEST            92   09/25        69      23       88  09/07
LOWEST             41   09/30        49      -8       38  09/26
                        09/02                             09/25
AVG. MAXIMUM     75.9              70.4     5.5     76.8
AVG. MINIMUM     55.5              50.7     4.8     54.7
MEAN             65.7              60.5     5.2     65.7
DAYS MAX >= 90      4               0.3     3.7        0
DAYS MAX <= 32      0               0.0     0.0        0
DAYS MIN <= 32      0               0.4    -0.4        0
DAYS MIN <= 0       0               0.0     0.0        0

PRECIPITATION (INCHES)
RECORD
 MAXIMUM        10.25   1999
 MINIMUM         0.68   1927
TOTALS           2.79              3.64   -0.85     1.39
DAILY AVG.       0.09              0.12   -0.03     0.05
DAYS >= .01         8              11.3    -3.3        8
DAYS >= .10         5               6.5    -1.5        5
DAYS >= .50         2               2.2    -0.2        1
DAYS >= 1.00        1               0.9     0.1        0
GREATEST
 24 HR. TOTAL    1.04   09/05 TO 09/05           09/23 TO 09/23
                                                          09/30 TO 09/30
                                                          09/30 TO 09/30
 STORM TOTAL       MM                                 MM
 (MM/DD(HH))            MM                    09/23(00) TO 09/23(00)
                                                 09/30(00) TO 09/30(00)0
                                                 09/30(00) TO 09/30(00)0

DEGREE_DAYS
HEATING TOTAL      86               175     -89       79
 SINCE 7/1        109               217    -108       84
COOLING TOTAL     114                41      73      108
 SINCE 1/1        631               489     142      852
.................................................

WIND (MPH)
AVERAGE WIND SPEED              5.0
HIGHEST WIND SPEED/DIRECTION    26/330    DATE  09/01
HIGHEST GUST SPEED/DIRECTION    33/330    DATE  09/01

SKY COVER
POSSIBLE SUNSHINE (PERCENT)   MM
AVERAGE SKY COVER           0.50
NUMBER OF DAYS FAIR           11
NUMBER OF DAYS PC             14
NUMBER OF DAYS CLOUDY          5

AVERAGE RH (PERCENT)     73

WEATHER CONDITIONS. NUMBER OF DAYS WITH
THUNDERSTORM              0     MIXED PRECIP               0
HEAVY RAIN                2     RAIN                       3
LIGHT RAIN                8     FREEZING RAIN              0
LT FREEZING RAIN          0     HAIL                       0
HEAVY SNOW                0     SNOW                       0
LIGHT SNOW                0     SLEET                      0
FOG                      12     FOG W/VIS <= 1/4 MILE      2
HAZE                      0

-  INDICATES NEGATIVE NUMBERS.
R  INDICATES RECORD WAS SET OR TIED.
MM INDICATES DATA IS MISSING.
T  INDICATES TRACE AMOUNT.

$$
