000
CXUS46 KLOX 012220
CLMBUR


CLIMATE REPORT
NATIONAL WEATHER SERVICE LOS ANGELES/OXNARD CA
320 PM PDT SUN OCT 1 2017

...................................

...THE BOB HOPE AIRPORT (BURBANK) CA CLIMATE SUMMARY FOR THE MONTH OF SEPTEMBER 2017...

CLIMATE NORMAL PERIOD 1981 TO 2010
CLIMATE RECORD PERIOD 1939 TO 2017

WEATHER         OBSERVED          NORMAL  DEPART  LAST YEAR`S
                 VALUE   DATE(S)  VALUE   FROM    VALUE
                                          NORMAL
.............................................................
TEMPERATURE (F)
HIGHEST           107   09/01
LOWEST             54   09/24
                        09/23
                        09/22
AVG. MAXIMUM     85.2              86.1    -0.9
AVG. MINIMUM     64.1              60.1     4.0
MEAN             74.6              73.1     1.5
DAYS MAX >= 90      9
DAYS MAX <= 32      0
DAYS MIN <= 32      0
DAYS MIN <= 0       0

PRECIPITATION (INCHES)
TOTALS           0.05              0.23   -0.18
DAILY AVG.       0.00
DAYS >= .01         2
DAYS >= .10         0
DAYS >= .50         0
DAYS >= 1.00        0
GREATEST
 24 HR. TOTAL    0.03   09/03 TO 09/03

DEGREE_DAYS
HEATING TOTAL       3                 6      -3        1
 SINCE 7/1          3                 6      -3        1
COOLING TOTAL     299               249      50      281
 SINCE 1/1       1627              1131     496     1494
..............................................................

WIND (MPH)
AVERAGE WIND SPEED              5.3
HIGHEST WIND SPEED/DIRECTION    18/360    DATE  09/01
HIGHEST GUST SPEED/DIRECTION    24/080    DATE  09/07

SKY COVER
POSSIBLE SUNSHINE (PERCENT)   MM
AVERAGE SKY COVER           0.20
NUMBER OF DAYS FAIR           21
NUMBER OF DAYS PC              8
NUMBER OF DAYS CLOUDY          1

AVERAGE RH (PERCENT)     54

WEATHER CONDITIONS. NUMBER OF DAYS WITH
THUNDERSTORM              0     MIXED PRECIP               0
HEAVY RAIN                0     RAIN                       0
LIGHT RAIN                3     FREEZING RAIN              0
LT FREEZING RAIN          0     HAIL                       0
HEAVY SNOW                0     SNOW                       0
LIGHT SNOW                0     SLEET                      0
FOG                       2     FOG W/VIS <= 1/4 MILE      0
HAZE                     11

-  INDICATES NEGATIVE NUMBERS.
R  INDICATES RECORD WAS SET OR TIED.
MM INDICATES DATA IS MISSING.
T  INDICATES TRACE AMOUNT.

$$
