000
CXUS51 KCLE 011638
CLMCAK


CLIMATE REPORT
NATIONAL WEATHER SERVICE CLEVELAND OH
1237 PM EDT WED NOV 1 2017

...................................

...THE AKRON CANTON OH CLIMATE SUMMARY FOR THE MONTH OF OCTOBER 2017...

CLIMATE NORMAL PERIOD 1981 TO 2010
CLIMATE RECORD PERIOD 1887 TO 2017

WEATHER         OBSERVED          NORMAL  DEPART  LAST YEAR`S
                 VALUE   DATE(S)  VALUE   FROM    VALUE
                                          NORMAL
.............................................................
TEMPERATURE (F)
RECORD
 HIGH              89   10/01/1927
                        10/05/1922
 LOW               20   10/20/1952
HIGHEST            84   10/07
                        10/04
LOWEST             32   10/31
                        10/26
AVG. MAXIMUM     67.7              61.0     6.7     66.0
AVG. MINIMUM     48.7              42.5     6.2     47.0
MEAN             58.2              51.7     6.5     56.5
DAYS MAX >= 90      0               0.0     0.0        0
DAYS MAX <= 32      0               0.0     0.0        0
DAYS MIN <= 32      2               2.8    -0.8        0
DAYS MIN <= 0       0               0.0     0.0        0

PRECIPITATION (INCHES)
RECORD
 MAXIMUM         8.42   1954
 MINIMUM         0.22   1924
TOTALS           3.55              2.83    0.72     3.76
DAYS >= .01        14              10.9     3.1       13
DAYS >= .10         6               6.2    -0.2        5
DAYS >= .50         2               1.9     0.1        2
DAYS >= 1.00        1               0.4     0.6        1
GREATEST
 24 HR. TOTAL    1.35   10/08 TO 10/08              1.74

SNOWFALL (INCHES)
RECORDS
 TOTAL            6.8   1952
TOTALS            0.0               0.4    -0.4      0.0
SINCE 7/1         0.0               0.4    -0.4      0.0
DAYS >= 1.0         0               0.1    -0.1        0
GREATEST
 24 HR TOTAL      0.0   10/31 TO 10/31

DEGREE_DAYS
HEATING TOTAL     236               416    -180      277
 SINCE 7/1        311               555    -244      310
COOLING TOTAL      35                 6      29       21
 SINCE 1/1        926               652     274     1130
..............................................................

WIND (MPH)
AVERAGE WIND SPEED              8.5
HIGHEST WIND SPEED/DIRECTION    30/240    DATE  10/30
HIGHEST GUST SPEED/DIRECTION    40/250    DATE  10/30

SKY COVER
AVERAGE SKY COVER           0.60

AVERAGE RH (PERCENT)     68

WEATHER CONDITIONS. NUMBER OF DAYS WITH
THUNDERSTORM              0     MIXED PRECIP               0
HEAVY RAIN                6     RAIN                       5
LIGHT RAIN               12     FREEZING RAIN              0
LT FREEZING RAIN          0     HAIL                       0
HEAVY SNOW                0     SNOW                       0
LIGHT SNOW                0     SLEET                      0
FOG                      17     FOG W/VIS <= 1/4 MILE      4
HAZE                      6

-  INDICATES NEGATIVE NUMBERS.
R  INDICATES RECORD WAS SET OR TIED.
MM INDICATES DATA IS MISSING.
T  INDICATES TRACE AMOUNT.

$$
