000
CXUS55 KCYS 061513
CLMCDR


CLIMATE REPORT
NATIONAL WEATHER SERVICE CHEYENNE WY
913 AM MDT MON JUL 6 2015

...................................

...THE CHADRON NE AIRPORT CLIMATE SUMMARY FOR THE MONTH OF JUNE 2015...

CLIMATE NORMAL PERIOD 1981 TO 2010
CLIMATE RECORD PERIOD 1895 TO 2015

WEATHER         OBSERVED          NORMAL  DEPART  LAST YEAR`S
                 VALUE   DATE(S)  VALUE   FROM    VALUE
                                          NORMAL
.............................................................
TEMPERATURE (F)
RECORD
 HIGH             109   06/26/2012
 LOW               26   06/02/1969
HIGHEST            96   06/30        MM      MM       94
LOWEST             50   06/03        MM      MM       40
                        06/01
AVG. MAXIMUM     81.3              81.3     0.0     77.7
AVG. MINIMUM     56.5              50.5     6.0     49.9
MEAN             68.9              65.9     3.0     63.8
DAYS MAX >= 90      5               5.8                2
DAYS MAX <= 32      0               0.0                0
DAYS MIN <= 32      0               0.1                0
DAYS MIN <= 0       0               0.0                0

PRECIPITATION (INCHES)
RECORD
 MAXIMUM         7.96   1967
 MINIMUM         0.14   2000
TOTALS           3.68              3.24    0.44     2.75
DAYS >= .01        12               9.5     2.5       10
DAYS >= .10         8               6.3     1.7        7
DAYS >= .50         3               2.2     0.8        2
DAYS >= 1.00        0               0.6    -0.6        0
GREATEST
 24 HR. TOTAL    1.17   06/05 TO 06/06

DEGREE_DAYS
HEATING TOTAL       9                81     -72       83
 SINCE 7/1       6560              7146    -586     7293
COOLING TOTAL     133               108      25       54
 SINCE 1/1        133               128       5       85
..............................................................

WIND (MPH)
AVERAGE WIND SPEED              7.4
HIGHEST WIND SPEED/DIRECTION    35/010    DATE  06/17
HIGHEST GUST SPEED/DIRECTION    47/040    DATE  06/19

SKY COVER
POSSIBLE SUNSHINE (PERCENT)   MM
AVERAGE SKY COVER           0.30
NUMBER OF DAYS FAIR           19
NUMBER OF DAYS PC              8
NUMBER OF DAYS CLOUDY          3

AVERAGE RH (PERCENT)     71

WEATHER CONDITIONS. NUMBER OF DAYS WITH
THUNDERSTORM              0     MIXED PRECIP               0
HEAVY RAIN                5     RAIN                       6
LIGHT RAIN               14     FREEZING RAIN              0
LT FREEZING RAIN          0     HAIL                       0
HEAVY SNOW                0     SNOW                       0
LIGHT SNOW                0     SLEET                      0
FOG                      14     FOG W/VIS <= 1/4 MILE      1
HAZE                      1

-  INDICATES NEGATIVE NUMBERS.
R  INDICATES RECORD WAS SET OR TIED.
MM INDICATES DATA IS MISSING.
T  INDICATES TRACE AMOUNT.

$$
