196
CXUS54 KLUB 011434
CLMCDS


CLIMATE REPORT
NATIONAL WEATHER SERVICE LUBBOCK, TX
934 AM CDT FRI JUL 1 2016

...................................

...THE CHILDRESS CLIMATE SUMMARY FOR THE MONTH OF JUNE 2016...

CLIMATE NORMAL PERIOD 1981 TO 2010
CLIMATE RECORD PERIOD 1893 TO 2016

WEATHER         OBSERVED          NORMAL  DEPART  LAST YEAR`S
                 VALUE   DATE(S)  VALUE   FROM    VALUE  DATE(S)
                                          NORMAL
................................................................
TEMPERATURE (F)
RECORD
 HIGH             117   06/26/2011
                        06/27/1994
                        54/01/2206
 LOW               44   06/15/1893
HIGHEST           100   06/17                         98  06/10
LOWEST             61   06/05                         62  06/01
AVG. MAXIMUM     91.8              91.6     0.2     91.3
AVG. MINIMUM     68.9              66.4     2.5     68.6
MEAN             80.4              79.0     1.4     80.0

PRECIPITATION (INCHES)
RECORD
 MAXIMUM           MM   MM
 MINIMUM           MM   MM
TOTALS           3.91              3.95   -0.04     4.04
DAILY AVG.       0.13              0.13    0.00
DAYS >= .01         7                                  6
DAYS >= .10         6                                  5
DAYS >= .50         2                                  4
DAYS >= 1.00        1                                  2
GREATEST
 24 HR. TOTAL    2.79   06/01 TO 06/02

DEGREE_DAYS
HEATING TOTAL       0                 2      -2        0
 SINCE 7/1       2555              3117    -562
COOLING TOTAL     469               421      48      459
 SINCE 1/1        733               733       0
.................................................................

WIND (MPH)
AVERAGE WIND SPEED              10.0
HIGHEST WIND SPEED/DIRECTION    49/270    DATE  06/15
HIGHEST GUST SPEED/DIRECTION    59/270    DATE  06/15

SKY COVER
POSSIBLE SUNSHINE (PERCENT)   MM
AVERAGE SKY COVER           0.10
NUMBER OF DAYS FAIR           25
NUMBER OF DAYS PC              3
NUMBER OF DAYS CLOUDY          2

AVERAGE RH (PERCENT)     63

WEATHER CONDITIONS. NUMBER OF DAYS WITH
THUNDERSTORM              0     MIXED PRECIP               0
HEAVY RAIN                3     RAIN                       5
LIGHT RAIN                8     FREEZING RAIN              0
LT FREEZING RAIN          0     HAIL                       0
HEAVY SNOW                0     SNOW                       0
LIGHT SNOW                0     SLEET                      0
FOG                       8     FOG W/VIS <= 1/4 MILE      0
HAZE                      8

-  INDICATES NEGATIVE NUMBERS.
R  INDICATES RECORD WAS SET OR TIED.
MM INDICATES DATA IS MISSING.
T  INDICATES TRACE AMOUNT.

$$
